{"id":111,"date":"2019-05-14T17:58:43","date_gmt":"2019-05-14T17:58:43","guid":{"rendered":"http:\/\/historisches-kirchhellen.de\/?page_id=111"},"modified":"2020-12-08T19:02:53","modified_gmt":"2020-12-08T17:02:53","slug":"historische-karte","status":"publish","type":"page","link":"https:\/\/historisches-kirchhellen.de\/?page_id=111","title":{"rendered":"Historische Karte"},"content":{"rendered":"\n<p>Durch Klicken in die Karte unten ist eine Karte zu erreichen, auf der alle (Wohn)geb\u00e4ude eingezeichnet sind, die um 1915 in Kirchhellen standen. Grundlage f\u00fcr die Karte ist das Adressverzeichnis von 1914.&nbsp;<\/p>\n\n\n\n<p><strong>Kartenlegende:<\/strong><br>Schwarzes Symbol: Geb\u00e4ude steht heute noch<br>Rotes Symbol: Geb\u00e4ude ist abgebrochen<br>Graues Symbol: Es ist unbekannt, ob das Geb\u00e4ude heute noch steht.<br><br>Es werden zu allen verzeichneten Geb\u00e4uden noch Informationen (Baujahr, Abbruchjahr, fr\u00fchere Bewohner) und Bilder (historische sowie aktuelle Fotos) gesucht. Wenn Sie weiterhelfen k\u00f6nnen, schreiben Sie doch bitte eine Mail an kontakt@historisches-kirchhellen.de&nbsp;<\/p>\n\n\n\n<p>Die Karte wird laufend weiterentwickelt. Durch Klick in die untere Karte gelangen Sie in einem neuen Fenster zur Google-MyMaps-Karte.<\/p>\n\n\n\n<figure class=\"wp-block-image\"><a href=\"https:\/\/www.google.com\/maps\/d\/viewer?mid=1ord-O_OfBX7qYwgHlcc30alBR_ZR6Ctn&amp;ll=51.60369355413799%2C6.918618736584563&amp;z=12\"><img loading=\"lazy\" decoding=\"async\" width=\"1024\" height=\"716\" src=\"http:\/\/historisches-kirchhellen.de\/wp-content\/uploads\/2019\/05\/Karte-1024x716.jpg\" alt=\"\" class=\"wp-image-113\" srcset=\"https:\/\/historisches-kirchhellen.de\/wp-content\/uploads\/2019\/05\/Karte-1024x716.jpg 1024w, https:\/\/historisches-kirchhellen.de\/wp-content\/uploads\/2019\/05\/Karte-300x210.jpg 300w, https:\/\/historisches-kirchhellen.de\/wp-content\/uploads\/2019\/05\/Karte-768x537.jpg 768w, https:\/\/historisches-kirchhellen.de\/wp-content\/uploads\/2019\/05\/Karte.jpg 1355w\" sizes=\"auto, (max-width: 1024px) 100vw, 1024px\" \/><\/a><\/figure>\n","protected":false},"excerpt":{"rendered":"<p>Durch Klicken in die Karte unten ist eine Karte zu erreichen, auf der alle (Wohn)geb\u00e4ude eingezeichnet sind, die um 1915 in Kirchhellen standen. Grundlage f\u00fcr &hellip; <\/p>\n","protected":false},"author":1,"featured_media":0,"parent":48,"menu_order":4,"comment_status":"closed","ping_status":"closed","template":"","meta":{"_acf_changed":false,"footnotes":""},"class_list":["post-111","page","type-page","status-publish","hentry"],"acf":[],"jetpack_sharing_enabled":true,"_links":{"self":[{"href":"https:\/\/historisches-kirchhellen.de\/index.php?rest_route=\/wp\/v2\/pages\/111","targetHints":{"allow":["GET"]}}],"collection":[{"href":"https:\/\/historisches-kirchhellen.de\/index.php?rest_route=\/wp\/v2\/pages"}],"about":[{"href":"https:\/\/historisches-kirchhellen.de\/index.php?rest_route=\/wp\/v2\/types\/page"}],"author":[{"embeddable":true,"href":"https:\/\/historisches-kirchhellen.de\/index.php?rest_route=\/wp\/v2\/users\/1"}],"replies":[{"embeddable":true,"href":"https:\/\/historisches-kirchhellen.de\/index.php?rest_route=%2Fwp%2Fv2%2Fcomments&post=111"}],"version-history":[{"count":0,"href":"https:\/\/historisches-kirchhellen.de\/index.php?rest_route=\/wp\/v2\/pages\/111\/revisions"}],"up":[{"embeddable":true,"href":"https:\/\/historisches-kirchhellen.de\/index.php?rest_route=\/wp\/v2\/pages\/48"}],"wp:attachment":[{"href":"https:\/\/historisches-kirchhellen.de\/index.php?rest_route=%2Fwp%2Fv2%2Fmedia&parent=111"}],"curies":[{"name":"wp","href":"https:\/\/api.w.org\/{rel}","templated":true}]}}