{"id":1202,"date":"2019-09-01T16:34:31","date_gmt":"2019-09-01T16:34:31","guid":{"rendered":"http:\/\/historisches-kirchhellen.de\/?page_id=1202"},"modified":"2019-09-01T16:34:31","modified_gmt":"2019-09-01T16:34:31","slug":"bleylevens-kreuz","status":"publish","type":"page","link":"https:\/\/historisches-kirchhellen.de\/?page_id=1202","title":{"rendered":"Bleylevens Kreuz"},"content":{"rendered":"\n<p>Auf der Kevelaer-Wallfahrt 1987 erw\u00e4hnte Pastor Bischof, dass Kirchhellen-Mitte wenige Wegekreuze habe. Das griff ein kleiner Kreis der Wallfahrer auf, zu dem Heinrich Bleyleven geh\u00f6rte. Dieser erkl\u00e4rte sich spontan bereit, ein Pl\u00e4tzchen f\u00fcr ein Kreuz zur Verf\u00fcgung zu stellen. Hierf\u00fcr eignete sich vorz\u00fcglich das kleine neue Baugebiet Schulstra\u00dfe, das durch eine Stichstra\u00dfe erschlossen wurde. Dann erkl\u00e4rte sich der Schreinermeister Bernhard Schl\u00fcter bereit, den Korpus zu schnitzen. Das Holzkreuz selbst mit der \u00dcberdachung versprach Gunther Kluger zu fertigen. Bald ging man ans Werk, und im Mai 1988 konnte anl\u00e4sslich einer dort abgehaltenen Maiandacht das Denkmal eingeweiht werden.<\/p>\n\n\n\n<figure class=\"wp-block-image\"><a href=\"http:\/\/historisches-kirchhellen.de\/wp-content\/uploads\/2019\/09\/00843-Bleyleven.jpg\"><img loading=\"lazy\" decoding=\"async\" width=\"701\" height=\"1024\" src=\"http:\/\/historisches-kirchhellen.de\/wp-content\/uploads\/2019\/09\/00843-Bleyleven-701x1024.jpg\" alt=\"\" class=\"wp-image-1203\" srcset=\"https:\/\/historisches-kirchhellen.de\/wp-content\/uploads\/2019\/09\/00843-Bleyleven-701x1024.jpg 701w, https:\/\/historisches-kirchhellen.de\/wp-content\/uploads\/2019\/09\/00843-Bleyleven-205x300.jpg 205w, https:\/\/historisches-kirchhellen.de\/wp-content\/uploads\/2019\/09\/00843-Bleyleven-768x1122.jpg 768w, https:\/\/historisches-kirchhellen.de\/wp-content\/uploads\/2019\/09\/00843-Bleyleven.jpg 1095w\" sizes=\"auto, (max-width: 701px) 100vw, 701px\" \/><\/a><\/figure>\n\n\n\n<p><em>Textquelle: abge\u00e4ndert nach Schriftenreihe Nr. 19 des Vereins f\u00fcr Orts- und Heimatkunde Kirchhellen<\/em><\/p>\n","protected":false},"excerpt":{"rendered":"<p>Auf der Kevelaer-Wallfahrt 1987 erw\u00e4hnte Pastor Bischof, dass Kirchhellen-Mitte wenige Wegekreuze habe. Das griff ein kleiner Kreis der Wallfahrer auf, zu dem Heinrich Bleyleven geh\u00f6rte. &hellip; <\/p>\n","protected":false},"author":1,"featured_media":0,"parent":118,"menu_order":8,"comment_status":"closed","ping_status":"closed","template":"","meta":{"_acf_changed":false,"footnotes":""},"class_list":["post-1202","page","type-page","status-publish","hentry"],"acf":[],"jetpack_sharing_enabled":true,"_links":{"self":[{"href":"https:\/\/historisches-kirchhellen.de\/index.php?rest_route=\/wp\/v2\/pages\/1202","targetHints":{"allow":["GET"]}}],"collection":[{"href":"https:\/\/historisches-kirchhellen.de\/index.php?rest_route=\/wp\/v2\/pages"}],"about":[{"href":"https:\/\/historisches-kirchhellen.de\/index.php?rest_route=\/wp\/v2\/types\/page"}],"author":[{"embeddable":true,"href":"https:\/\/historisches-kirchhellen.de\/index.php?rest_route=\/wp\/v2\/users\/1"}],"replies":[{"embeddable":true,"href":"https:\/\/historisches-kirchhellen.de\/index.php?rest_route=%2Fwp%2Fv2%2Fcomments&post=1202"}],"version-history":[{"count":0,"href":"https:\/\/historisches-kirchhellen.de\/index.php?rest_route=\/wp\/v2\/pages\/1202\/revisions"}],"up":[{"embeddable":true,"href":"https:\/\/historisches-kirchhellen.de\/index.php?rest_route=\/wp\/v2\/pages\/118"}],"wp:attachment":[{"href":"https:\/\/historisches-kirchhellen.de\/index.php?rest_route=%2Fwp%2Fv2%2Fmedia&parent=1202"}],"curies":[{"name":"wp","href":"https:\/\/api.w.org\/{rel}","templated":true}]}}

<p>Auf der Kevelaer-Wallfahrt 1987 erwähnte Pastor Bischof, dass Kirchhellen-Mitte wenige Wegekreuze habe. Das griff ein kleiner Kreis der Wallfahrer auf, zu dem Heinrich Bleyleven gehörte. Dieser erklärte sich spontan bereit, ein Plätzchen für ein Kreuz zur Verfügung zu stellen. Hierfür eignete sich vorzüglich das kleine neue Baugebiet Schulstraße, das durch eine Stichstraße erschlossen wurde. Dann erklärte sich der Schreinermeister Bernhard Schlüter bereit, den Korpus zu schnitzen. Das Holzkreuz selbst mit der Überdachung versprach Gunther Kluger zu fertigen. Bald ging man ans Werk, und im Mai 1988 konnte anlässlich einer dort abgehaltenen Maiandacht das Denkmal eingeweiht werden.</p>



<figure class="wp-block-image"><a href="http://historisches-kirchhellen.de/wp-content/uploads/2019/09/00843-Bleyleven.jpg"><img loading="lazy" decoding="async" width="701" height="1024" src="http://historisches-kirchhellen.de/wp-content/uploads/2019/09/00843-Bleyleven-701x1024.jpg" alt="" class="wp-image-1203" srcset="https://historisches-kirchhellen.de/wp-content/uploads/2019/09/00843-Bleyleven-701x1024.jpg 701w, https://historisches-kirchhellen.de/wp-content/uploads/2019/09/00843-Bleyleven-205x300.jpg 205w, https://historisches-kirchhellen.de/wp-content/uploads/2019/09/00843-Bleyleven-768x1122.jpg 768w, https://historisches-kirchhellen.de/wp-content/uploads/2019/09/00843-Bleyleven.jpg 1095w" sizes="auto, (max-width: 701px) 100vw, 701px" /></a></figure>



<p><em>Textquelle: abgeändert nach Schriftenreihe Nr. 19 des Vereins für Orts- und Heimatkunde Kirchhellen</em></p>

<p>Auf der Kevelaer-Wallfahrt 1987 erwähnte Pastor Bischof, dass Kirchhellen-Mitte wenige Wegekreuze habe. Das griff ein kleiner Kreis der Wallfahrer auf, zu dem Heinrich Bleyleven gehörte. &hellip; </p>
