{"id":1223,"date":"2019-09-01T16:55:59","date_gmt":"2019-09-01T16:55:59","guid":{"rendered":"http:\/\/historisches-kirchhellen.de\/?page_id=1223"},"modified":"2019-09-01T16:56:00","modified_gmt":"2019-09-01T16:56:00","slug":"kreuz-grasedieck","status":"publish","type":"page","link":"https:\/\/historisches-kirchhellen.de\/?page_id=1223","title":{"rendered":"Kreuz Grasedieck"},"content":{"rendered":"\n<p>Eins der idyllischsten Fleckchen Feldhausens ist der Bereich der alten Schlossm\u00fchle. Das M\u00fchlengeb\u00e4ude wurde von der Familie Josef Grasedieck bewohnt. Grasedieck hat sich durch seine Bildhauerei einen Namen gemacht. Daher ist es nicht verwunderlich, dass er als Bildhauer seinen Hof mit einem selbst geschnitzten Kruzifix versehen hat. Es stellt sozusagen das Hauszeichen dar.<\/p>\n\n\n\n<div class=\"wp-block-image\"><figure class=\"aligncenter\"><a href=\"http:\/\/historisches-kirchhellen.de\/wp-content\/uploads\/2019\/08\/06194.jpg\"><img loading=\"lazy\" decoding=\"async\" width=\"200\" height=\"300\" src=\"http:\/\/historisches-kirchhellen.de\/wp-content\/uploads\/2019\/08\/06194-200x300.jpg\" alt=\"\" class=\"wp-image-1158\" srcset=\"https:\/\/historisches-kirchhellen.de\/wp-content\/uploads\/2019\/08\/06194-200x300.jpg 200w, https:\/\/historisches-kirchhellen.de\/wp-content\/uploads\/2019\/08\/06194-768x1152.jpg 768w, https:\/\/historisches-kirchhellen.de\/wp-content\/uploads\/2019\/08\/06194-683x1024.jpg 683w\" sizes=\"auto, (max-width: 200px) 100vw, 200px\" \/><\/a><\/figure><\/div>\n\n\n\n<p><em>Textquelle: abge\u00e4ndert nach Schriftenreihe Nr. 19 des Vereins f\u00fcr Orts- und Heimatkunde Kirchhellen<\/em><\/p>\n","protected":false},"excerpt":{"rendered":"<p>Eins der idyllischsten Fleckchen Feldhausens ist der Bereich der alten Schlossm\u00fchle. Das M\u00fchlengeb\u00e4ude wurde von der Familie Josef Grasedieck bewohnt. Grasedieck hat sich durch seine &hellip; <\/p>\n","protected":false},"author":1,"featured_media":0,"parent":118,"menu_order":15,"comment_status":"closed","ping_status":"closed","template":"","meta":{"_acf_changed":false,"footnotes":""},"class_list":["post-1223","page","type-page","status-publish","hentry"],"acf":[],"jetpack_sharing_enabled":true,"_links":{"self":[{"href":"https:\/\/historisches-kirchhellen.de\/index.php?rest_route=\/wp\/v2\/pages\/1223","targetHints":{"allow":["GET"]}}],"collection":[{"href":"https:\/\/historisches-kirchhellen.de\/index.php?rest_route=\/wp\/v2\/pages"}],"about":[{"href":"https:\/\/historisches-kirchhellen.de\/index.php?rest_route=\/wp\/v2\/types\/page"}],"author":[{"embeddable":true,"href":"https:\/\/historisches-kirchhellen.de\/index.php?rest_route=\/wp\/v2\/users\/1"}],"replies":[{"embeddable":true,"href":"https:\/\/historisches-kirchhellen.de\/index.php?rest_route=%2Fwp%2Fv2%2Fcomments&post=1223"}],"version-history":[{"count":0,"href":"https:\/\/historisches-kirchhellen.de\/index.php?rest_route=\/wp\/v2\/pages\/1223\/revisions"}],"up":[{"embeddable":true,"href":"https:\/\/historisches-kirchhellen.de\/index.php?rest_route=\/wp\/v2\/pages\/118"}],"wp:attachment":[{"href":"https:\/\/historisches-kirchhellen.de\/index.php?rest_route=%2Fwp%2Fv2%2Fmedia&parent=1223"}],"curies":[{"name":"wp","href":"https:\/\/api.w.org\/{rel}","templated":true}]}}