{"id":1233,"date":"2019-09-01T17:05:31","date_gmt":"2019-09-01T17:05:31","guid":{"rendered":"http:\/\/historisches-kirchhellen.de\/?page_id=1233"},"modified":"2019-09-01T17:05:31","modified_gmt":"2019-09-01T17:05:31","slug":"kreuz-bei-lux","status":"publish","type":"page","link":"https:\/\/historisches-kirchhellen.de\/?page_id=1233","title":{"rendered":"Kreuz bei Lux"},"content":{"rendered":"\n<p>Am Hause Lux, Bottroper Stra\u00dfe 144 (Stichstra\u00dfe), h\u00e4lt ein Kreuz das Andenken an den im Ersten Weltkrieg gefallenen Heinrich Lux wach. Das Kreuz mit einem 65 Zentimeter messenden Metallkorpus steht auf einem Flachsockel. Eine Marmortafel tr\u00e4gt die Inschrift:<\/p>\n\n\n\n<p style=\"text-align:center\"><em>Errichtet laut Testament<br>des gefallenen Kriegers Heinr. Th. Lux<br>* 30.11.1891<br>Den Heldentod erlitten am 30.8.1914 bei St. Quentin<\/em><\/p>\n\n\n\n<div class=\"wp-block-image\"><figure class=\"aligncenter\"><a href=\"http:\/\/historisches-kirchhellen.de\/wp-content\/uploads\/2019\/09\/00793-Kreuz-Lux.jpg\"><img loading=\"lazy\" decoding=\"async\" width=\"205\" height=\"300\" src=\"http:\/\/historisches-kirchhellen.de\/wp-content\/uploads\/2019\/09\/00793-Kreuz-Lux-205x300.jpg\" alt=\"\" class=\"wp-image-1234\" srcset=\"https:\/\/historisches-kirchhellen.de\/wp-content\/uploads\/2019\/09\/00793-Kreuz-Lux-205x300.jpg 205w, https:\/\/historisches-kirchhellen.de\/wp-content\/uploads\/2019\/09\/00793-Kreuz-Lux-768x1125.jpg 768w, https:\/\/historisches-kirchhellen.de\/wp-content\/uploads\/2019\/09\/00793-Kreuz-Lux-699x1024.jpg 699w, https:\/\/historisches-kirchhellen.de\/wp-content\/uploads\/2019\/09\/00793-Kreuz-Lux.jpg 1056w\" sizes=\"auto, (max-width: 205px) 100vw, 205px\" \/><\/a><\/figure><\/div>\n\n\n\n<p><em>Textquelle: abge\u00e4ndert nach Schriftenreihe Nr. 19 des Vereins f\u00fcr Orts- und Heimatkunde Kirchhellen<\/em><\/p>\n","protected":false},"excerpt":{"rendered":"<p>Am Hause Lux, Bottroper Stra\u00dfe 144 (Stichstra\u00dfe), h\u00e4lt ein Kreuz das Andenken an den im Ersten Weltkrieg gefallenen Heinrich Lux wach. Das Kreuz mit einem &hellip; <\/p>\n","protected":false},"author":1,"featured_media":0,"parent":118,"menu_order":19,"comment_status":"closed","ping_status":"closed","template":"","meta":{"_acf_changed":false,"footnotes":""},"class_list":["post-1233","page","type-page","status-publish","hentry"],"acf":[],"jetpack_sharing_enabled":true,"_links":{"self":[{"href":"https:\/\/historisches-kirchhellen.de\/index.php?rest_route=\/wp\/v2\/pages\/1233","targetHints":{"allow":["GET"]}}],"collection":[{"href":"https:\/\/historisches-kirchhellen.de\/index.php?rest_route=\/wp\/v2\/pages"}],"about":[{"href":"https:\/\/historisches-kirchhellen.de\/index.php?rest_route=\/wp\/v2\/types\/page"}],"author":[{"embeddable":true,"href":"https:\/\/historisches-kirchhellen.de\/index.php?rest_route=\/wp\/v2\/users\/1"}],"replies":[{"embeddable":true,"href":"https:\/\/historisches-kirchhellen.de\/index.php?rest_route=%2Fwp%2Fv2%2Fcomments&post=1233"}],"version-history":[{"count":0,"href":"https:\/\/historisches-kirchhellen.de\/index.php?rest_route=\/wp\/v2\/pages\/1233\/revisions"}],"up":[{"embeddable":true,"href":"https:\/\/historisches-kirchhellen.de\/index.php?rest_route=\/wp\/v2\/pages\/118"}],"wp:attachment":[{"href":"https:\/\/historisches-kirchhellen.de\/index.php?rest_route=%2Fwp%2Fv2%2Fmedia&parent=1233"}],"curies":[{"name":"wp","href":"https:\/\/api.w.org\/{rel}","templated":true}]}}

<p>Am Hause Lux, Bottroper Straße 144 (Stichstraße), hält ein Kreuz das Andenken an den im Ersten Weltkrieg gefallenen Heinrich Lux wach. Das Kreuz mit einem 65 Zentimeter messenden Metallkorpus steht auf einem Flachsockel. Eine Marmortafel trägt die Inschrift:</p>



<p style="text-align:center"><em>Errichtet laut Testament<br>des gefallenen Kriegers Heinr. Th. Lux<br>* 30.11.1891<br>Den Heldentod erlitten am 30.8.1914 bei St. Quentin</em></p>



<div class="wp-block-image"><figure class="aligncenter"><a href="http://historisches-kirchhellen.de/wp-content/uploads/2019/09/00793-Kreuz-Lux.jpg"><img loading="lazy" decoding="async" width="205" height="300" src="http://historisches-kirchhellen.de/wp-content/uploads/2019/09/00793-Kreuz-Lux-205x300.jpg" alt="" class="wp-image-1234" srcset="https://historisches-kirchhellen.de/wp-content/uploads/2019/09/00793-Kreuz-Lux-205x300.jpg 205w, https://historisches-kirchhellen.de/wp-content/uploads/2019/09/00793-Kreuz-Lux-768x1125.jpg 768w, https://historisches-kirchhellen.de/wp-content/uploads/2019/09/00793-Kreuz-Lux-699x1024.jpg 699w, https://historisches-kirchhellen.de/wp-content/uploads/2019/09/00793-Kreuz-Lux.jpg 1056w" sizes="auto, (max-width: 205px) 100vw, 205px" /></a></figure></div>



<p><em>Textquelle: abgeändert nach Schriftenreihe Nr. 19 des Vereins für Orts- und Heimatkunde Kirchhellen</em></p>

<p>Am Hause Lux, Bottroper Straße 144 (Stichstraße), hält ein Kreuz das Andenken an den im Ersten Weltkrieg gefallenen Heinrich Lux wach. Das Kreuz mit einem &hellip; </p>
