{"id":1249,"date":"2019-09-01T17:35:06","date_gmt":"2019-09-01T17:35:06","guid":{"rendered":"http:\/\/historisches-kirchhellen.de\/?page_id=1249"},"modified":"2019-09-01T17:35:07","modified_gmt":"2019-09-01T17:35:07","slug":"franziskus-statue","status":"publish","type":"page","link":"https:\/\/historisches-kirchhellen.de\/?page_id=1249","title":{"rendered":"Franziskus-Statue"},"content":{"rendered":"\n<p style=\"text-align:left\">Einen der gr\u00f6\u00dften H\u00f6fe Grafenwalds besa\u00df der aus Gladbeck stammende Bauer Franz May. Der Grundbesitz stammte aus der Teilungsmasse des Grafenwaldes. May hatte ihn 1858 von Wilhelm Kremer erworben. Der gesamte Grundbesitz soll 1100 Morgen gro\u00df gewesen sein. May lie\u00df 1876 einen respektablen Neubau am Vossundern errichten. Doch Industrie und Bergbau waren im Anmarsch. May gab deren Dr\u00e4ngen nach und verkaufte 1896 seinen gesamten Besitz an die Firma Rheinstahl. Doch ein Pl\u00e4tzchen suchte er sich aus, das die Erinnerung an ihn erhalten sollte. Im Wald, unfern des Hofes, errichtete er auf diesem Platz eine Franziskus-Statue. Dargestellt ist nicht der heilige Franz von Assissi, sondern Franz Xaverius, der gro\u00dfe Missionar, Namenspatron des Stifters. Die Statue befand sich parallel der Stra\u00dfe Vossundern auf einem hohen gestuften Sockel. Sie tr\u00e4gt auf der R\u00fcckseite die Inschrift:<\/p>\n\n\n\n<p style=\"text-align:center\"><em>1. October 1896,<br>Franz May, Franziska Feldhaus.<\/em><\/p>\n\n\n\n<p>1995\/1996 wurde die Statue direkt an die Stra\u00dfe Vossundern versetzt und 2007 wiederum auf den Kirchplatz in Grafenwald. Dabei wurde die Statue aufw\u00e4ndig restauriert. Die Geschichte der Franziskus-Statue ist ausf\u00fchrlich auf <a href=\"http:\/\/www.grafenwald.de\/franziskus.htm\">grafenwald.de<\/a> nachzulesen.<\/p>\n\n\n\n<ul class=\"wp-block-gallery columns-3 is-cropped wp-block-gallery-1 is-layout-flex wp-block-gallery-is-layout-flex\"><li class=\"blocks-gallery-item\"><figure><a href=\"http:\/\/historisches-kirchhellen.de\/wp-content\/uploads\/2019\/09\/00403-703x1024.jpg\"><img loading=\"lazy\" decoding=\"async\" width=\"703\" height=\"1024\" src=\"http:\/\/historisches-kirchhellen.de\/wp-content\/uploads\/2019\/09\/00403-703x1024.jpg\" alt=\"\" data-id=\"1250\" data-link=\"http:\/\/historisches-kirchhellen.de\/?attachment_id=1250#main\" class=\"wp-image-1250\" srcset=\"https:\/\/historisches-kirchhellen.de\/wp-content\/uploads\/2019\/09\/00403-703x1024.jpg 703w, https:\/\/historisches-kirchhellen.de\/wp-content\/uploads\/2019\/09\/00403-206x300.jpg 206w, https:\/\/historisches-kirchhellen.de\/wp-content\/uploads\/2019\/09\/00403-768x1119.jpg 768w, https:\/\/historisches-kirchhellen.de\/wp-content\/uploads\/2019\/09\/00403.jpg 1076w\" sizes=\"auto, (max-width: 703px) 100vw, 703px\" \/><\/a><\/figure><\/li><li class=\"blocks-gallery-item\"><figure><a href=\"http:\/\/historisches-kirchhellen.de\/wp-content\/uploads\/2019\/09\/05196-734x1024.jpg\"><img loading=\"lazy\" decoding=\"async\" width=\"734\" height=\"1024\" src=\"http:\/\/historisches-kirchhellen.de\/wp-content\/uploads\/2019\/09\/05196-734x1024.jpg\" alt=\"\" data-id=\"1251\" data-link=\"http:\/\/historisches-kirchhellen.de\/?attachment_id=1251#main\" class=\"wp-image-1251\" srcset=\"https:\/\/historisches-kirchhellen.de\/wp-content\/uploads\/2019\/09\/05196-734x1024.jpg 734w, https:\/\/historisches-kirchhellen.de\/wp-content\/uploads\/2019\/09\/05196-215x300.jpg 215w, https:\/\/historisches-kirchhellen.de\/wp-content\/uploads\/2019\/09\/05196-768x1071.jpg 768w, https:\/\/historisches-kirchhellen.de\/wp-content\/uploads\/2019\/09\/05196.jpg 912w\" sizes=\"auto, (max-width: 734px) 100vw, 734px\" \/><\/a><\/figure><\/li><li class=\"blocks-gallery-item\"><figure><a href=\"http:\/\/historisches-kirchhellen.de\/wp-content\/uploads\/2019\/09\/06129-647x1024.jpg\"><img loading=\"lazy\" decoding=\"async\" width=\"647\" height=\"1024\" src=\"http:\/\/historisches-kirchhellen.de\/wp-content\/uploads\/2019\/09\/06129-647x1024.jpg\" alt=\"\" data-id=\"1252\" data-link=\"http:\/\/historisches-kirchhellen.de\/?attachment_id=1252#main\" class=\"wp-image-1252\" srcset=\"https:\/\/historisches-kirchhellen.de\/wp-content\/uploads\/2019\/09\/06129-647x1024.jpg 647w, https:\/\/historisches-kirchhellen.de\/wp-content\/uploads\/2019\/09\/06129-190x300.jpg 190w, https:\/\/historisches-kirchhellen.de\/wp-content\/uploads\/2019\/09\/06129-768x1215.jpg 768w\" sizes=\"auto, (max-width: 647px) 100vw, 647px\" \/><\/a><\/figure><\/li><li class=\"blocks-gallery-item\"><figure><a href=\"http:\/\/historisches-kirchhellen.de\/wp-content\/uploads\/2019\/09\/07095-969x1024.jpg\"><img loading=\"lazy\" decoding=\"async\" width=\"969\" height=\"1024\" src=\"http:\/\/historisches-kirchhellen.de\/wp-content\/uploads\/2019\/09\/07095-969x1024.jpg\" alt=\"\" data-id=\"1253\" data-link=\"http:\/\/historisches-kirchhellen.de\/?attachment_id=1253#main\" class=\"wp-image-1253\" srcset=\"https:\/\/historisches-kirchhellen.de\/wp-content\/uploads\/2019\/09\/07095-969x1024.jpg 969w, https:\/\/historisches-kirchhellen.de\/wp-content\/uploads\/2019\/09\/07095-284x300.jpg 284w, https:\/\/historisches-kirchhellen.de\/wp-content\/uploads\/2019\/09\/07095-768x811.jpg 768w, https:\/\/historisches-kirchhellen.de\/wp-content\/uploads\/2019\/09\/07095.jpg 1470w\" sizes=\"auto, (max-width: 969px) 100vw, 969px\" \/><\/a><\/figure><\/li><\/ul>\n\n\n\n<p><em>Textquelle: abge\u00e4ndert nach Schriftenreihe Nr. 19 des Vereins f\u00fcr Orts- und Heimatkunde Kirchhellen<\/em><\/p>\n","protected":false},"excerpt":{"rendered":"<p>Einen der gr\u00f6\u00dften H\u00f6fe Grafenwalds besa\u00df der aus Gladbeck stammende Bauer Franz May. Der Grundbesitz stammte aus der Teilungsmasse des Grafenwaldes. May hatte ihn 1858 &hellip; <\/p>\n","protected":false},"author":1,"featured_media":0,"parent":118,"menu_order":25,"comment_status":"closed","ping_status":"closed","template":"","meta":{"_acf_changed":false,"footnotes":""},"class_list":["post-1249","page","type-page","status-publish","hentry"],"acf":[],"jetpack_sharing_enabled":true,"_links":{"self":[{"href":"https:\/\/historisches-kirchhellen.de\/index.php?rest_route=\/wp\/v2\/pages\/1249","targetHints":{"allow":["GET"]}}],"collection":[{"href":"https:\/\/historisches-kirchhellen.de\/index.php?rest_route=\/wp\/v2\/pages"}],"about":[{"href":"https:\/\/historisches-kirchhellen.de\/index.php?rest_route=\/wp\/v2\/types\/page"}],"author":[{"embeddable":true,"href":"https:\/\/historisches-kirchhellen.de\/index.php?rest_route=\/wp\/v2\/users\/1"}],"replies":[{"embeddable":true,"href":"https:\/\/historisches-kirchhellen.de\/index.php?rest_route=%2Fwp%2Fv2%2Fcomments&post=1249"}],"version-history":[{"count":0,"href":"https:\/\/historisches-kirchhellen.de\/index.php?rest_route=\/wp\/v2\/pages\/1249\/revisions"}],"up":[{"embeddable":true,"href":"https:\/\/historisches-kirchhellen.de\/index.php?rest_route=\/wp\/v2\/pages\/118"}],"wp:attachment":[{"href":"https:\/\/historisches-kirchhellen.de\/index.php?rest_route=%2Fwp%2Fv2%2Fmedia&parent=1249"}],"curies":[{"name":"wp","href":"https:\/\/api.w.org\/{rel}","templated":true}]}}

<p style="text-align:left">Einen der größten Höfe Grafenwalds besaß der aus Gladbeck stammende Bauer Franz May. Der Grundbesitz stammte aus der Teilungsmasse des Grafenwaldes. May hatte ihn 1858 von Wilhelm Kremer erworben. Der gesamte Grundbesitz soll 1100 Morgen groß gewesen sein. May ließ 1876 einen respektablen Neubau am Vossundern errichten. Doch Industrie und Bergbau waren im Anmarsch. May gab deren Drängen nach und verkaufte 1896 seinen gesamten Besitz an die Firma Rheinstahl. Doch ein Plätzchen suchte er sich aus, das die Erinnerung an ihn erhalten sollte. Im Wald, unfern des Hofes, errichtete er auf diesem Platz eine Franziskus-Statue. Dargestellt ist nicht der heilige Franz von Assissi, sondern Franz Xaverius, der große Missionar, Namenspatron des Stifters. Die Statue befand sich parallel der Straße Vossundern auf einem hohen gestuften Sockel. Sie trägt auf der Rückseite die Inschrift:</p>



<p style="text-align:center"><em>1. October 1896,<br>Franz May, Franziska Feldhaus.</em></p>



<p>1995/1996 wurde die Statue direkt an die Straße Vossundern versetzt und 2007 wiederum auf den Kirchplatz in Grafenwald. Dabei wurde die Statue aufwändig restauriert. Die Geschichte der Franziskus-Statue ist ausführlich auf <a href="http://www.grafenwald.de/franziskus.htm">grafenwald.de</a> nachzulesen.</p>



<ul class="wp-block-gallery columns-3 is-cropped wp-block-gallery-1 is-layout-flex wp-block-gallery-is-layout-flex"><li class="blocks-gallery-item"><figure><a href="http://historisches-kirchhellen.de/wp-content/uploads/2019/09/00403-703x1024.jpg"><img loading="lazy" decoding="async" width="703" height="1024" src="http://historisches-kirchhellen.de/wp-content/uploads/2019/09/00403-703x1024.jpg" alt="" data-id="1250" data-link="http://historisches-kirchhellen.de/?attachment_id=1250#main" class="wp-image-1250" srcset="https://historisches-kirchhellen.de/wp-content/uploads/2019/09/00403-703x1024.jpg 703w, https://historisches-kirchhellen.de/wp-content/uploads/2019/09/00403-206x300.jpg 206w, https://historisches-kirchhellen.de/wp-content/uploads/2019/09/00403-768x1119.jpg 768w, https://historisches-kirchhellen.de/wp-content/uploads/2019/09/00403.jpg 1076w" sizes="auto, (max-width: 703px) 100vw, 703px" /></a></figure></li><li class="blocks-gallery-item"><figure><a href="http://historisches-kirchhellen.de/wp-content/uploads/2019/09/05196-734x1024.jpg"><img loading="lazy" decoding="async" width="734" height="1024" src="http://historisches-kirchhellen.de/wp-content/uploads/2019/09/05196-734x1024.jpg" alt="" data-id="1251" data-link="http://historisches-kirchhellen.de/?attachment_id=1251#main" class="wp-image-1251" srcset="https://historisches-kirchhellen.de/wp-content/uploads/2019/09/05196-734x1024.jpg 734w, https://historisches-kirchhellen.de/wp-content/uploads/2019/09/05196-215x300.jpg 215w, https://historisches-kirchhellen.de/wp-content/uploads/2019/09/05196-768x1071.jpg 768w, https://historisches-kirchhellen.de/wp-content/uploads/2019/09/05196.jpg 912w" sizes="auto, (max-width: 734px) 100vw, 734px" /></a></figure></li><li class="blocks-gallery-item"><figure><a href="http://historisches-kirchhellen.de/wp-content/uploads/2019/09/06129-647x1024.jpg"><img loading="lazy" decoding="async" width="647" height="1024" src="http://historisches-kirchhellen.de/wp-content/uploads/2019/09/06129-647x1024.jpg" alt="" data-id="1252" data-link="http://historisches-kirchhellen.de/?attachment_id=1252#main" class="wp-image-1252" srcset="https://historisches-kirchhellen.de/wp-content/uploads/2019/09/06129-647x1024.jpg 647w, https://historisches-kirchhellen.de/wp-content/uploads/2019/09/06129-190x300.jpg 190w, https://historisches-kirchhellen.de/wp-content/uploads/2019/09/06129-768x1215.jpg 768w" sizes="auto, (max-width: 647px) 100vw, 647px" /></a></figure></li><li class="blocks-gallery-item"><figure><a href="http://historisches-kirchhellen.de/wp-content/uploads/2019/09/07095-969x1024.jpg"><img loading="lazy" decoding="async" width="969" height="1024" src="http://historisches-kirchhellen.de/wp-content/uploads/2019/09/07095-969x1024.jpg" alt="" data-id="1253" data-link="http://historisches-kirchhellen.de/?attachment_id=1253#main" class="wp-image-1253" srcset="https://historisches-kirchhellen.de/wp-content/uploads/2019/09/07095-969x1024.jpg 969w, https://historisches-kirchhellen.de/wp-content/uploads/2019/09/07095-284x300.jpg 284w, https://historisches-kirchhellen.de/wp-content/uploads/2019/09/07095-768x811.jpg 768w, https://historisches-kirchhellen.de/wp-content/uploads/2019/09/07095.jpg 1470w" sizes="auto, (max-width: 969px) 100vw, 969px" /></a></figure></li></ul>



<p><em>Textquelle: abgeändert nach Schriftenreihe Nr. 19 des Vereins für Orts- und Heimatkunde Kirchhellen</em></p>

<p>Einen der größten Höfe Grafenwalds besaß der aus Gladbeck stammende Bauer Franz May. Der Grundbesitz stammte aus der Teilungsmasse des Grafenwaldes. May hatte ihn 1858 &hellip; </p>
