{"id":128,"date":"2019-05-15T17:32:47","date_gmt":"2019-05-15T17:32:47","guid":{"rendered":"http:\/\/historisches-kirchhellen.de\/?page_id=128"},"modified":"2019-09-22T17:02:39","modified_gmt":"2019-09-22T17:02:39","slug":"alleestrasse","status":"publish","type":"page","link":"https:\/\/historisches-kirchhellen.de\/?page_id=128","title":{"rendered":"Alleestra\u00dfe"},"content":{"rendered":"\n<p>Die Alleestra\u00dfe beginnt an der Kreuzung <a href=\"http:\/\/historisches-kirchhellen.de\/?page_id=564\">Bottroper Stra\u00dfe<\/a> \/ <a href=\"http:\/\/historisches-kirchhellen.de\/?page_id=417\">Hauptstra\u00dfe<\/a> \/ <a href=\"http:\/\/historisches-kirchhellen.de\/?page_id=453\">Holthausener Stra\u00dfe<\/a> &#8211; ehemalige Gastwirtschaft Dobbe bis zur <a href=\"http:\/\/historisches-kirchhellen.de\/?page_id=524\">Dinslakener Stra\u00dfe<\/a>; sie ist ein Teil der L623 (fr\u00fcher B223). Ehemals war sie beidseitig mit m\u00e4chtigen Linden bestanden, die ihr den Namen einbrachten. Beim Ausbau dieser Stra\u00dfe nach dem Kriege mussten die B\u00e4ume fallen. Der Volksmund nannte sie daraufhin &#8222;K-a(h)llee-Stra\u00dfe). Sie bot auch, nachdem die B\u00e4ume beseitigt waren, einen geradezu trostlosen Anblick. <\/p>\n\n\n\n<figure class=\"wp-block-image\"><a href=\"http:\/\/historisches-kirchhellen.de\/wp-content\/uploads\/2019\/09\/08495.jpg\"><img loading=\"lazy\" decoding=\"async\" width=\"1024\" height=\"672\" src=\"http:\/\/historisches-kirchhellen.de\/wp-content\/uploads\/2019\/09\/08495-1024x672.jpg\" alt=\"\" class=\"wp-image-1363\" srcset=\"https:\/\/historisches-kirchhellen.de\/wp-content\/uploads\/2019\/09\/08495-1024x672.jpg 1024w, https:\/\/historisches-kirchhellen.de\/wp-content\/uploads\/2019\/09\/08495-300x197.jpg 300w, https:\/\/historisches-kirchhellen.de\/wp-content\/uploads\/2019\/09\/08495-768x504.jpg 768w, https:\/\/historisches-kirchhellen.de\/wp-content\/uploads\/2019\/09\/08495.jpg 1625w\" sizes=\"auto, (max-width: 1024px) 100vw, 1024px\" \/><\/a><figcaption>Alleestra\u00dfe um 1900<\/figcaption><\/figure>\n","protected":false},"excerpt":{"rendered":"<p>Die Alleestra\u00dfe beginnt an der Kreuzung Bottroper Stra\u00dfe \/ Hauptstra\u00dfe \/ Holthausener Stra\u00dfe &#8211; ehemalige Gastwirtschaft Dobbe bis zur Dinslakener Stra\u00dfe; sie ist ein Teil &hellip; <\/p>\n","protected":false},"author":1,"featured_media":0,"parent":123,"menu_order":102,"comment_status":"closed","ping_status":"closed","template":"","meta":{"_acf_changed":false,"footnotes":""},"class_list":["post-128","page","type-page","status-publish","hentry"],"acf":[],"jetpack_sharing_enabled":true,"_links":{"self":[{"href":"https:\/\/historisches-kirchhellen.de\/index.php?rest_route=\/wp\/v2\/pages\/128","targetHints":{"allow":["GET"]}}],"collection":[{"href":"https:\/\/historisches-kirchhellen.de\/index.php?rest_route=\/wp\/v2\/pages"}],"about":[{"href":"https:\/\/historisches-kirchhellen.de\/index.php?rest_route=\/wp\/v2\/types\/page"}],"author":[{"embeddable":true,"href":"https:\/\/historisches-kirchhellen.de\/index.php?rest_route=\/wp\/v2\/users\/1"}],"replies":[{"embeddable":true,"href":"https:\/\/historisches-kirchhellen.de\/index.php?rest_route=%2Fwp%2Fv2%2Fcomments&post=128"}],"version-history":[{"count":0,"href":"https:\/\/historisches-kirchhellen.de\/index.php?rest_route=\/wp\/v2\/pages\/128\/revisions"}],"up":[{"embeddable":true,"href":"https:\/\/historisches-kirchhellen.de\/index.php?rest_route=\/wp\/v2\/pages\/123"}],"wp:attachment":[{"href":"https:\/\/historisches-kirchhellen.de\/index.php?rest_route=%2Fwp%2Fv2%2Fmedia&parent=128"}],"curies":[{"name":"wp","href":"https:\/\/api.w.org\/{rel}","templated":true}]}}