{"id":132,"date":"2019-05-15T17:36:33","date_gmt":"2019-05-15T17:36:33","guid":{"rendered":"http:\/\/historisches-kirchhellen.de\/?page_id=132"},"modified":"2019-05-15T17:36:33","modified_gmt":"2019-05-15T17:36:33","slug":"am-alten-bahnhof","status":"publish","type":"page","link":"https:\/\/historisches-kirchhellen.de\/?page_id=132","title":{"rendered":"Am alten Bahnhof"},"content":{"rendered":"\n<p>Diese Stra\u00dfe befindet sich im Wohngebiet westlich der unteren Pelsstra\u00dfe, gegen\u00fcber der &#8222;B\u00fcrgerlichen Bezugs- und Absatzgenossenschaft&#8220;. Die Bezeichnung ist nicht ganz korrekt, denn der &#8222;alte Bahnhof&#8220; Kirchhellens befand sich an der Kreuzung der Rentforter Stra\u00dfe mit der ehemaligen Bahnstra\u00dfe, etwa dort, wo die Br\u00fccke die Rentforter Stra\u00dfe \u00fcber die A 31 f\u00fchrt. Erst im Jahre 1888 hielten die Z\u00fcge Oberhausen-Rheine am hier gemeinten alten Bahnhof, der auf Betreiben und mit einem Zuschuss der Gemeinde Kirchhellen in H\u00f6he von 20.000 Reichsmark (!!) an der Kreuzung der jetzigen Hauptstra\u00dfe \/ Feldhausener Stra\u00dfe mit der ehemaligen Bahntrasse erbaut wurde. <\/p>\n","protected":false},"excerpt":{"rendered":"<p>Diese Stra\u00dfe befindet sich im Wohngebiet westlich der unteren Pelsstra\u00dfe, gegen\u00fcber der &#8222;B\u00fcrgerlichen Bezugs- und Absatzgenossenschaft&#8220;. Die Bezeichnung ist nicht ganz korrekt, denn der &#8222;alte &hellip; <\/p>\n","protected":false},"author":1,"featured_media":0,"parent":123,"menu_order":105,"comment_status":"closed","ping_status":"closed","template":"","meta":{"_acf_changed":false,"footnotes":""},"class_list":["post-132","page","type-page","status-publish","hentry"],"acf":[],"jetpack_sharing_enabled":true,"_links":{"self":[{"href":"https:\/\/historisches-kirchhellen.de\/index.php?rest_route=\/wp\/v2\/pages\/132","targetHints":{"allow":["GET"]}}],"collection":[{"href":"https:\/\/historisches-kirchhellen.de\/index.php?rest_route=\/wp\/v2\/pages"}],"about":[{"href":"https:\/\/historisches-kirchhellen.de\/index.php?rest_route=\/wp\/v2\/types\/page"}],"author":[{"embeddable":true,"href":"https:\/\/historisches-kirchhellen.de\/index.php?rest_route=\/wp\/v2\/users\/1"}],"replies":[{"embeddable":true,"href":"https:\/\/historisches-kirchhellen.de\/index.php?rest_route=%2Fwp%2Fv2%2Fcomments&post=132"}],"version-history":[{"count":0,"href":"https:\/\/historisches-kirchhellen.de\/index.php?rest_route=\/wp\/v2\/pages\/132\/revisions"}],"up":[{"embeddable":true,"href":"https:\/\/historisches-kirchhellen.de\/index.php?rest_route=\/wp\/v2\/pages\/123"}],"wp:attachment":[{"href":"https:\/\/historisches-kirchhellen.de\/index.php?rest_route=%2Fwp%2Fv2%2Fmedia&parent=132"}],"curies":[{"name":"wp","href":"https:\/\/api.w.org\/{rel}","templated":true}]}}