{"id":134,"date":"2019-05-15T17:37:34","date_gmt":"2019-05-15T17:37:34","guid":{"rendered":"http:\/\/historisches-kirchhellen.de\/?page_id=134"},"modified":"2019-05-18T21:50:02","modified_gmt":"2019-05-18T21:50:02","slug":"am-alten-kirchplatz","status":"publish","type":"page","link":"https:\/\/historisches-kirchhellen.de\/?page_id=134","title":{"rendered":"Am alten Kirchplatz"},"content":{"rendered":"\n<p>Diese Stra\u00dfe f\u00fchrt durch den alten Dorfkern Kirchhellens. Sie ist nach dem Standort der alten Kirche benannt, die im Jahre 1917 abbrannte und in den Jahren 1200-1250, 1595-1605 und 1844-1847 erbaut bzw. erweitert wurde.<\/p>\n\n\n\n<p>Am alten Kirchplatz befinden sich heute nur noch wenige der alten, geschichtstr\u00e4chtigen Fachwerkh\u00e4user. Vor wenigen Jahren standen dort noch viele von ihnen, doch inzwischen sind die Meisten Neubauten gewichen. Von den ehemals vielen alten H\u00e4usern, die direkt an der heutigen Stra\u00dfe &#8222;Am alten Kirchplatz&#8220; lagen, stehen heute nur noch drei. An der Ecke zur Oberhofstra\u00dfe steht das Haus Janschulte, direkt rechts daneben das Haus Maus, welches zur Hauptstra\u00dfe ein sch\u00f6nes Fachwerk aufweist und ein kleines, etwas zur\u00fcckgelegenes Haus, dort, wo diese Stra\u00dfe in die Senheimer Stra\u00dfe \u00fcbergeht. Das letztgenannte Haus wird heute von der Dorf-Apotheke genutzt. <\/p>\n\n\n<div id=\"su_slider_6a01f41031893\" class=\"su-slider su-slider-centered su-slider-pages-yes su-slider-responsive-yes su-lightbox-gallery\" style=\"width:100%\" data-autoplay=\"0\" data-speed=\"0\" data-mousewheel=\"false\"><div class=\"su-slider-slides\"><div class=\"su-slider-slide\"><a href=\"https:\/\/historisches-kirchhellen.de\/wp-content\/uploads\/2019\/05\/IMG_8026.jpg\"  title=\"Fachwerkhaus S\u00f6ller\/Schmitz, Am Alten Kirchplatz 13 (heute Dorf-Apotheke)\"><img decoding=\"async\" src=\"https:\/\/historisches-kirchhellen.de\/wp-content\/uploads\/2019\/05\/IMG_8026.jpg\" alt=\"Fachwerkhaus S\u00f6ller\/Schmitz, Am Alten Kirchplatz 13 (heute Dorf-Apotheke)\" \/><span class=\"su-slider-slide-title\">Fachwerkhaus S\u00f6ller\/Schmitz, Am Alten Kirchplatz 13 (heute Dorf-Apotheke)<\/span><\/a><\/div><div class=\"su-slider-slide\"><a href=\"https:\/\/historisches-kirchhellen.de\/wp-content\/uploads\/2019\/05\/045.jpg\"  title=\"H\u00e4user Janschulte (Lepper) und Maus am alten Kirchplatz\"><img decoding=\"async\" src=\"https:\/\/historisches-kirchhellen.de\/wp-content\/uploads\/2019\/05\/045.jpg\" alt=\"H\u00e4user Janschulte (Lepper) und Maus am alten Kirchplatz\" \/><span class=\"su-slider-slide-title\">H\u00e4user Janschulte (Lepper) und Maus am alten Kirchplatz<\/span><\/a><\/div><div class=\"su-slider-slide\"><a href=\"https:\/\/historisches-kirchhellen.de\/wp-content\/uploads\/2019\/05\/05965.jpg\"  title=\"H\u00e4user Kleppe (l.) und Jandewerth (r.) nach dem Abbruch der alten Kirche\"><img decoding=\"async\" src=\"https:\/\/historisches-kirchhellen.de\/wp-content\/uploads\/2019\/05\/05965.jpg\" alt=\"H\u00e4user Kleppe (l.) und Jandewerth (r.) nach dem Abbruch der alten Kirche\" \/><span class=\"su-slider-slide-title\">H\u00e4user Kleppe (l.) und Jandewerth (r.) nach dem Abbruch der alten Kirche<\/span><\/a><\/div><div class=\"su-slider-slide\"><a href=\"https:\/\/historisches-kirchhellen.de\/wp-content\/uploads\/2019\/05\/05297.jpg\"  title=\"Blick auf die H\u00e4user Steinmann, Huthmacher, G\u00fclker und Ahrens (v.l.) nach dem Abbruch der alten Kirche\"><img decoding=\"async\" src=\"https:\/\/historisches-kirchhellen.de\/wp-content\/uploads\/2019\/05\/05297.jpg\" alt=\"Blick auf die H\u00e4user Steinmann, Huthmacher, G\u00fclker und Ahrens (v.l.) nach dem Abbruch der alten Kirche\" \/><span class=\"su-slider-slide-title\">Blick auf die H\u00e4user Steinmann, Huthmacher, G\u00fclker und Ahrens (v.l.) nach dem Abbruch der alten Kirche<\/span><\/a><\/div><div class=\"su-slider-slide\"><a href=\"https:\/\/historisches-kirchhellen.de\/wp-content\/uploads\/2019\/05\/00237-Dorf-e1558213395305.jpg\"  title=\"Nach dem Zweiten Weltkrieg: Baracke Steinmann, Haus Maus, Ruine G\u00fclker, dahinter Bebauung an der Hauptstra\u00dfe\"><img decoding=\"async\" src=\"https:\/\/historisches-kirchhellen.de\/wp-content\/uploads\/2019\/05\/00237-Dorf-e1558213395305.jpg\" alt=\"Nach dem Zweiten Weltkrieg: Baracke Steinmann, Haus Maus, Ruine G\u00fclker, dahinter Bebauung an der Hauptstra\u00dfe\" \/><span class=\"su-slider-slide-title\">Nach dem Zweiten Weltkrieg: Baracke Steinmann, Haus Maus, Ruine G\u00fclker, dahinter Bebauung an der Hauptstra\u00dfe<\/span><\/a><\/div><\/div><div class=\"su-slider-nav\"><div class=\"su-slider-direction\"><span class=\"su-slider-prev\"><\/span><span class=\"su-slider-next\"><\/span><\/div><div class=\"su-slider-pagination\"><\/div><\/div><\/div>\n","protected":false},"excerpt":{"rendered":"<p>Diese Stra\u00dfe f\u00fchrt durch den alten Dorfkern Kirchhellens. Sie ist nach dem Standort der alten Kirche benannt, die im Jahre 1917 abbrannte und in den &hellip; <\/p>\n","protected":false},"author":1,"featured_media":0,"parent":123,"menu_order":104,"comment_status":"closed","ping_status":"closed","template":"","meta":{"_acf_changed":false,"footnotes":""},"class_list":["post-134","page","type-page","status-publish","hentry"],"acf":[],"jetpack_sharing_enabled":true,"_links":{"self":[{"href":"https:\/\/historisches-kirchhellen.de\/index.php?rest_route=\/wp\/v2\/pages\/134","targetHints":{"allow":["GET"]}}],"collection":[{"href":"https:\/\/historisches-kirchhellen.de\/index.php?rest_route=\/wp\/v2\/pages"}],"about":[{"href":"https:\/\/historisches-kirchhellen.de\/index.php?rest_route=\/wp\/v2\/types\/page"}],"author":[{"embeddable":true,"href":"https:\/\/historisches-kirchhellen.de\/index.php?rest_route=\/wp\/v2\/users\/1"}],"replies":[{"embeddable":true,"href":"https:\/\/historisches-kirchhellen.de\/index.php?rest_route=%2Fwp%2Fv2%2Fcomments&post=134"}],"version-history":[{"count":0,"href":"https:\/\/historisches-kirchhellen.de\/index.php?rest_route=\/wp\/v2\/pages\/134\/revisions"}],"up":[{"embeddable":true,"href":"https:\/\/historisches-kirchhellen.de\/index.php?rest_route=\/wp\/v2\/pages\/123"}],"wp:attachment":[{"href":"https:\/\/historisches-kirchhellen.de\/index.php?rest_route=%2Fwp%2Fv2%2Fmedia&parent=134"}],"curies":[{"name":"wp","href":"https:\/\/api.w.org\/{rel}","templated":true}]}}