{"id":1480,"date":"2019-10-20T21:16:04","date_gmt":"2019-10-20T19:16:04","guid":{"rendered":"http:\/\/historisches-kirchhellen.de\/?page_id=1480"},"modified":"2019-10-20T21:16:05","modified_gmt":"2019-10-20T19:16:05","slug":"bau-der-feldhausener-strasse","status":"publish","type":"page","link":"https:\/\/historisches-kirchhellen.de\/?page_id=1480","title":{"rendered":"Bau der Feldhausener Stra\u00dfe"},"content":{"rendered":"\n<p>Die Feldhausener Stra\u00dfe wurde ca. 1925-1927 erbaut. Die Stra\u00dfenbauarbeiten wurden von der Firma Hermann Liesenklas aus Kirchhellen ausgef\u00fchrt. Der Wald im Bildhintergrund befindet sich zwischen der Dorstener Stra\u00dfe und dem Overhagener Feld.<\/p>\n\n\n\n<p>Vor Ausbau der Feldhausener Stra\u00dfe war der Lippweg die Hauptverbindung zwischen Kirchhellen und Feldhausen.<\/p>\n\n\n\n<figure class=\"wp-block-image\"><a href=\"http:\/\/historisches-kirchhellen.de\/wp-content\/uploads\/2019\/10\/00564.jpg\"><img loading=\"lazy\" decoding=\"async\" width=\"1024\" height=\"683\" src=\"http:\/\/historisches-kirchhellen.de\/wp-content\/uploads\/2019\/10\/00564-1024x683.jpg\" alt=\"\" class=\"wp-image-1481\" srcset=\"https:\/\/historisches-kirchhellen.de\/wp-content\/uploads\/2019\/10\/00564-1024x683.jpg 1024w, https:\/\/historisches-kirchhellen.de\/wp-content\/uploads\/2019\/10\/00564-300x200.jpg 300w, https:\/\/historisches-kirchhellen.de\/wp-content\/uploads\/2019\/10\/00564-768x512.jpg 768w, https:\/\/historisches-kirchhellen.de\/wp-content\/uploads\/2019\/10\/00564.jpg 1575w\" sizes=\"auto, (max-width: 1024px) 100vw, 1024px\" \/><\/a><figcaption>Bau der Feldhausener Stra\u00dfe<\/figcaption><\/figure>\n","protected":false},"excerpt":{"rendered":"<p>Die Feldhausener Stra\u00dfe wurde ca. 1925-1927 erbaut. Die Stra\u00dfenbauarbeiten wurden von der Firma Hermann Liesenklas aus Kirchhellen ausgef\u00fchrt. Der Wald im Bildhintergrund befindet sich zwischen &hellip; <\/p>\n","protected":false},"author":1,"featured_media":0,"parent":71,"menu_order":5,"comment_status":"closed","ping_status":"closed","template":"","meta":{"_acf_changed":false,"footnotes":""},"class_list":["post-1480","page","type-page","status-publish","hentry"],"acf":[],"jetpack_sharing_enabled":true,"_links":{"self":[{"href":"https:\/\/historisches-kirchhellen.de\/index.php?rest_route=\/wp\/v2\/pages\/1480","targetHints":{"allow":["GET"]}}],"collection":[{"href":"https:\/\/historisches-kirchhellen.de\/index.php?rest_route=\/wp\/v2\/pages"}],"about":[{"href":"https:\/\/historisches-kirchhellen.de\/index.php?rest_route=\/wp\/v2\/types\/page"}],"author":[{"embeddable":true,"href":"https:\/\/historisches-kirchhellen.de\/index.php?rest_route=\/wp\/v2\/users\/1"}],"replies":[{"embeddable":true,"href":"https:\/\/historisches-kirchhellen.de\/index.php?rest_route=%2Fwp%2Fv2%2Fcomments&post=1480"}],"version-history":[{"count":0,"href":"https:\/\/historisches-kirchhellen.de\/index.php?rest_route=\/wp\/v2\/pages\/1480\/revisions"}],"up":[{"embeddable":true,"href":"https:\/\/historisches-kirchhellen.de\/index.php?rest_route=\/wp\/v2\/pages\/71"}],"wp:attachment":[{"href":"https:\/\/historisches-kirchhellen.de\/index.php?rest_route=%2Fwp%2Fv2%2Fmedia&parent=1480"}],"curies":[{"name":"wp","href":"https:\/\/api.w.org\/{rel}","templated":true}]}}

Bau der Feldhausener Straße

<p>Die Feldhausener Straße wurde ca. 1925-1927 erbaut. Die Straßenbauarbeiten wurden von der Firma Hermann Liesenklas aus Kirchhellen ausgeführt. Der Wald im Bildhintergrund befindet sich zwischen der Dorstener Straße und dem Overhagener Feld.</p>



<p>Vor Ausbau der Feldhausener Straße war der Lippweg die Hauptverbindung zwischen Kirchhellen und Feldhausen.</p>



<figure class="wp-block-image"><a href="http://historisches-kirchhellen.de/wp-content/uploads/2019/10/00564.jpg"><img loading="lazy" decoding="async" width="1024" height="683" src="http://historisches-kirchhellen.de/wp-content/uploads/2019/10/00564-1024x683.jpg" alt="" class="wp-image-1481" srcset="https://historisches-kirchhellen.de/wp-content/uploads/2019/10/00564-1024x683.jpg 1024w, https://historisches-kirchhellen.de/wp-content/uploads/2019/10/00564-300x200.jpg 300w, https://historisches-kirchhellen.de/wp-content/uploads/2019/10/00564-768x512.jpg 768w, https://historisches-kirchhellen.de/wp-content/uploads/2019/10/00564.jpg 1575w" sizes="auto, (max-width: 1024px) 100vw, 1024px" /></a><figcaption>Bau der Feldhausener Straße</figcaption></figure>

<p>Die Feldhausener Straße wurde ca. 1925-1927 erbaut. Die Straßenbauarbeiten wurden von der Firma Hermann Liesenklas aus Kirchhellen ausgeführt. Der Wald im Bildhintergrund befindet sich zwischen &hellip; </p>
