{"id":1784,"date":"2020-04-13T17:23:59","date_gmt":"2020-04-13T15:23:59","guid":{"rendered":"https:\/\/historisches-kirchhellen.de\/?page_id=1784"},"modified":"2025-08-18T13:23:56","modified_gmt":"2025-08-18T11:23:56","slug":"zusammenlegung-verkoppelung-1913-1929","status":"publish","type":"page","link":"https:\/\/historisches-kirchhellen.de\/?page_id=1784","title":{"rendered":"Zusammenlegung (Verkoppelung) 1913-1929"},"content":{"rendered":"\n<p>Anfang des 20. Jahrhunderts verliefen viele Wege \u00fcber privates Grundeigentum und nicht auf direktem Wege. Viele Grundst\u00fccke und Geb\u00e4ude lagen \u00fcberhaupt nicht an Wegen und konnten nur \u00fcber fremde Grundst\u00fccke erreicht werden. Die Felder besa\u00dfen ung\u00fcnstige Formen, waren oft sehr lang und schmal. Um diese Missst\u00e4nde zu beseitigen, wurde ab 1913 die sogenannte Verkoppelung durchgef\u00fchrt. Die Grundst\u00fccke wurden neu aufgeteilt und die Wege begradigt, ohne aber dabei einzelnen Grundst\u00fccksbesitzern Grundbesitz enteignen zu m\u00fcssen. S\u00e4mtliche Grundst\u00fccksbesitzer sollten gleichgro\u00dfe Grundst\u00fccke erhalten. Trotzdem f\u00fchrte es zu einigen Widerst\u00e4nden in der Bev\u00f6lkerung, da viele Grundst\u00fccksbesitzer Nachteile bef\u00fcrchteten. Aus dem April 1919 ist eine Liste mit Unterschriften von Gegnern der Verkoppelung erhalten. Folgende Unterschriften sind zu finden:<\/p>\n\n\n\n<div class=\"wp-block-columns is-layout-flex wp-container-core-columns-is-layout-9d6595d7 wp-block-columns-is-layout-flex\">\n<div class=\"wp-block-column is-layout-flow wp-block-column-is-layout-flow\">\n<ul class=\"wp-block-list\">\n<li>Josef Werwer<\/li>\n\n\n\n<li>Johann Beuckmann<\/li>\n\n\n\n<li>Peter Josten<\/li>\n\n\n\n<li>Josef Ravert<\/li>\n\n\n\n<li>B. Rickert<\/li>\n\n\n\n<li>J. Strangemann<\/li>\n\n\n\n<li>Johann Hemming<\/li>\n\n\n\n<li>Heinrich Josef Schenke<\/li>\n\n\n\n<li>Witwe H\u00fclsmann<\/li>\n\n\n\n<li>Wilhelm Weber<\/li>\n\n\n\n<li>Josef Nothelle<\/li>\n\n\n\n<li>Witwe Johann Schulte Eckel<\/li>\n\n\n\n<li>Heinrich Fahnenbrauk<\/li>\n\n\n\n<li>Johann Schenke<\/li>\n\n\n\n<li>Witwe Terwellen<\/li>\n\n\n\n<li>Anna Baukholt<\/li>\n\n\n\n<li>Johann Lindemann<\/li>\n\n\n\n<li>Josef Heisterkamp<\/li>\n\n\n\n<li>H. Veelmann<\/li>\n\n\n\n<li>Heinrich Beisenbusch<\/li>\n\n\n\n<li>Johannes Frie<\/li>\n\n\n\n<li>Werner Baumeister<\/li>\n\n\n\n<li>Witwe Franz Endemann<\/li>\n\n\n\n<li>Johann Brauckmann<\/li>\n\n\n\n<li>Wilhelm Holtkamp<\/li>\n\n\n\n<li>Peter Nothelle<\/li>\n\n\n\n<li>Theodor Dahlmann<\/li>\n\n\n\n<li>Johann Haseke gt. Rexforth<\/li>\n\n\n\n<li>B. Rottmann<\/li>\n\n\n\n<li>Theodor Vo\u00dfelmann<\/li>\n\n\n\n<li>Frau Kreienkamp<\/li>\n\n\n\n<li>Georg Jansen<\/li>\n\n\n\n<li>Joseph Brauckmann<\/li>\n\n\n\n<li>Theodor Hasebrink<\/li>\n\n\n\n<li>Theodor Bornemann<\/li>\n\n\n\n<li>Johann Overg\u00fcnne<\/li>\n\n\n\n<li>Theodor Lurweg<\/li>\n\n\n\n<li>Witwe Heinrich Schumacher<\/li>\n\n\n\n<li>Johann Fallb\u00f6hmer<\/li>\n\n\n\n<li>Witwe H. Appelhoff<\/li>\n\n\n\n<li>Aloys Bone<\/li>\n\n\n\n<li>Johann Sch\u00e4per<\/li>\n\n\n\n<li>Johann Vo\u00dfbeck<\/li>\n\n\n\n<li>Bernhard Dieckmann<\/li>\n\n\n\n<li>Hermann B\u00f6lting<\/li>\n\n\n\n<li>Bernhard Koop<\/li>\n\n\n\n<li>Johann Koop<\/li>\n\n\n\n<li>Johann B\u00f6lting<\/li>\n\n\n\n<li>Joseph Br\u00fcning<\/li>\n\n\n\n<li>Theodor K\u00fchling<\/li>\n\n\n\n<li>Hubert Platzk\u00f6ster<\/li>\n\n\n\n<li>Franz Dieckmann<\/li>\n\n\n\n<li>Heinrich Haake<\/li>\n\n\n\n<li>Frau Hollmann<\/li>\n\n\n\n<li>Theodor Schmudde<\/li>\n\n\n\n<li>Heinrich Koop<\/li>\n\n\n\n<li>Johann Weimann<\/li>\n\n\n\n<li>Bernhard Hollmann<\/li>\n\n\n\n<li>Joseph Tiemann<\/li>\n\n\n\n<li>Johann Rexforth<\/li>\n\n\n\n<li>Werner Gro\u00dfe Allekotte<\/li>\n\n\n\n<li>Theodor Althoff<\/li>\n\n\n\n<li>Heinrich Dahlmann<\/li>\n\n\n\n<li>Witwe Johann Veen<\/li>\n\n\n\n<li>Wilhelm Allekotte<\/li>\n\n\n\n<li>Witwe Weimann<\/li>\n\n\n\n<li>Theodor Barheier<\/li>\n\n\n\n<li>Wilhelm B\u00f6ing<\/li>\n\n\n\n<li>Joseph Berkel<\/li>\n\n\n\n<li>Wilhelm Schemann<\/li>\n\n\n\n<li>Bernard Altenkamp<\/li>\n\n\n\n<li>Wilhelm Backhaus<\/li>\n\n\n\n<li>Heinrich Terwieschen<\/li>\n<\/ul>\n<\/div>\n\n\n\n<div class=\"wp-block-column is-layout-flow wp-block-column-is-layout-flow\">\n<ul class=\"wp-block-list\">\n<li>Johann Borgmann<\/li>\n\n\n\n<li>Bernhard Huesmann<\/li>\n\n\n\n<li>Heinrich K\u00e4mper<\/li>\n\n\n\n<li>L. Berger<\/li>\n\n\n\n<li>Joseph Berning<\/li>\n\n\n\n<li>Wilhelm Haake<\/li>\n\n\n\n<li>Bernhard Schenke<\/li>\n\n\n\n<li>Wilhelm Alte<\/li>\n\n\n\n<li>Joseph Haake<\/li>\n\n\n\n<li>Paul K\u00f6rner<\/li>\n\n\n\n<li>Johann Weber<\/li>\n\n\n\n<li>Heinrich Wolthaus<\/li>\n\n\n\n<li>Theodor Friedhoff<\/li>\n\n\n\n<li>Frau Heisterkamp<\/li>\n\n\n\n<li>Witwe Theodor Frie<\/li>\n\n\n\n<li>Johann Rump<\/li>\n\n\n\n<li>H. Rockholt<\/li>\n\n\n\n<li>Johann Hollender<\/li>\n\n\n\n<li>F. Xanten<\/li>\n\n\n\n<li>Witwe Otterbeck<\/li>\n\n\n\n<li>Heinrich R\u00f6hling<\/li>\n\n\n\n<li>Johann J\u00fcnger<\/li>\n\n\n\n<li>Heinrich Heisterkamp<\/li>\n\n\n\n<li>Johann K\u00fcper<\/li>\n\n\n\n<li>Heinrich Steinmann<\/li>\n\n\n\n<li>B. Schulte Bockum<\/li>\n\n\n\n<li>Johann Schulte gt. L\u00f6bbert<\/li>\n\n\n\n<li>Joseph Hackfurth<\/li>\n\n\n\n<li>Franz Luerweg<\/li>\n\n\n\n<li>Witwe Schl\u00fcter<\/li>\n\n\n\n<li>Theodor Steinmann<\/li>\n\n\n\n<li>Gerhard Gro\u00dfe Venhaus<\/li>\n\n\n\n<li>J. G. Weik\u00e4mper<\/li>\n\n\n\n<li>Theodor Dickmann<\/li>\n\n\n\n<li>Johann Haake<\/li>\n\n\n\n<li>H. Haseke<\/li>\n\n\n\n<li>Johann Laarmann<\/li>\n\n\n\n<li>Joseph Janinhoff<\/li>\n\n\n\n<li>Theodor Janinhoff<\/li>\n\n\n\n<li>Witwe Johann Wienert<\/li>\n\n\n\n<li>Theodor Miermann<\/li>\n\n\n\n<li>Johann Rockholt<\/li>\n\n\n\n<li>Theodor K\u00f6rtling<\/li>\n\n\n\n<li>Heinrich Bu\u00dfk\u00f6nning<\/li>\n\n\n\n<li>Hermann Hemmer<\/li>\n\n\n\n<li>Bernard Borgs<\/li>\n\n\n\n<li>Witwe H. Borgs<\/li>\n\n\n\n<li>B. Beckedahl<\/li>\n\n\n\n<li>P. Graf Wolff Metternich<\/li>\n\n\n\n<li>Johann Dieckmann gt. Pieper<\/li>\n\n\n\n<li>Theodor Allekotte<\/li>\n\n\n\n<li>Wilhelm Brauckmann<\/li>\n\n\n\n<li>Wilhelm Lanfermann<\/li>\n\n\n\n<li>Theodor Rexforth<\/li>\n\n\n\n<li>B. Beisenkamp<\/li>\n\n\n\n<li>Johann Altrogge<\/li>\n\n\n\n<li>Theodor Braukmann<\/li>\n\n\n\n<li>Theodor Marien<\/li>\n\n\n\n<li>Theodor Benien<\/li>\n\n\n\n<li>Josef M\u00f6ller<\/li>\n\n\n\n<li>Johann Bromkamp<\/li>\n\n\n\n<li>Heinrich Stuke<\/li>\n\n\n\n<li>Theodor Br\u00e4uker<\/li>\n\n\n\n<li>August Grewer<\/li>\n\n\n\n<li>B. Strotmann<\/li>\n\n\n\n<li>L. J\u00fcnger<\/li>\n\n\n\n<li>Johann Hoffterheide<\/li>\n\n\n\n<li>Wilhelm Wienert<\/li>\n\n\n\n<li>Hermann G\u00f6ring<\/li>\n\n\n\n<li>Hermann Josten<\/li>\n\n\n\n<li>Heinrich Fockenberg<\/li>\n\n\n\n<li>Johann T\u00f6nnes<\/li>\n\n\n\n<li>Franz Ibing<\/li>\n<\/ul>\n<\/div>\n\n\n\n<div class=\"wp-block-column is-layout-flow wp-block-column-is-layout-flow\">\n<ul class=\"wp-block-list\">\n<li>Joseph K\u00f6rner<\/li>\n\n\n\n<li>Wilhelm Schenke<\/li>\n\n\n\n<li>Witwe B. Michelt<\/li>\n\n\n\n<li>Witwe Franz Michelt<\/li>\n\n\n\n<li>Witwe Kasseb\u00f6hmer<\/li>\n\n\n\n<li>Heinrich Pennekamp<\/li>\n\n\n\n<li>Heinrich Hasebrink<\/li>\n\n\n\n<li>Theodor Haseke<\/li>\n\n\n\n<li>Theodor Dahlmann<\/li>\n\n\n\n<li>Franz Klapheck<\/li>\n\n\n\n<li>Bernard Kuhlmann<\/li>\n\n\n\n<li>Johann Trendelkamp<\/li>\n\n\n\n<li>Anton Ketteler<\/li>\n\n\n\n<li>Theodor Rommeswinkel<\/li>\n\n\n\n<li>Heinrich Tiemann<\/li>\n\n\n\n<li>Richard Schubert<\/li>\n\n\n\n<li>Bernard Passier<\/li>\n\n\n\n<li>Theodor Riesener<\/li>\n\n\n\n<li>Heinrich Riesener<\/li>\n\n\n\n<li>Johann Hackfurth<\/li>\n\n\n\n<li>Johann Pl\u00e4ster<\/li>\n\n\n\n<li>Johann Eikenkamp<\/li>\n\n\n\n<li>Heinrich Vo\u00dfbeck<\/li>\n\n\n\n<li>Johann Gertz<\/li>\n\n\n\n<li>Johann Riesener<\/li>\n\n\n\n<li>Witwe Hermann Dierichs<\/li>\n\n\n\n<li>Wilhelm Renzel<\/li>\n\n\n\n<li>Johann Allk\u00e4mper<\/li>\n\n\n\n<li>Bernard Janknecht<\/li>\n\n\n\n<li>Heinrich Stratmann<\/li>\n\n\n\n<li>Johann Fockenberg<\/li>\n\n\n\n<li>Bernard Fockenberg<\/li>\n\n\n\n<li>Johann M\u00f6hlen<\/li>\n\n\n\n<li>Peter Dierichs<\/li>\n\n\n\n<li>Theodor Gro\u00dfe Rockholt<\/li>\n\n\n\n<li>Johann Hemmer<\/li>\n\n\n\n<li>Theodor Borgs<\/li>\n\n\n\n<li>Theodor M\u00f6hlen<\/li>\n\n\n\n<li>Johann Hetk\u00e4mper<\/li>\n\n\n\n<li>Bernhard Deffte<\/li>\n\n\n\n<li>Theodor Hofterheide<\/li>\n\n\n\n<li>Bernhard Cl\u00f6s gt. Schnieder<\/li>\n\n\n\n<li>Bernard L\u00fcer<\/li>\n\n\n\n<li>Theodor Uhlenbrock<\/li>\n\n\n\n<li>Theodor Rockholt<\/li>\n\n\n\n<li>Werner Schnieder<\/li>\n\n\n\n<li>B. Kleine Wolters<\/li>\n\n\n\n<li>Theodor Hollbeck<\/li>\n\n\n\n<li>Johann Spirres<\/li>\n\n\n\n<li>Henrich Janknecht<\/li>\n\n\n\n<li>Robert Eppink<\/li>\n\n\n\n<li>Witwe Joseph Schnieder<\/li>\n\n\n\n<li>Johann Schnieder<\/li>\n\n\n\n<li>Heinrich M\u00f6ller<\/li>\n\n\n\n<li>Johann Eikenkamp<\/li>\n\n\n\n<li>Heinrich Hippers<\/li>\n\n\n\n<li>Heinrich Luerweg<\/li>\n\n\n\n<li>Johann Eikenkamp<\/li>\n\n\n\n<li>V. Pr\u00e4hler<\/li>\n\n\n\n<li>H. K\u00f6rtling<\/li>\n\n\n\n<li>Johann Ellinghorst jun.<\/li>\n\n\n\n<li>H. Sch\u00e4per<\/li>\n\n\n\n<li>Johann Tiemann<\/li>\n\n\n\n<li>Wilhelm Hasebrink<\/li>\n\n\n\n<li>Theodor Sch\u00e4per<\/li>\n\n\n\n<li>Wilhelm Appelhoff<\/li>\n\n\n\n<li>Theodor L\u00f6ns<\/li>\n\n\n\n<li>Bernard Friedhoff<\/li>\n\n\n\n<li>Wilhelm Friedhoff<\/li>\n\n\n\n<li>Theodor Niewerth<\/li>\n\n\n\n<li>Wilhelm Vo\u00dfbeck<\/li>\n\n\n\n<li>Johann Brinkert<\/li>\n<\/ul>\n<\/div>\n<\/div>\n\n\n\n<p><\/p>\n","protected":false},"excerpt":{"rendered":"<p>Anfang des 20. Jahrhunderts verliefen viele Wege \u00fcber privates Grundeigentum und nicht auf direktem Wege. Viele Grundst\u00fccke und Geb\u00e4ude lagen \u00fcberhaupt nicht an Wegen und &hellip; <\/p>\n","protected":false},"author":1,"featured_media":0,"parent":71,"menu_order":7,"comment_status":"closed","ping_status":"closed","template":"","meta":{"_acf_changed":false,"footnotes":""},"class_list":["post-1784","page","type-page","status-publish","hentry"],"acf":[],"jetpack_sharing_enabled":true,"_links":{"self":[{"href":"https:\/\/historisches-kirchhellen.de\/index.php?rest_route=\/wp\/v2\/pages\/1784","targetHints":{"allow":["GET"]}}],"collection":[{"href":"https:\/\/historisches-kirchhellen.de\/index.php?rest_route=\/wp\/v2\/pages"}],"about":[{"href":"https:\/\/historisches-kirchhellen.de\/index.php?rest_route=\/wp\/v2\/types\/page"}],"author":[{"embeddable":true,"href":"https:\/\/historisches-kirchhellen.de\/index.php?rest_route=\/wp\/v2\/users\/1"}],"replies":[{"embeddable":true,"href":"https:\/\/historisches-kirchhellen.de\/index.php?rest_route=%2Fwp%2Fv2%2Fcomments&post=1784"}],"version-history":[{"count":1,"href":"https:\/\/historisches-kirchhellen.de\/index.php?rest_route=\/wp\/v2\/pages\/1784\/revisions"}],"predecessor-version":[{"id":22689,"href":"https:\/\/historisches-kirchhellen.de\/index.php?rest_route=\/wp\/v2\/pages\/1784\/revisions\/22689"}],"up":[{"embeddable":true,"href":"https:\/\/historisches-kirchhellen.de\/index.php?rest_route=\/wp\/v2\/pages\/71"}],"wp:attachment":[{"href":"https:\/\/historisches-kirchhellen.de\/index.php?rest_route=%2Fwp%2Fv2%2Fmedia&parent=1784"}],"curies":[{"name":"wp","href":"https:\/\/api.w.org\/{rel}","templated":true}]}}