{"id":181,"date":"2019-05-15T18:21:03","date_gmt":"2019-05-15T18:21:03","guid":{"rendered":"http:\/\/historisches-kirchhellen.de\/?page_id=181"},"modified":"2019-05-15T18:21:03","modified_gmt":"2019-05-15T18:21:03","slug":"zur-grafenmuehle","status":"publish","type":"page","link":"https:\/\/historisches-kirchhellen.de\/?page_id=181","title":{"rendered":"Zur Grafenm\u00fchle"},"content":{"rendered":"\n<p>Diese Stra\u00dfe ist die Fortsetzung der Schneiderstra\u00dfe bis zur Grafenm\u00fchle. Benannt ist sie nach der vom\u00a0<em>Grafen<\/em>\u00a0von Merveldt im Jahre 1756 von Haus\u00a0Hove bei Osterfeld nach dort verlegten Wasserm\u00fchle. <\/p>\n","protected":false},"excerpt":{"rendered":"<p>Diese Stra\u00dfe ist die Fortsetzung der Schneiderstra\u00dfe bis zur Grafenm\u00fchle. Benannt ist sie nach der vom\u00a0Grafen\u00a0von Merveldt im Jahre 1756 von Haus\u00a0Hove bei Osterfeld nach &hellip; <\/p>\n","protected":false},"author":1,"featured_media":0,"parent":123,"menu_order":169,"comment_status":"closed","ping_status":"closed","template":"","meta":{"_acf_changed":false,"footnotes":""},"class_list":["post-181","page","type-page","status-publish","hentry"],"acf":[],"jetpack_sharing_enabled":true,"_links":{"self":[{"href":"https:\/\/historisches-kirchhellen.de\/index.php?rest_route=\/wp\/v2\/pages\/181","targetHints":{"allow":["GET"]}}],"collection":[{"href":"https:\/\/historisches-kirchhellen.de\/index.php?rest_route=\/wp\/v2\/pages"}],"about":[{"href":"https:\/\/historisches-kirchhellen.de\/index.php?rest_route=\/wp\/v2\/types\/page"}],"author":[{"embeddable":true,"href":"https:\/\/historisches-kirchhellen.de\/index.php?rest_route=\/wp\/v2\/users\/1"}],"replies":[{"embeddable":true,"href":"https:\/\/historisches-kirchhellen.de\/index.php?rest_route=%2Fwp%2Fv2%2Fcomments&post=181"}],"version-history":[{"count":0,"href":"https:\/\/historisches-kirchhellen.de\/index.php?rest_route=\/wp\/v2\/pages\/181\/revisions"}],"up":[{"embeddable":true,"href":"https:\/\/historisches-kirchhellen.de\/index.php?rest_route=\/wp\/v2\/pages\/123"}],"wp:attachment":[{"href":"https:\/\/historisches-kirchhellen.de\/index.php?rest_route=%2Fwp%2Fv2%2Fmedia&parent=181"}],"curies":[{"name":"wp","href":"https:\/\/api.w.org\/{rel}","templated":true}]}}

Zur Grafenmühle

<p>Diese Straße ist die Fortsetzung der Schneiderstraße bis zur Grafenmühle. Benannt ist sie nach der vom <em>Grafen</em> von Merveldt im Jahre 1756 von Haus Hove bei Osterfeld nach dort verlegten Wassermühle. </p>

<p>Diese Straße ist die Fortsetzung der Schneiderstraße bis zur Grafenmühle. Benannt ist sie nach der vom Grafen von Merveldt im Jahre 1756 von Haus Hove bei Osterfeld nach &hellip; </p>
