{"id":1824,"date":"2020-04-13T19:57:37","date_gmt":"2020-04-13T17:57:37","guid":{"rendered":"https:\/\/historisches-kirchhellen.de\/?page_id=1824"},"modified":"2020-04-13T19:57:38","modified_gmt":"2020-04-13T17:57:38","slug":"polizeimeldungen-1915","status":"publish","type":"page","link":"https:\/\/historisches-kirchhellen.de\/?page_id=1824","title":{"rendered":"Polizeimeldungen 1915"},"content":{"rendered":"\n<p><em>In der Bottroper Volkszeitung erschienen im Jahr 1915 folgende Meldungen aus Kirchhellen:<\/em><\/p>\n\n\n\n<p><strong>Kirchhellen, 15. M\u00e4rz.<\/strong> In der Nacht von Samstag auf Sonntag wurden hier zwei Einbruchsdiebst\u00e4hle ver\u00fcbt, und zwar verschwanden aus dem Stalle des Wirtes Jandewerth ein Schwein, aus dem Stalle des Wirtes Beckedahl zwei Schweine. Die Tiere wurden an Ort und Stelle abgeschlachtet. Von den T\u00e4tern fehlt jede Spur.<\/p>\n\n\n\n<p><strong>Kirchhellen, 17. April.<\/strong> Gestern Abend gegen 7 Uhr ist der Dampfm\u00fchlenbesitzer Heinrich Liesenklas einem Schlaganfalle erlegen. Wenige Stunden sp\u00e4ter wurden aus der Dampfm\u00fchle und dem S\u00e4gewerk s\u00e4mtliche Treibriemen im Werte von etwa 1000 Mark gestohlen.<\/p>\n\n\n\n<p><strong>Kirchhellen, 29. April.<\/strong> Bei dem Rittergutsbesitzer Steinmann auf Haus Brabeck wurde in der Nacht vom 25. zum 26. ds. Mts. eingebrochen und ein Schwein im Gewicht von etwa 160 Pfund gestohlen. Das Tier wurde an Ort und Stelle abgeschlachtet. Die Diebe sind noch unbekannt.<\/p>\n\n\n\n<p><strong>Kirchhellen, 17. Mai. <\/strong>Ein Einbruchsdiebstahl ist heute Nacht bei der Witwe des F\u00f6rsters T\u00f6fflinger ver\u00fcbt worden. Ein fettes Schwein wurde an Ort und Stelle abgeschlachtet. Die Blutspuren reichten bis zur Chaussee Sterkrade-Dorsten.<\/p>\n\n\n\n<p><strong>Kirchhellen, 24. Mai.<\/strong> Den letzten Waldbr\u00e4nden in diesem Monat fielen insgesamt 1716 Morgen Waldbestand zum Opfer. Die Br\u00e4nde werden meist auf vors\u00e4tzliche Brandstiftung und Fahrl\u00e4ssigkeit zur\u00fcckgef\u00fchrt. Zur Ermittlung der T\u00e4ter hat der Regierungspr\u00e4sident in D\u00fcsseldorf eine Belohnung bis zu Tausend Mark ausgesetzt.<\/p>\n\n\n\n<p><strong>Kirchhellen, 31. Mai.<\/strong> Am Samstag Nachmittag kurz nach 4 Uhr entstand auf der Els ein Waldbrand, der infolge des starken Windes schnell gro\u00dfen Umfang annahm und sich \u00fcber 500 Morgen Wald ausdehnte. Wahrscheinlich liegt Brandstiftung vor, denn das Feuer brach an drei Stellen zugleich aus. An der Stelle, wo es vor 14 Tagen den vereinigten Wehren nach angestrengter T\u00e4tigkeit gelang, einen Waldbrand zu l\u00f6schen, ist jetzt der Brand entstanden. Es w\u00e4re w\u00fcnschenswert, dass man die Brandstifter erwischen und ihnen ihr Handwerk gr\u00fcndlich austreiben w\u00fcrde.<\/p>\n\n\n\n<p><strong>Kirchhellen, 7. Juni.<\/strong> Der in den Diensten der Herzoglich-Arenberg\u00b4schen Verwaltung stehende Hegemeister Lackmann, der den ganzen Tag zum Waldschutz drau\u00dfen verbracht hatte, um nach M\u00f6glichkeit Waldbr\u00e4nde zu verhindern, stie\u00df bei einem Erkundungsgang aus Wilderer. Die Wilderer, die bereits einen Rehbock geschossen hatten, feuerten, sobald sie den Beamten gewahrten, auf denselben, aber die Sch\u00fcsse verfehlten ihr Ziel. Der Hegemeister erwiderte das Feuer. Wegen der nahenden Dunkelheit konnten die Wilderer unerkannt entkommen.<\/p>\n\n\n\n<p><strong>Kirchhellen, 26. Juni.<\/strong> Billiges Fleisch verschafften sich lichtscheue Gestalten dadurch, dass sie bei dem Landwirt Peter ein Schwein stahlen und abschlachteten. Von den Dieben fehlt jede Spur.<\/p>\n\n\n\n<p><strong>Kirchhellen, 14. August.<\/strong> Bei einem Einbruchsdiebstahl fielen den Dieben eine goldene Damenuhr, Schmucksachen, Zigarren und Getr\u00e4nke im Wert von ann\u00e4hernd 100 M. sowie eine Geldb\u00f6rse mit 10 Mark Inhalt in die H\u00e4nde. Als Diebe kommen zwei Radfahrer in Frage, die ihre R\u00e4der am Tatorte zur\u00fcckgelassen haben. In derselben Nacht wurden aus einem Obstgarten etwa 200 Pfund \u00c4pfel gestohlen. Hier sind die T\u00e4ter unbekannt.<\/p>\n\n\n\n<p><strong>Kirchhellen, 8. September.<\/strong> Als zu Anfang des Krieges der Sohn der Gutsbesitzerin Witwe Kinne in Feldhausen ins Feld r\u00fccken musste, war die Frau gezwungen, sich zur Bewirtschaftung ihres 300 Morgen gro\u00dfen Gutes eine Hilfskraft zu suchen, die sie im Wege des Zeitungsangebotes in der Person des Wirtschaftsgehilfen Andreas Bacherz fand. Nachdem der neue Verwalter eine Zeit lang seine T\u00e4tigkeit ausge\u00fcbt hatte, erhielt die Besitzerin von einem Knecht die Meldung, dass der Verwalter sie betr\u00fcge. Die Ermittlungen ergaben, dass Bacherz Kartoffeln und andere Feldfr\u00fcchte in gro\u00dfen Mengen verkaufte und den Erl\u00f6s f\u00fcr sich verwendete. Er hatte sich gestern vor der Essener Strafkammer wegen Untreue zu verantworten. Die als Zeugin erschienene Gutsbesitzerin bezifferte den von dem Verwalter veruntreuten Betrag auf ann\u00e4hernd 1000 Mark. Das Gericht verurteilte den bislang noch unbestraften Angeklagten zu 2 Wochen Gef\u00e4ngnis.<\/p>\n\n\n\n<p><strong>Kirchhellen, 9. September.<\/strong> Am Dienstag, 7. September, wurde in Grafenwald in der N\u00e4he der Wirtschaft Wachtmeister das zweij\u00e4hrige Kind der Eheleute Fichtner von einem Auto \u00fcberfahren. Nach einer halben Stunde erlag das Kind seinen Verletzungen. Der Vater weilt zur Zeit im Felde.<\/p>\n\n\n\n<p><strong>Kirchhellen, 11. November.<\/strong> Am Dienstag gegen 7 Uhr ist der Berginvalide Ad. Weidenfelder aus Sterkrade, Kleekampstra\u00dfe, von einem, dem B\u00e4cker A. aus Bottrop geh\u00f6renden Brotwagen auf der Provinzialstra\u00dfe in der Bauerschaft Hardinghausen \u00fcberfahren worden. Der sofort hinzugezogene Arzt konnte nur noch den Tod des Verletzten feststellen. Die Leiche wurde in das hiesige Krankenhaus \u00fcberf\u00fchrt. Wen die Schuld an dem Unfall trifft, ist noch nicht festgestellt worden.<\/p>\n\n\n\n<p><strong>Kirchhellen, 11. November.<\/strong> Gestern Vormittag sind von einem hiesigen Gendarmeriewachtmeister 4 belgische Arbeiter, die von ihrer Arbeitsstelle in Hamborn entwichen waren, festgenommen und dem zust\u00e4ndigen Wachtkommando \u00fcberf\u00fchrt worden.<\/p>\n\n\n\n<p><strong>Kirchhellen, 14. November. <\/strong>Festgenommen wurde hier ein etwa 12 Jahre alter Junge, welcher sich seit einigen Tagen plan- und ziellos umhertrieb. Er gab an, Josef Kolinski zu hei\u00dfen und in Dorsten zu wohnen. Wie sich sp\u00e4ter herausstellte, handelt es sich um den seit ca. 8 Wochen seinen Eltern entlaufenen, in Bottrop, Germaniastra\u00dfe, wohnenden Josef S. Der jugendliche Durchbrenner wurde von seinem Stiefvater N. bei der Polizei abgeholt. F\u00fcrsorgeerziehung w\u00e4re wohl angebracht.<\/p>\n\n\n\n<p><strong>Kirchhellen, 14. November.<\/strong> Gestohlen wurde der Landwirtin Hemming in Hardinghausen aus einer unverschlossenen Kommode ein Geldbetrag von 60 Mark. Die angestellten Ermittlungen blieben bisher ohne Erfolg.<\/p>\n\n\n\n<p><strong>Kirchhellen, 5. Dezember.<\/strong> Ein dreister Diebstahl wurde beim Landwirt Baukhorn in Ekel ausgef\u00fchrt. W\u00e4hrend man damit besch\u00e4ftigt war, die Teile eines 400 Pfund schweren geschlachteten Schweines ins Haus zu bringen, verschwand der beste Teil, n\u00e4mlich der ganzen R\u00fccken des Borstentieres, spurlos.<\/p>\n","protected":false},"excerpt":{"rendered":"<p>In der Bottroper Volkszeitung erschienen im Jahr 1915 folgende Meldungen aus Kirchhellen: Kirchhellen, 15. M\u00e4rz. In der Nacht von Samstag auf Sonntag wurden hier zwei &hellip; <\/p>\n","protected":false},"author":1,"featured_media":0,"parent":1368,"menu_order":1,"comment_status":"closed","ping_status":"closed","template":"","meta":{"_acf_changed":false,"footnotes":""},"class_list":["post-1824","page","type-page","status-publish","hentry"],"acf":[],"jetpack_sharing_enabled":true,"_links":{"self":[{"href":"https:\/\/historisches-kirchhellen.de\/index.php?rest_route=\/wp\/v2\/pages\/1824","targetHints":{"allow":["GET"]}}],"collection":[{"href":"https:\/\/historisches-kirchhellen.de\/index.php?rest_route=\/wp\/v2\/pages"}],"about":[{"href":"https:\/\/historisches-kirchhellen.de\/index.php?rest_route=\/wp\/v2\/types\/page"}],"author":[{"embeddable":true,"href":"https:\/\/historisches-kirchhellen.de\/index.php?rest_route=\/wp\/v2\/users\/1"}],"replies":[{"embeddable":true,"href":"https:\/\/historisches-kirchhellen.de\/index.php?rest_route=%2Fwp%2Fv2%2Fcomments&post=1824"}],"version-history":[{"count":0,"href":"https:\/\/historisches-kirchhellen.de\/index.php?rest_route=\/wp\/v2\/pages\/1824\/revisions"}],"up":[{"embeddable":true,"href":"https:\/\/historisches-kirchhellen.de\/index.php?rest_route=\/wp\/v2\/pages\/1368"}],"wp:attachment":[{"href":"https:\/\/historisches-kirchhellen.de\/index.php?rest_route=%2Fwp%2Fv2%2Fmedia&parent=1824"}],"curies":[{"name":"wp","href":"https:\/\/api.w.org\/{rel}","templated":true}]}}