{"id":22143,"date":"2022-12-04T13:24:10","date_gmt":"2022-12-04T11:24:10","guid":{"rendered":"https:\/\/historisches-kirchhellen.de\/?page_id=22143"},"modified":"2022-12-07T19:11:54","modified_gmt":"2022-12-07T17:11:54","slug":"gebaeude-nr-24","status":"publish","type":"page","link":"https:\/\/historisches-kirchhellen.de\/?page_id=22143","title":{"rendered":"Geb\u00e4ude Nr. 24"},"content":{"rendered":"\n<p><strong>Wohnhaus im Besitz der Witwe Dahlmann (Dorf 4\/1 &#8211; Senheimer Stra\u00dfe)<\/strong><\/p>\n\n\n\n<p>Das Geb\u00e4ude lag s\u00fcdlich des Hofes Dahlmann, es war das sogenannte \u201eLemmh\u00fcsken\u201c. Der Name \u201eLemmh\u00fcsken\u201c stammte von dem fr\u00fcher dort wohnenden Tagel\u00f6hner Theodor Lemen. Das Haus geh\u00f6rte zum Hof Dahlmann. Einige Zeit diente es unbewohnt als Ger\u00e4teschuppen. Mitte der 1920er Jahre wurde es wieder kurzzeitig zum Wohnhaus umfunktioniert.<\/p>\n\n\n\n<figure class=\"wp-block-gallery has-nested-images columns-default is-cropped wp-block-gallery-1 is-layout-flex wp-block-gallery-is-layout-flex\">\n<figure class=\"wp-block-image size-large\"><a href=\"https:\/\/historisches-kirchhellen.de\/wp-content\/uploads\/2022\/12\/00227-Dorf-Kopie.jpg\"><img loading=\"lazy\" decoding=\"async\" width=\"772\" height=\"514\" data-id=\"22271\" src=\"https:\/\/historisches-kirchhellen.de\/wp-content\/uploads\/2022\/12\/00227-Dorf-Kopie.jpg\" alt=\"\" class=\"wp-image-22271\" srcset=\"https:\/\/historisches-kirchhellen.de\/wp-content\/uploads\/2022\/12\/00227-Dorf-Kopie.jpg 772w, https:\/\/historisches-kirchhellen.de\/wp-content\/uploads\/2022\/12\/00227-Dorf-Kopie-300x200.jpg 300w, https:\/\/historisches-kirchhellen.de\/wp-content\/uploads\/2022\/12\/00227-Dorf-Kopie-768x511.jpg 768w, https:\/\/historisches-kirchhellen.de\/wp-content\/uploads\/2022\/12\/00227-Dorf-Kopie-700x465.jpg 700w\" sizes=\"auto, (max-width: 772px) 100vw, 772px\" \/><\/a><figcaption class=\"wp-element-caption\">um 1930<\/figcaption><\/figure>\n\n\n\n<figure class=\"wp-block-image size-large\"><a href=\"https:\/\/historisches-kirchhellen.de\/wp-content\/uploads\/2022\/12\/24.jpg\"><img loading=\"lazy\" decoding=\"async\" width=\"1024\" height=\"768\" data-id=\"22272\" src=\"https:\/\/historisches-kirchhellen.de\/wp-content\/uploads\/2022\/12\/24-1024x768.jpg\" alt=\"\" class=\"wp-image-22272\" srcset=\"https:\/\/historisches-kirchhellen.de\/wp-content\/uploads\/2022\/12\/24-1024x768.jpg 1024w, https:\/\/historisches-kirchhellen.de\/wp-content\/uploads\/2022\/12\/24-300x225.jpg 300w, https:\/\/historisches-kirchhellen.de\/wp-content\/uploads\/2022\/12\/24-768x576.jpg 768w, https:\/\/historisches-kirchhellen.de\/wp-content\/uploads\/2022\/12\/24-1536x1152.jpg 1536w, https:\/\/historisches-kirchhellen.de\/wp-content\/uploads\/2022\/12\/24-2048x1536.jpg 2048w\" sizes=\"auto, (max-width: 1024px) 100vw, 1024px\" \/><\/a><figcaption class=\"wp-element-caption\">Modell<\/figcaption><\/figure>\n<\/figure>\n","protected":false},"excerpt":{"rendered":"<p>Wohnhaus im Besitz der Witwe Dahlmann (Dorf 4\/1 &#8211; Senheimer Stra\u00dfe) Das Geb\u00e4ude lag s\u00fcdlich des Hofes Dahlmann, es war das sogenannte \u201eLemmh\u00fcsken\u201c. Der Name &hellip; <\/p>\n","protected":false},"author":1,"featured_media":0,"parent":22071,"menu_order":25,"comment_status":"closed","ping_status":"closed","template":"","meta":{"_acf_changed":false,"footnotes":""},"class_list":["post-22143","page","type-page","status-publish","hentry"],"acf":[],"jetpack_sharing_enabled":true,"_links":{"self":[{"href":"https:\/\/historisches-kirchhellen.de\/index.php?rest_route=\/wp\/v2\/pages\/22143","targetHints":{"allow":["GET"]}}],"collection":[{"href":"https:\/\/historisches-kirchhellen.de\/index.php?rest_route=\/wp\/v2\/pages"}],"about":[{"href":"https:\/\/historisches-kirchhellen.de\/index.php?rest_route=\/wp\/v2\/types\/page"}],"author":[{"embeddable":true,"href":"https:\/\/historisches-kirchhellen.de\/index.php?rest_route=\/wp\/v2\/users\/1"}],"replies":[{"embeddable":true,"href":"https:\/\/historisches-kirchhellen.de\/index.php?rest_route=%2Fwp%2Fv2%2Fcomments&post=22143"}],"version-history":[{"count":0,"href":"https:\/\/historisches-kirchhellen.de\/index.php?rest_route=\/wp\/v2\/pages\/22143\/revisions"}],"up":[{"embeddable":true,"href":"https:\/\/historisches-kirchhellen.de\/index.php?rest_route=\/wp\/v2\/pages\/22071"}],"wp:attachment":[{"href":"https:\/\/historisches-kirchhellen.de\/index.php?rest_route=%2Fwp%2Fv2%2Fmedia&parent=22143"}],"curies":[{"name":"wp","href":"https:\/\/api.w.org\/{rel}","templated":true}]}}