{"id":22145,"date":"2022-12-04T13:24:10","date_gmt":"2022-12-04T11:24:10","guid":{"rendered":"https:\/\/historisches-kirchhellen.de\/?page_id=22145"},"modified":"2022-12-07T19:12:17","modified_gmt":"2022-12-07T17:12:17","slug":"gebaeude-nr-25","status":"publish","type":"page","link":"https:\/\/historisches-kirchhellen.de\/?page_id=22145","title":{"rendered":"Geb\u00e4ude Nr. 25"},"content":{"rendered":"\n<p><strong>Wohnhaus und Anstreichergesch\u00e4ft von Franz Xanten<\/strong> <strong>(Dorf 3 &#8211; Senheimer Stra\u00dfe)<\/strong><\/p>\n\n\n\n<p>Einst war das Grundst\u00fcck in Besitz der Familie Sanders, die dort bereits seit mindestens 1805 wohnhaft waren. Sp\u00e4ter ging es an die Familie Rade \u00fcber. Gegen Ende des 19. Jahrhunderts wurde der Anstreichermeister Franz Xanten Eigent\u00fcmer. Xanten war im Jahre 1883 der erste Kirchhellener Brezelk\u00f6nig.<\/p>\n\n\n\n<figure class=\"wp-block-gallery has-nested-images columns-default is-cropped wp-block-gallery-1 is-layout-flex wp-block-gallery-is-layout-flex\">\n<figure class=\"wp-block-image size-large\"><a href=\"https:\/\/historisches-kirchhellen.de\/wp-content\/uploads\/2022\/12\/04649-Xanten-edited-scaled.jpg\"><img loading=\"lazy\" decoding=\"async\" width=\"2560\" height=\"1952\" data-id=\"22276\" src=\"https:\/\/historisches-kirchhellen.de\/wp-content\/uploads\/2022\/12\/04649-Xanten-edited-scaled.jpg\" alt=\"\" class=\"wp-image-22276\" srcset=\"https:\/\/historisches-kirchhellen.de\/wp-content\/uploads\/2022\/12\/04649-Xanten-edited-scaled.jpg 2560w, https:\/\/historisches-kirchhellen.de\/wp-content\/uploads\/2022\/12\/04649-Xanten-edited-300x229.jpg 300w, https:\/\/historisches-kirchhellen.de\/wp-content\/uploads\/2022\/12\/04649-Xanten-edited-1024x781.jpg 1024w, https:\/\/historisches-kirchhellen.de\/wp-content\/uploads\/2022\/12\/04649-Xanten-edited-768x585.jpg 768w, https:\/\/historisches-kirchhellen.de\/wp-content\/uploads\/2022\/12\/04649-Xanten-edited-1536x1171.jpg 1536w, https:\/\/historisches-kirchhellen.de\/wp-content\/uploads\/2022\/12\/04649-Xanten-edited-2048x1561.jpg 2048w\" sizes=\"auto, (max-width: 2560px) 100vw, 2560px\" \/><\/a><figcaption class=\"wp-element-caption\">um 1910 &#8211; Zeichnung von Theo Kleppe<\/figcaption><\/figure>\n\n\n\n<figure class=\"wp-block-image size-large\"><a href=\"https:\/\/historisches-kirchhellen.de\/wp-content\/uploads\/2022\/12\/25-scaled.jpg\"><img loading=\"lazy\" decoding=\"async\" width=\"1024\" height=\"768\" data-id=\"22277\" src=\"https:\/\/historisches-kirchhellen.de\/wp-content\/uploads\/2022\/12\/25-1024x768.jpg\" alt=\"\" class=\"wp-image-22277\" srcset=\"https:\/\/historisches-kirchhellen.de\/wp-content\/uploads\/2022\/12\/25-1024x768.jpg 1024w, https:\/\/historisches-kirchhellen.de\/wp-content\/uploads\/2022\/12\/25-300x225.jpg 300w, https:\/\/historisches-kirchhellen.de\/wp-content\/uploads\/2022\/12\/25-768x576.jpg 768w, https:\/\/historisches-kirchhellen.de\/wp-content\/uploads\/2022\/12\/25-1536x1152.jpg 1536w, https:\/\/historisches-kirchhellen.de\/wp-content\/uploads\/2022\/12\/25-2048x1536.jpg 2048w\" sizes=\"auto, (max-width: 1024px) 100vw, 1024px\" \/><\/a><figcaption class=\"wp-element-caption\">Modell<\/figcaption><\/figure>\n<\/figure>\n","protected":false},"excerpt":{"rendered":"<p>Wohnhaus und Anstreichergesch\u00e4ft von Franz Xanten (Dorf 3 &#8211; Senheimer Stra\u00dfe) Einst war das Grundst\u00fcck in Besitz der Familie Sanders, die dort bereits seit mindestens &hellip; <\/p>\n","protected":false},"author":1,"featured_media":0,"parent":22071,"menu_order":26,"comment_status":"closed","ping_status":"closed","template":"","meta":{"_acf_changed":false,"footnotes":""},"class_list":["post-22145","page","type-page","status-publish","hentry"],"acf":[],"jetpack_sharing_enabled":true,"_links":{"self":[{"href":"https:\/\/historisches-kirchhellen.de\/index.php?rest_route=\/wp\/v2\/pages\/22145","targetHints":{"allow":["GET"]}}],"collection":[{"href":"https:\/\/historisches-kirchhellen.de\/index.php?rest_route=\/wp\/v2\/pages"}],"about":[{"href":"https:\/\/historisches-kirchhellen.de\/index.php?rest_route=\/wp\/v2\/types\/page"}],"author":[{"embeddable":true,"href":"https:\/\/historisches-kirchhellen.de\/index.php?rest_route=\/wp\/v2\/users\/1"}],"replies":[{"embeddable":true,"href":"https:\/\/historisches-kirchhellen.de\/index.php?rest_route=%2Fwp%2Fv2%2Fcomments&post=22145"}],"version-history":[{"count":0,"href":"https:\/\/historisches-kirchhellen.de\/index.php?rest_route=\/wp\/v2\/pages\/22145\/revisions"}],"up":[{"embeddable":true,"href":"https:\/\/historisches-kirchhellen.de\/index.php?rest_route=\/wp\/v2\/pages\/22071"}],"wp:attachment":[{"href":"https:\/\/historisches-kirchhellen.de\/index.php?rest_route=%2Fwp%2Fv2%2Fmedia&parent=22145"}],"curies":[{"name":"wp","href":"https:\/\/api.w.org\/{rel}","templated":true}]}}