{"id":22177,"date":"2022-12-07T19:18:21","date_gmt":"2022-12-07T17:18:21","guid":{"rendered":"https:\/\/historisches-kirchhellen.de\/?page_id=22177"},"modified":"2022-12-07T19:18:22","modified_gmt":"2022-12-07T17:18:22","slug":"gebaeude-nr-41","status":"publish","type":"page","link":"https:\/\/historisches-kirchhellen.de\/?page_id=22177","title":{"rendered":"Geb\u00e4ude Nr. 41"},"content":{"rendered":"\n<p><strong>Wohnhaus und Schmiede von Peter Brauckmann (Dorf 45 &#8211; Am Alten Kirchplatz)<\/strong><\/p>\n\n\n\n<p>Die Schmiede Brauckmann stand an der Ecke Am alten Kirchplatz \/ Senheimer Stra\u00dfe (fr\u00fcher Bogenstra\u00dfe). Im Jahre 1818 heiratete der aus Gladbeck stammende Johann Henrich Schulte-Zweckel die Tochter des K\u00f6tters Werner Gosmann, der dieses Haus erbaut hatte. 1884 \u00fcbernahm Peter Brauckmann die Schmiede, die bereits sein Vater seit 1854 betrieben hatte. 1952 wurde die Schmiede an den heutigen Kirchhellener Ring verlegt. Das Haus, erbaut 1808, ist im M\u00e4rz 1966 abgebrochen worden. Die Balkeninschrift lautete:<\/p>\n\n\n\n<p class=\"has-text-align-center\">GOT BEWARE DIESES HAVS DIE DAGEHEN EIN VND AVS<br>WERNERVS STEMMER GENANT GOSMAN VND ANNA MARIA HETKEMPER GENANT GOSMAN<br>ANNO 1808 DEN 24 SEPTEMBER V. M. D. K.<\/p>\n\n\n\n<p>Das Adressbuch von 1914 verzeichnet:<br>Brauckmann, Peter, Schmied (Eigent\u00fcmer)<br>Brauckmann, Franz, Maschinenbausch\u00fcler<br>G\u00fctthoff, Angela, Witwe<\/p>\n\n\n\n<figure class=\"wp-block-gallery has-nested-images columns-default is-cropped wp-block-gallery-1 is-layout-flex wp-block-gallery-is-layout-flex\">\n<figure class=\"wp-block-image size-large\"><a href=\"https:\/\/historisches-kirchhellen.de\/wp-content\/uploads\/2022\/01\/Dorf_45-scaled.jpg\"><img loading=\"lazy\" decoding=\"async\" width=\"1024\" height=\"683\" data-id=\"21434\" src=\"https:\/\/historisches-kirchhellen.de\/wp-content\/uploads\/2022\/01\/Dorf_45-1024x683.jpg\" alt=\"\" class=\"wp-image-21434\" srcset=\"https:\/\/historisches-kirchhellen.de\/wp-content\/uploads\/2022\/01\/Dorf_45-1024x683.jpg 1024w, https:\/\/historisches-kirchhellen.de\/wp-content\/uploads\/2022\/01\/Dorf_45-300x200.jpg 300w, https:\/\/historisches-kirchhellen.de\/wp-content\/uploads\/2022\/01\/Dorf_45-768x512.jpg 768w, https:\/\/historisches-kirchhellen.de\/wp-content\/uploads\/2022\/01\/Dorf_45-1536x1024.jpg 1536w, https:\/\/historisches-kirchhellen.de\/wp-content\/uploads\/2022\/01\/Dorf_45-2048x1365.jpg 2048w\" sizes=\"auto, (max-width: 1024px) 100vw, 1024px\" \/><\/a><figcaption class=\"wp-element-caption\">um 1960<\/figcaption><\/figure>\n\n\n\n<figure class=\"wp-block-image size-large\"><a href=\"https:\/\/historisches-kirchhellen.de\/wp-content\/uploads\/2022\/12\/41.jpg\"><img loading=\"lazy\" decoding=\"async\" width=\"1024\" height=\"768\" data-id=\"22329\" src=\"https:\/\/historisches-kirchhellen.de\/wp-content\/uploads\/2022\/12\/41-1024x768.jpg\" alt=\"\" class=\"wp-image-22329\" srcset=\"https:\/\/historisches-kirchhellen.de\/wp-content\/uploads\/2022\/12\/41-1024x768.jpg 1024w, https:\/\/historisches-kirchhellen.de\/wp-content\/uploads\/2022\/12\/41-300x225.jpg 300w, https:\/\/historisches-kirchhellen.de\/wp-content\/uploads\/2022\/12\/41-768x576.jpg 768w, https:\/\/historisches-kirchhellen.de\/wp-content\/uploads\/2022\/12\/41-1536x1152.jpg 1536w, https:\/\/historisches-kirchhellen.de\/wp-content\/uploads\/2022\/12\/41.jpg 1623w\" sizes=\"auto, (max-width: 1024px) 100vw, 1024px\" \/><\/a><figcaption class=\"wp-element-caption\">Modell<\/figcaption><\/figure>\n<\/figure>\n","protected":false},"excerpt":{"rendered":"<p>Wohnhaus und Schmiede von Peter Brauckmann (Dorf 45 &#8211; Am Alten Kirchplatz) Die Schmiede Brauckmann stand an der Ecke Am alten Kirchplatz \/ Senheimer Stra\u00dfe &hellip; <\/p>\n","protected":false},"author":1,"featured_media":0,"parent":22071,"menu_order":42,"comment_status":"closed","ping_status":"closed","template":"","meta":{"_acf_changed":false,"footnotes":""},"class_list":["post-22177","page","type-page","status-publish","hentry"],"acf":[],"jetpack_sharing_enabled":true,"_links":{"self":[{"href":"https:\/\/historisches-kirchhellen.de\/index.php?rest_route=\/wp\/v2\/pages\/22177","targetHints":{"allow":["GET"]}}],"collection":[{"href":"https:\/\/historisches-kirchhellen.de\/index.php?rest_route=\/wp\/v2\/pages"}],"about":[{"href":"https:\/\/historisches-kirchhellen.de\/index.php?rest_route=\/wp\/v2\/types\/page"}],"author":[{"embeddable":true,"href":"https:\/\/historisches-kirchhellen.de\/index.php?rest_route=\/wp\/v2\/users\/1"}],"replies":[{"embeddable":true,"href":"https:\/\/historisches-kirchhellen.de\/index.php?rest_route=%2Fwp%2Fv2%2Fcomments&post=22177"}],"version-history":[{"count":0,"href":"https:\/\/historisches-kirchhellen.de\/index.php?rest_route=\/wp\/v2\/pages\/22177\/revisions"}],"up":[{"embeddable":true,"href":"https:\/\/historisches-kirchhellen.de\/index.php?rest_route=\/wp\/v2\/pages\/22071"}],"wp:attachment":[{"href":"https:\/\/historisches-kirchhellen.de\/index.php?rest_route=%2Fwp%2Fv2%2Fmedia&parent=22177"}],"curies":[{"name":"wp","href":"https:\/\/api.w.org\/{rel}","templated":true}]}}