{"id":22193,"date":"2022-12-07T19:20:17","date_gmt":"2022-12-07T17:20:17","guid":{"rendered":"https:\/\/historisches-kirchhellen.de\/?page_id=22193"},"modified":"2022-12-07T19:20:19","modified_gmt":"2022-12-07T17:20:19","slug":"gebaeude-nr-49","status":"publish","type":"page","link":"https:\/\/historisches-kirchhellen.de\/?page_id=22193","title":{"rendered":"Geb\u00e4ude Nr. 49"},"content":{"rendered":"\n<p><strong>Wohnhaus des Landwirtes Theodor Schmidt (Dorf 36 &#8211; Wellbraucksweg 1)<\/strong><\/p>\n\n\n\n<p>Der Hof lag urspr\u00fcnglich an der Oberhofstra\u00dfe, Ecke Wellbraucksweg, also nahe der ehemaligen Burg Kirchhellen. Mit dem Namen Schmidt verbindet sich der Gedanke an den ehemaligen Schmied der Burg. Das Schatzungsregister bezeichnet ihn denn auch als &#8222;den Schmidt auf\u00b4m Hau\u00df&#8220;, wobei mit &#8222;dem Hau\u00df&#8220; die Burg gemeint war.<\/p>\n\n\n\n<p>Wie oft das Hofgeb\u00e4ude, das um 1600 das erste Mal als Siedlungsst\u00e4tte errichtet wurde, im Laufe der Zeit restauriert oder neu erbaut worden ist, l\u00e4sst sich nicht mehr nachweisen. Eine Balkeninschrift von 1799 bezeugt den wohl letzten Umbau als Fachwerkhaus bis zu der Zerst\u00f6rung am 1. Mai 1943 durch Fliegerbomben. Auch ein uralter Walnussbaum, ein weit sichtbares Wahrzeichen des Hofes, wurde bei diesem Luftangriff in St\u00fccke gerissen. Das wieder errichtete Haus diente nach dem Kriege dann nur als Wohnhaus. Die neue Hofstelle wurde am Kirchhellener Ring gegen\u00fcber dem Krankenhaus errichtet, musste aber in der achtziger Jahren der Ortskernbebauung weichen.<\/p>\n\n\n\n<p>Die Inschrift des Balkens von 1799 lautete: &#8222;Gelobeth sei Jesus Christus in alle Ewigkeit Amen. Wer auf Gott vertraut, der hat wol gebaut. Diesen Bau ist durch die Hilfe Gottes auf diesen Platz gekommen und hoffet den Frieden und die Eheleute, die den Bau haben richten lassen. Sind diese Johann Joseph Schulte und Anna Maria Schmitz mit ihren drei einverliebten Kindern. Durch Meister Werner R.W.K. den 19. Nov. anno 1799.&#8220;<\/p>\n\n\n\n<p>Im Adressbuch von 1914 sind verzeichnet:<br>Schmidt, Theodor, Ackerer (Eigent\u00fcmer)<br>Schmidt, Joseph, Ackerer<br>Beckedahl gt. Schmidt, Witwe<br>Schnieder, Elisabeth, Dienstmagd<br>Wiethege, Gertrud, Dienstmagd<br>Schnieder, Wilhelm, Knecht<\/p>\n\n\n\n<figure class=\"wp-block-gallery has-nested-images columns-default is-cropped wp-block-gallery-1 is-layout-flex wp-block-gallery-is-layout-flex\">\n<figure class=\"wp-block-image size-large\"><a href=\"https:\/\/historisches-kirchhellen.de\/wp-content\/uploads\/2022\/01\/Dorf_36.jpg\"><img loading=\"lazy\" decoding=\"async\" width=\"655\" height=\"1024\" data-id=\"21427\" src=\"https:\/\/historisches-kirchhellen.de\/wp-content\/uploads\/2022\/01\/Dorf_36-655x1024.jpg\" alt=\"\" class=\"wp-image-21427\" srcset=\"https:\/\/historisches-kirchhellen.de\/wp-content\/uploads\/2022\/01\/Dorf_36-655x1024.jpg 655w, https:\/\/historisches-kirchhellen.de\/wp-content\/uploads\/2022\/01\/Dorf_36-192x300.jpg 192w, https:\/\/historisches-kirchhellen.de\/wp-content\/uploads\/2022\/01\/Dorf_36-768x1200.jpg 768w, https:\/\/historisches-kirchhellen.de\/wp-content\/uploads\/2022\/01\/Dorf_36.jpg 981w\" sizes=\"auto, (max-width: 655px) 100vw, 655px\" \/><\/a><figcaption class=\"wp-element-caption\">um 1915<\/figcaption><\/figure>\n\n\n\n<figure class=\"wp-block-image size-large\"><a href=\"https:\/\/historisches-kirchhellen.de\/wp-content\/uploads\/2022\/12\/Schmidt1943.jpg\"><img loading=\"lazy\" decoding=\"async\" width=\"659\" height=\"696\" data-id=\"22350\" src=\"https:\/\/historisches-kirchhellen.de\/wp-content\/uploads\/2022\/12\/Schmidt1943.jpg\" alt=\"\" class=\"wp-image-22350\" srcset=\"https:\/\/historisches-kirchhellen.de\/wp-content\/uploads\/2022\/12\/Schmidt1943.jpg 659w, https:\/\/historisches-kirchhellen.de\/wp-content\/uploads\/2022\/12\/Schmidt1943-284x300.jpg 284w\" sizes=\"auto, (max-width: 659px) 100vw, 659px\" \/><\/a><figcaption class=\"wp-element-caption\">Mai 1943<\/figcaption><\/figure>\n\n\n\n<figure class=\"wp-block-image size-large\"><a href=\"https:\/\/historisches-kirchhellen.de\/wp-content\/uploads\/2022\/12\/49.jpg\"><img loading=\"lazy\" decoding=\"async\" width=\"1024\" height=\"768\" data-id=\"22351\" src=\"https:\/\/historisches-kirchhellen.de\/wp-content\/uploads\/2022\/12\/49-1024x768.jpg\" alt=\"\" class=\"wp-image-22351\" srcset=\"https:\/\/historisches-kirchhellen.de\/wp-content\/uploads\/2022\/12\/49-1024x768.jpg 1024w, https:\/\/historisches-kirchhellen.de\/wp-content\/uploads\/2022\/12\/49-300x225.jpg 300w, https:\/\/historisches-kirchhellen.de\/wp-content\/uploads\/2022\/12\/49-768x576.jpg 768w, https:\/\/historisches-kirchhellen.de\/wp-content\/uploads\/2022\/12\/49-1536x1152.jpg 1536w, https:\/\/historisches-kirchhellen.de\/wp-content\/uploads\/2022\/12\/49.jpg 2005w\" sizes=\"auto, (max-width: 1024px) 100vw, 1024px\" \/><\/a><figcaption class=\"wp-element-caption\">Modell<\/figcaption><\/figure>\n<\/figure>\n","protected":false},"excerpt":{"rendered":"<p>Wohnhaus des Landwirtes Theodor Schmidt (Dorf 36 &#8211; Wellbraucksweg 1) Der Hof lag urspr\u00fcnglich an der Oberhofstra\u00dfe, Ecke Wellbraucksweg, also nahe der ehemaligen Burg Kirchhellen. &hellip; <\/p>\n","protected":false},"author":1,"featured_media":0,"parent":22071,"menu_order":50,"comment_status":"closed","ping_status":"closed","template":"","meta":{"_acf_changed":false,"footnotes":""},"class_list":["post-22193","page","type-page","status-publish","hentry"],"acf":[],"jetpack_sharing_enabled":true,"_links":{"self":[{"href":"https:\/\/historisches-kirchhellen.de\/index.php?rest_route=\/wp\/v2\/pages\/22193","targetHints":{"allow":["GET"]}}],"collection":[{"href":"https:\/\/historisches-kirchhellen.de\/index.php?rest_route=\/wp\/v2\/pages"}],"about":[{"href":"https:\/\/historisches-kirchhellen.de\/index.php?rest_route=\/wp\/v2\/types\/page"}],"author":[{"embeddable":true,"href":"https:\/\/historisches-kirchhellen.de\/index.php?rest_route=\/wp\/v2\/users\/1"}],"replies":[{"embeddable":true,"href":"https:\/\/historisches-kirchhellen.de\/index.php?rest_route=%2Fwp%2Fv2%2Fcomments&post=22193"}],"version-history":[{"count":0,"href":"https:\/\/historisches-kirchhellen.de\/index.php?rest_route=\/wp\/v2\/pages\/22193\/revisions"}],"up":[{"embeddable":true,"href":"https:\/\/historisches-kirchhellen.de\/index.php?rest_route=\/wp\/v2\/pages\/22071"}],"wp:attachment":[{"href":"https:\/\/historisches-kirchhellen.de\/index.php?rest_route=%2Fwp%2Fv2%2Fmedia&parent=22193"}],"curies":[{"name":"wp","href":"https:\/\/api.w.org\/{rel}","templated":true}]}}