{"id":22199,"date":"2022-12-07T19:21:04","date_gmt":"2022-12-07T17:21:04","guid":{"rendered":"https:\/\/historisches-kirchhellen.de\/?page_id=22199"},"modified":"2022-12-07T19:21:05","modified_gmt":"2022-12-07T17:21:05","slug":"gebaeude-nr-52","status":"publish","type":"page","link":"https:\/\/historisches-kirchhellen.de\/?page_id=22199","title":{"rendered":"Geb\u00e4ude Nr. 52"},"content":{"rendered":"\n<p><strong>Wohnhaus und Gastwirtschaft der Witwe Allekotte<\/strong> <strong>(Dorf 38 &#8211; Oberhofstra\u00dfe 14)<\/strong><\/p>\n\n\n\n<p>Die Wirtschaft Allekotte lag an der Ecke Oberhofstra\u00dfe\/Burgstra\u00dfe. Das zuletzt dort stehende Geb\u00e4ude wurde 1913 von Theodor Allekotte errichtet, nachdem das alte Fachwerkhaus im Jahre 1910 abgebrannt war. Da in der Wirtschaft w\u00f6chentlich die Chorproben des Kirchenchores stattfanden, bekam die sie den Namen &#8222;S\u00e4ngerheim&#8220;. Sp\u00e4ter hie\u00df das Lokal unter anderem &#8222;Alt-Berlin&#8220;, &#8222;Wackel-Dackel&#8220; und &#8222;Star Chief Diner&#8220;. Das Haus wurde im Jahre 2012 abgebrochen und durch einen Neubau ersetzt.<\/p>\n\n\n\n<p>Im Adressbuch von 1914 sind verzeichnet:<br>Allekotte, Witwe Theodor, Wirtin (Eigent\u00fcmerin)<br>Allekotte, Johann, Schmied<br>Luerweg, Maria, Magd<br>Fiele, Johann, Stellmacher<\/p>\n\n\n\n<figure class=\"wp-block-gallery has-nested-images columns-default is-cropped wp-block-gallery-1 is-layout-flex wp-block-gallery-is-layout-flex\">\n<figure class=\"wp-block-image size-large\"><a href=\"https:\/\/historisches-kirchhellen.de\/wp-content\/uploads\/2022\/01\/Dorf_38-scaled.jpg\"><img loading=\"lazy\" decoding=\"async\" width=\"1024\" height=\"682\" data-id=\"21430\" src=\"https:\/\/historisches-kirchhellen.de\/wp-content\/uploads\/2022\/01\/Dorf_38-1024x682.jpg\" alt=\"\" class=\"wp-image-21430\" srcset=\"https:\/\/historisches-kirchhellen.de\/wp-content\/uploads\/2022\/01\/Dorf_38-1024x682.jpg 1024w, https:\/\/historisches-kirchhellen.de\/wp-content\/uploads\/2022\/01\/Dorf_38-300x200.jpg 300w, https:\/\/historisches-kirchhellen.de\/wp-content\/uploads\/2022\/01\/Dorf_38-768x512.jpg 768w, https:\/\/historisches-kirchhellen.de\/wp-content\/uploads\/2022\/01\/Dorf_38-1536x1024.jpg 1536w, https:\/\/historisches-kirchhellen.de\/wp-content\/uploads\/2022\/01\/Dorf_38-2048x1365.jpg 2048w, https:\/\/historisches-kirchhellen.de\/wp-content\/uploads\/2022\/01\/Dorf_38-700x465.jpg 700w\" sizes=\"auto, (max-width: 1024px) 100vw, 1024px\" \/><\/a><figcaption class=\"wp-element-caption\">um 1915<\/figcaption><\/figure>\n\n\n\n<figure class=\"wp-block-image size-large\"><a href=\"https:\/\/historisches-kirchhellen.de\/wp-content\/uploads\/2022\/12\/52.jpg\"><img loading=\"lazy\" decoding=\"async\" width=\"1024\" height=\"768\" data-id=\"22202\" src=\"https:\/\/historisches-kirchhellen.de\/wp-content\/uploads\/2022\/12\/52-1024x768.jpg\" alt=\"\" class=\"wp-image-22202\" srcset=\"https:\/\/historisches-kirchhellen.de\/wp-content\/uploads\/2022\/12\/52-1024x768.jpg 1024w, https:\/\/historisches-kirchhellen.de\/wp-content\/uploads\/2022\/12\/52-300x225.jpg 300w, https:\/\/historisches-kirchhellen.de\/wp-content\/uploads\/2022\/12\/52-768x576.jpg 768w, https:\/\/historisches-kirchhellen.de\/wp-content\/uploads\/2022\/12\/52.jpg 1442w\" sizes=\"auto, (max-width: 1024px) 100vw, 1024px\" \/><\/a><figcaption class=\"wp-element-caption\">Modell<\/figcaption><\/figure>\n<\/figure>\n","protected":false},"excerpt":{"rendered":"<p>Wohnhaus und Gastwirtschaft der Witwe Allekotte (Dorf 38 &#8211; Oberhofstra\u00dfe 14) Die Wirtschaft Allekotte lag an der Ecke Oberhofstra\u00dfe\/Burgstra\u00dfe. Das zuletzt dort stehende Geb\u00e4ude wurde &hellip; <\/p>\n","protected":false},"author":1,"featured_media":0,"parent":22071,"menu_order":53,"comment_status":"closed","ping_status":"closed","template":"","meta":{"_acf_changed":false,"footnotes":""},"class_list":["post-22199","page","type-page","status-publish","hentry"],"acf":[],"jetpack_sharing_enabled":true,"_links":{"self":[{"href":"https:\/\/historisches-kirchhellen.de\/index.php?rest_route=\/wp\/v2\/pages\/22199","targetHints":{"allow":["GET"]}}],"collection":[{"href":"https:\/\/historisches-kirchhellen.de\/index.php?rest_route=\/wp\/v2\/pages"}],"about":[{"href":"https:\/\/historisches-kirchhellen.de\/index.php?rest_route=\/wp\/v2\/types\/page"}],"author":[{"embeddable":true,"href":"https:\/\/historisches-kirchhellen.de\/index.php?rest_route=\/wp\/v2\/users\/1"}],"replies":[{"embeddable":true,"href":"https:\/\/historisches-kirchhellen.de\/index.php?rest_route=%2Fwp%2Fv2%2Fcomments&post=22199"}],"version-history":[{"count":0,"href":"https:\/\/historisches-kirchhellen.de\/index.php?rest_route=\/wp\/v2\/pages\/22199\/revisions"}],"up":[{"embeddable":true,"href":"https:\/\/historisches-kirchhellen.de\/index.php?rest_route=\/wp\/v2\/pages\/22071"}],"wp:attachment":[{"href":"https:\/\/historisches-kirchhellen.de\/index.php?rest_route=%2Fwp%2Fv2%2Fmedia&parent=22199"}],"curies":[{"name":"wp","href":"https:\/\/api.w.org\/{rel}","templated":true}]}}