{"id":22539,"date":"2023-11-22T00:54:25","date_gmt":"2023-11-21T22:54:25","guid":{"rendered":"https:\/\/historisches-kirchhellen.de\/?page_id=22539"},"modified":"2023-11-22T00:54:28","modified_gmt":"2023-11-21T22:54:28","slug":"der-schwarze-hund-2","status":"publish","type":"page","link":"https:\/\/historisches-kirchhellen.de\/?page_id=22539","title":{"rendered":"Der schwarze Hund (2)"},"content":{"rendered":"\n<p><em>von Theodor Holl\u00e4nder, Zweckel<\/em><\/p>\n\n\n\n<p class=\"has-text-align-justify\">In den ersten Jahrzehnten des vorigen Jahrhunderts<sup data-fn=\"78a3b867-60f2-49d0-a2c2-e273cfe3d78f\" class=\"fn\"><a href=\"#78a3b867-60f2-49d0-a2c2-e273cfe3d78f\" id=\"78a3b867-60f2-49d0-a2c2-e273cfe3d78f-link\">1<\/a><\/sup> trieb der &#8222;schwarze Hund&#8220; in Gladbeck sein Unwesen. Dieses geheimnisvolle Tier kam von der Petersm\u00fchle bei Feldhausen. Die Petersm\u00fchle lag an der Stra\u00dfe, die als Fortsetzung der Scholver Stra\u00dfe von Zweckel nach Kirchhellen f\u00fchrt<sup data-fn=\"ac7d6069-bd62-4537-ac05-87dd92dc13ab\" class=\"fn\"><a href=\"#ac7d6069-bd62-4537-ac05-87dd92dc13ab\" id=\"ac7d6069-bd62-4537-ac05-87dd92dc13ab-link\">2<\/a><\/sup>, etliche Meter von der Schmiede Gahlen entfernt. In einer Nacht wanderte der Hund von dieser M\u00fchle durch Zweckel und Gladbeck nach Brauck, in der n\u00e4chsten Nacht denselben Weg zur\u00fcck. Er lief \u00fcber die jetzige Feldhauser Stra\u00dfe bis dorthin, wo jetzt der Gladbecker Friedhof ist, dann \u00fcber den Pfad zwischen den G\u00e4rten an Enbergs, Vortmann, Kocks vorbei, \u00fcber Buersfeld zur Rentroper M\u00fchle. In der Gegend, in der die Sch\u00e4chte III\/IV der Schachtanlage Moltke sich befinden, endete sein Gang. Dort hatte der Hund einen Unterschlupf, den man nicht entdecken konnte. In der n\u00e4chsten Nacht wanderte er zur Petersm\u00fchle zur\u00fcck.<\/p>\n\n\n\n<p class=\"has-text-align-justify\">Der Hund tat niemandem etwas zuleide, wenn man ihn unbehelligt lie\u00df. Von einem Kampf mit ihm berichtet die Sage. S\u00f6ller aus Zweckel kam am Fastnachtsabend des Jahres 1836 von der Fastnachtsfeier der Zweckeler Bliese bei Jangerds (sp\u00e4ter van Ahlen) heim. Zwischen den G\u00e4rten begegnete ihm der schwarze Hund. Da ein Ausweichen nicht gut m\u00f6glich war und S\u00f6ller einen eisenbeschlagenen Mispelstock bei sich f\u00fchrte, auch keine Furcht kannte und \u00fcberm\u00fctig war, so dachte er auf leichte Weise den Hund vertreiben zu k\u00f6nnen. Da es aber kein gew\u00f6hnlicher Hund war, so bekam er einen schweren Stand. W\u00e4ren nicht die anderen Zweckeler Jungen zum Gl\u00fcck hinzugekommen, wer wei\u00df, ob S\u00f6ller lebend entkommen w\u00e4re.<\/p>\n\n\n\n<p class=\"has-text-align-justify\">In sp\u00e4teren Jahren ist der schwarze Hund spurlos verschwunden.<\/p>\n\n\n\n<p class=\"has-text-align-justify\"><em>aus: Gladbecker BI\u00e4tter 9. Jahrgang 1920, S. 47\/48<\/em><\/p>\n\n\n\n<p class=\"has-text-align-justify\"><span style=\"text-decoration: underline;\">Anmerkung:<\/span> Die Petersm\u00fchle hat existiert. Schon im Xantener Heberegister aus dem 13. Jahrhundert ist unter Velthusen die petersmolen casa aufgef\u00fchrt. 1696 werden die Bewohner Gladbecks und Kirchhellens verpflichtet, den in Zweckel und Kirchhellen (Feldhausen) verlaufenden Peterm\u00fchlenweg auszubessern. Die Flur 69 in Feldhausen (zwischen der Eisenbahnstrecke und dem die Grenze zu Gladbeck bildenden M\u00fchlbach) hat ein Flurst\u00fcck mit der Bezeichnung &#8222;Petersm\u00fchlen Wiese&#8220;.<\/p>\n\n\n<ol class=\"wp-block-footnotes\"><li id=\"78a3b867-60f2-49d0-a2c2-e273cfe3d78f\">Anmerkung: des 19. Jahrhunderts. <a href=\"#78a3b867-60f2-49d0-a2c2-e273cfe3d78f-link\" aria-label=\"Zur Fu\u00dfnotenreferenz 1 navigieren\">\u21a9\ufe0e<\/a><\/li><li id=\"ac7d6069-bd62-4537-ac05-87dd92dc13ab\">Anmerkung: der heutige <a href=\"https:\/\/historisches-kirchhellen.de\/?page_id=369\" data-type=\"page\" data-id=\"369\">Lippweg<\/a> <a href=\"#ac7d6069-bd62-4537-ac05-87dd92dc13ab-link\" aria-label=\"Zur Fu\u00dfnotenreferenz 2 navigieren\">\u21a9\ufe0e<\/a><\/li><\/ol>","protected":false},"excerpt":{"rendered":"<p>von Theodor Holl\u00e4nder, Zweckel In den ersten Jahrzehnten des vorigen Jahrhunderts trieb der &#8222;schwarze Hund&#8220; in Gladbeck sein Unwesen. Dieses geheimnisvolle Tier kam von der &hellip; <\/p>\n","protected":false},"author":1,"featured_media":0,"parent":0,"menu_order":0,"comment_status":"closed","ping_status":"closed","template":"","meta":{"_acf_changed":false,"footnotes":"[{\"content\":\"Anmerkung: des 19. Jahrhunderts.\",\"id\":\"78a3b867-60f2-49d0-a2c2-e273cfe3d78f\"},{\"content\":\"Anmerkung: der heutige <a href=\\\"https:\/\/historisches-kirchhellen.de\/?page_id=369\\\" data-type=\\\"page\\\" data-id=\\\"369\\\">Lippweg<\/a>\",\"id\":\"ac7d6069-bd62-4537-ac05-87dd92dc13ab\"}]"},"class_list":["post-22539","page","type-page","status-publish","hentry"],"acf":[],"jetpack_sharing_enabled":true,"_links":{"self":[{"href":"https:\/\/historisches-kirchhellen.de\/index.php?rest_route=\/wp\/v2\/pages\/22539","targetHints":{"allow":["GET"]}}],"collection":[{"href":"https:\/\/historisches-kirchhellen.de\/index.php?rest_route=\/wp\/v2\/pages"}],"about":[{"href":"https:\/\/historisches-kirchhellen.de\/index.php?rest_route=\/wp\/v2\/types\/page"}],"author":[{"embeddable":true,"href":"https:\/\/historisches-kirchhellen.de\/index.php?rest_route=\/wp\/v2\/users\/1"}],"replies":[{"embeddable":true,"href":"https:\/\/historisches-kirchhellen.de\/index.php?rest_route=%2Fwp%2Fv2%2Fcomments&post=22539"}],"version-history":[{"count":3,"href":"https:\/\/historisches-kirchhellen.de\/index.php?rest_route=\/wp\/v2\/pages\/22539\/revisions"}],"predecessor-version":[{"id":22560,"href":"https:\/\/historisches-kirchhellen.de\/index.php?rest_route=\/wp\/v2\/pages\/22539\/revisions\/22560"}],"wp:attachment":[{"href":"https:\/\/historisches-kirchhellen.de\/index.php?rest_route=%2Fwp%2Fv2%2Fmedia&parent=22539"}],"curies":[{"name":"wp","href":"https:\/\/api.w.org\/{rel}","templated":true}]}}