{"id":22547,"date":"2023-11-22T00:53:13","date_gmt":"2023-11-21T22:53:13","guid":{"rendered":"https:\/\/historisches-kirchhellen.de\/?page_id=22547"},"modified":"2023-11-22T00:53:15","modified_gmt":"2023-11-21T22:53:15","slug":"der-ring-der-johanna-christina-von-knipping","status":"publish","type":"page","link":"https:\/\/historisches-kirchhellen.de\/?page_id=22547","title":{"rendered":"Der Ring der Johanna Christina von Knipping"},"content":{"rendered":"\n<p><em>von Johannes Rottmann<\/em><\/p>\n\n\n\n<p class=\"has-text-align-justify\">Die Witwe des fr\u00fchverstorbenen Diedrich von Knipping auf Haus Hackfurt, Sibille von Westerholt, heiratete im Jahre 1625 den Statthalter Vincenz Rensing aus Dorsten. Das einzige Kind aus ihrer Ehe mit Diedrich von Knipping war die Erbtochter Johanna Christina. Sie heiratete im Jahre 1628 den Johann Dietrich vom benachbarten Hause Brabeck. Johanna Christina brachte eine stattliche Morgengabe mit in die Ehe. Hierauf bildete sich die stolze, selbstbewusste Frau einiges ein, zumal das Geschlecht der Brabecks verarmt war. Es hatte besonders w\u00e4hrend der Truchsessischen Wirren viel gelitten. 1583 war Brabeck gest\u00fcrmt und sein Besitzer, Georg von Brabeck, gefangen genommen worden. Er musste sich mit einem hohen L\u00f6segeld wieder freikaufen.<\/p>\n\n\n\n<p class=\"has-text-align-justify\">Im Bewusstsein ihres Reichtums warf Johanna Christina am Tage nach ihrer Hochzeit in Gegenwart ihres Mannes und zahlreicher G\u00e4ste einen wertvollen edelsteinbesetzten Ring in den Schlossteich und sprach hierbei selbstsicher: &#8222;So wahr wie dieser Ring nicht mehr zum Vorschein kommt, so wahr wird Brabeck nicht mehr verarmen!&#8220;<\/p>\n\n\n\n<p class=\"has-text-align-justify\">Im Mittelalter waren die Gew\u00e4sser sehr fischreich, und Fische waren auf jedem Tisch eine gern gesehene Speise. So sorgten die Teiche des Hauses Brabeck daf\u00fcr, dass in der Schlossk\u00fcche nach Belieben der Herrschaft Fischgerichte zubereitet werden konnten.<\/p>\n\n\n\n<p class=\"has-text-align-justify\">Noch zu Lebzeiten der Johanna Christina wurde beim Zubereiten eines dicken, im Schlossteich gefangenen Karpfens \u00fcberraschend der Ring gefunden, den Johanna Christina in ihrer \u00dcberheblichkeit \u2014 wie sie glaubte: f\u00fcr ewige Zeiten \u2014 in den Teich geworfen hatte und f\u00fcr immer verschwinden lassen wollte.<\/p>\n\n\n\n<p class=\"has-text-align-justify\">Johanna Christina erlebte es noch, dass mit ihrem verschwenderischen Enkel Johann Hermann von Brabeck das Verm\u00f6gen des Geschlechts ruiniert wurde. 1703 \u00fcbertrug daher die Abtei Werden als Eigent\u00fcmer des Hauses Brabeck, dieses wegen \u00dcberschuldung des damaligen Inhabers, das Lehen an die Freifrau Anna Sibilla von Westerholt. Das Geschlecht von Brabeck hat sich von diesem finanziellen Tiefstand nie wieder erholt. So bewahrheitete sich auch hier das Sprichwort &#8222;Gl\u00fcck und Glas, wie leicht bricht das.&#8220;<\/p>\n\n\n\n<p><em>aus: Schriftenreihe Nr. 6 des Vereins f\u00fcr Orts- und Heimatkunde Kirchhellen<\/em><\/p>\n","protected":false},"excerpt":{"rendered":"<p>von Johannes Rottmann Die Witwe des fr\u00fchverstorbenen Diedrich von Knipping auf Haus Hackfurt, Sibille von Westerholt, heiratete im Jahre 1625 den Statthalter Vincenz Rensing aus &hellip; <\/p>\n","protected":false},"author":1,"featured_media":0,"parent":0,"menu_order":0,"comment_status":"closed","ping_status":"closed","template":"","meta":{"_acf_changed":false,"footnotes":""},"class_list":["post-22547","page","type-page","status-publish","hentry"],"acf":[],"jetpack_sharing_enabled":true,"_links":{"self":[{"href":"https:\/\/historisches-kirchhellen.de\/index.php?rest_route=\/wp\/v2\/pages\/22547","targetHints":{"allow":["GET"]}}],"collection":[{"href":"https:\/\/historisches-kirchhellen.de\/index.php?rest_route=\/wp\/v2\/pages"}],"about":[{"href":"https:\/\/historisches-kirchhellen.de\/index.php?rest_route=\/wp\/v2\/types\/page"}],"author":[{"embeddable":true,"href":"https:\/\/historisches-kirchhellen.de\/index.php?rest_route=\/wp\/v2\/users\/1"}],"replies":[{"embeddable":true,"href":"https:\/\/historisches-kirchhellen.de\/index.php?rest_route=%2Fwp%2Fv2%2Fcomments&post=22547"}],"version-history":[{"count":3,"href":"https:\/\/historisches-kirchhellen.de\/index.php?rest_route=\/wp\/v2\/pages\/22547\/revisions"}],"predecessor-version":[{"id":22550,"href":"https:\/\/historisches-kirchhellen.de\/index.php?rest_route=\/wp\/v2\/pages\/22547\/revisions\/22550"}],"wp:attachment":[{"href":"https:\/\/historisches-kirchhellen.de\/index.php?rest_route=%2Fwp%2Fv2%2Fmedia&parent=22547"}],"curies":[{"name":"wp","href":"https:\/\/api.w.org\/{rel}","templated":true}]}}