{"id":230,"date":"2019-05-15T18:59:52","date_gmt":"2019-05-15T18:59:52","guid":{"rendered":"http:\/\/historisches-kirchhellen.de\/?page_id=230"},"modified":"2019-05-15T18:59:52","modified_gmt":"2019-05-15T18:59:52","slug":"schneiderstrasse","status":"publish","type":"page","link":"https:\/\/historisches-kirchhellen.de\/?page_id=230","title":{"rendered":"Schneiderstra\u00dfe"},"content":{"rendered":"\n<p>Die Schneiderstra\u00dfe ist gleichsam die Hauptstra\u00dfe des Ortsteils Grafenwald. Sie beginnt an der Bottroper Stra\u00dfe und m\u00fcndet in den Stra\u00dfenstern Heimersfeld-Prozessionsweg-<a href=\"http:\/\/historisches-kirchhellen.de\/?page_id=181\">Zur Grafenm\u00fchle<\/a>.<\/p>\n\n\n\n<p>Sie soll ihren Namen nach den dort fr\u00fcher wohnenden Schneidern F\u00fcrtges, Duckheim, Schnelting und \u201eH\u00fctten-Schnieder\u201c (Kalde) erhalten haben.\u00a0Die Bezeichnung ist bereits Generationen alt.<\/p>\n\n\n\n<p>Am 29.04.2019 wurde mit der lange geplanten Sanierung der Stra\u00dfe begonnen. Voraussichtlich 2 Jahre sollen die Bauarbeiten dauern.<\/p>\n","protected":false},"excerpt":{"rendered":"<p>Die Schneiderstra\u00dfe ist gleichsam die Hauptstra\u00dfe des Ortsteils Grafenwald. Sie beginnt an der Bottroper Stra\u00dfe und m\u00fcndet in den Stra\u00dfenstern Heimersfeld-Prozessionsweg-Zur Grafenm\u00fchle. Sie soll ihren &hellip; <\/p>\n","protected":false},"author":1,"featured_media":0,"parent":123,"menu_order":234,"comment_status":"closed","ping_status":"closed","template":"","meta":{"_acf_changed":false,"footnotes":""},"class_list":["post-230","page","type-page","status-publish","hentry"],"acf":[],"jetpack_sharing_enabled":true,"_links":{"self":[{"href":"https:\/\/historisches-kirchhellen.de\/index.php?rest_route=\/wp\/v2\/pages\/230","targetHints":{"allow":["GET"]}}],"collection":[{"href":"https:\/\/historisches-kirchhellen.de\/index.php?rest_route=\/wp\/v2\/pages"}],"about":[{"href":"https:\/\/historisches-kirchhellen.de\/index.php?rest_route=\/wp\/v2\/types\/page"}],"author":[{"embeddable":true,"href":"https:\/\/historisches-kirchhellen.de\/index.php?rest_route=\/wp\/v2\/users\/1"}],"replies":[{"embeddable":true,"href":"https:\/\/historisches-kirchhellen.de\/index.php?rest_route=%2Fwp%2Fv2%2Fcomments&post=230"}],"version-history":[{"count":0,"href":"https:\/\/historisches-kirchhellen.de\/index.php?rest_route=\/wp\/v2\/pages\/230\/revisions"}],"up":[{"embeddable":true,"href":"https:\/\/historisches-kirchhellen.de\/index.php?rest_route=\/wp\/v2\/pages\/123"}],"wp:attachment":[{"href":"https:\/\/historisches-kirchhellen.de\/index.php?rest_route=%2Fwp%2Fv2%2Fmedia&parent=230"}],"curies":[{"name":"wp","href":"https:\/\/api.w.org\/{rel}","templated":true}]}}

Schneiderstraße

<p>Die Schneiderstraße ist gleichsam die Hauptstraße des Ortsteils Grafenwald. Sie beginnt an der Bottroper Straße und mündet in den Straßenstern Heimersfeld-Prozessionsweg-<a href="http://historisches-kirchhellen.de/?page_id=181">Zur Grafenmühle</a>.</p>



<p>Sie soll ihren Namen nach den dort früher wohnenden Schneidern Fürtges, Duckheim, Schnelting und „Hütten-Schnieder“ (Kalde) erhalten haben. Die Bezeichnung ist bereits Generationen alt.</p>



<p>Am 29.04.2019 wurde mit der lange geplanten Sanierung der Straße begonnen. Voraussichtlich 2 Jahre sollen die Bauarbeiten dauern.</p>

<p>Die Schneiderstraße ist gleichsam die Hauptstraße des Ortsteils Grafenwald. Sie beginnt an der Bottroper Straße und mündet in den Straßenstern Heimersfeld-Prozessionsweg-Zur Grafenmühle. Sie soll ihren &hellip; </p>
