{"id":280,"date":"2019-05-15T19:14:48","date_gmt":"2019-05-15T19:14:48","guid":{"rendered":"http:\/\/historisches-kirchhellen.de\/?page_id=280"},"modified":"2019-05-15T19:14:48","modified_gmt":"2019-05-15T19:14:48","slug":"reckelsberg","status":"publish","type":"page","link":"https:\/\/historisches-kirchhellen.de\/?page_id=280","title":{"rendered":"Reckelsberg"},"content":{"rendered":"\n<p>Die Stra\u00dfe \u201eReckelsberg\u201c f\u00fchrt von der Gahlener Stra\u00dfe \u00fcber den Reckelsberg, \u00fcber die Nordhelle zur M\u00fcnsterstra\u00dfe.<\/p>\n\n\n\n<p>\u201eRecke\u201c ist eine uralte Bezeichnung f\u00fcr ein Gew\u00e4sser, hier sicherlich der&nbsp;Breilsbach. Der \u201eBerg\u201c hat hier wiederum seinen Namen vom benachbarten&nbsp;Bach. &nbsp;Auch der Familienname Rexforth d\u00fcrfte von dorther abzuleiten sein: eine&nbsp;Furth an der tiefsten Stelle \u00fcber oder durch den Bach (Rekkens-furth).\n\n<\/p>\n","protected":false},"excerpt":{"rendered":"<p>Die Stra\u00dfe \u201eReckelsberg\u201c f\u00fchrt von der Gahlener Stra\u00dfe \u00fcber den Reckelsberg, \u00fcber die Nordhelle zur M\u00fcnsterstra\u00dfe. \u201eRecke\u201c ist eine uralte Bezeichnung f\u00fcr ein Gew\u00e4sser, hier &hellip; <\/p>\n","protected":false},"author":1,"featured_media":0,"parent":123,"menu_order":25,"comment_status":"closed","ping_status":"closed","template":"","meta":{"_acf_changed":false,"footnotes":""},"class_list":["post-280","page","type-page","status-publish","hentry"],"acf":[],"jetpack_sharing_enabled":true,"_links":{"self":[{"href":"https:\/\/historisches-kirchhellen.de\/index.php?rest_route=\/wp\/v2\/pages\/280","targetHints":{"allow":["GET"]}}],"collection":[{"href":"https:\/\/historisches-kirchhellen.de\/index.php?rest_route=\/wp\/v2\/pages"}],"about":[{"href":"https:\/\/historisches-kirchhellen.de\/index.php?rest_route=\/wp\/v2\/types\/page"}],"author":[{"embeddable":true,"href":"https:\/\/historisches-kirchhellen.de\/index.php?rest_route=\/wp\/v2\/users\/1"}],"replies":[{"embeddable":true,"href":"https:\/\/historisches-kirchhellen.de\/index.php?rest_route=%2Fwp%2Fv2%2Fcomments&post=280"}],"version-history":[{"count":0,"href":"https:\/\/historisches-kirchhellen.de\/index.php?rest_route=\/wp\/v2\/pages\/280\/revisions"}],"up":[{"embeddable":true,"href":"https:\/\/historisches-kirchhellen.de\/index.php?rest_route=\/wp\/v2\/pages\/123"}],"wp:attachment":[{"href":"https:\/\/historisches-kirchhellen.de\/index.php?rest_route=%2Fwp%2Fv2%2Fmedia&parent=280"}],"curies":[{"name":"wp","href":"https:\/\/api.w.org\/{rel}","templated":true}]}}