{"id":300,"date":"2019-05-15T19:25:36","date_gmt":"2019-05-15T19:25:36","guid":{"rendered":"http:\/\/historisches-kirchhellen.de\/?page_id=300"},"modified":"2019-05-15T19:25:36","modified_gmt":"2019-05-15T19:25:36","slug":"matthias-claudius-strasse","status":"publish","type":"page","link":"https:\/\/historisches-kirchhellen.de\/?page_id=300","title":{"rendered":"Matthias-Claudius-Stra\u00dfe"},"content":{"rendered":"\n<p>Sie ist eine Stichstra\u00dfe von der Gartenstra\u00dfe in das Wohngebiet n\u00f6rdlich der Matthias-Claudius-Schule.<\/p>\n\n\n\n<p>Der Dichter Matthias Claudius, geboren 1740 in Reinfeld\/Holstein, gestorben 1815 In Hamburg war Redakteur des \u201eWandsbecker Boten\u201c, schrieb Erz\u00e4hlungen, Betrachtungen und Gedichte in einem von ihm in die Lyrik gebrachten frommen, gem\u00fctstiefen Ton. Bekannt ist das zum Volkslied gewordene \u201eDer Mond ist aufgegangen\u201c.<\/p>\n","protected":false},"excerpt":{"rendered":"<p>Sie ist eine Stichstra\u00dfe von der Gartenstra\u00dfe in das Wohngebiet n\u00f6rdlich der Matthias-Claudius-Schule. Der Dichter Matthias Claudius, geboren 1740 in Reinfeld\/Holstein, gestorben 1815 In Hamburg &hellip; <\/p>\n","protected":false},"author":1,"featured_media":0,"parent":123,"menu_order":272,"comment_status":"closed","ping_status":"closed","template":"","meta":{"_acf_changed":false,"footnotes":""},"class_list":["post-300","page","type-page","status-publish","hentry"],"acf":[],"jetpack_sharing_enabled":true,"_links":{"self":[{"href":"https:\/\/historisches-kirchhellen.de\/index.php?rest_route=\/wp\/v2\/pages\/300","targetHints":{"allow":["GET"]}}],"collection":[{"href":"https:\/\/historisches-kirchhellen.de\/index.php?rest_route=\/wp\/v2\/pages"}],"about":[{"href":"https:\/\/historisches-kirchhellen.de\/index.php?rest_route=\/wp\/v2\/types\/page"}],"author":[{"embeddable":true,"href":"https:\/\/historisches-kirchhellen.de\/index.php?rest_route=\/wp\/v2\/users\/1"}],"replies":[{"embeddable":true,"href":"https:\/\/historisches-kirchhellen.de\/index.php?rest_route=%2Fwp%2Fv2%2Fcomments&post=300"}],"version-history":[{"count":0,"href":"https:\/\/historisches-kirchhellen.de\/index.php?rest_route=\/wp\/v2\/pages\/300\/revisions"}],"up":[{"embeddable":true,"href":"https:\/\/historisches-kirchhellen.de\/index.php?rest_route=\/wp\/v2\/pages\/123"}],"wp:attachment":[{"href":"https:\/\/historisches-kirchhellen.de\/index.php?rest_route=%2Fwp%2Fv2%2Fmedia&parent=300"}],"curies":[{"name":"wp","href":"https:\/\/api.w.org\/{rel}","templated":true}]}}