{"id":312,"date":"2019-05-15T19:28:06","date_gmt":"2019-05-15T19:28:06","guid":{"rendered":"http:\/\/historisches-kirchhellen.de\/?page_id=312"},"modified":"2019-05-15T19:28:06","modified_gmt":"2019-05-15T19:28:06","slug":"muensterstrasse","status":"publish","type":"page","link":"https:\/\/historisches-kirchhellen.de\/?page_id=312","title":{"rendered":"M\u00fcnsterstra\u00dfe"},"content":{"rendered":"\n<p>Die M\u00fcnsterstra\u00dfe ist Teil der ehemaligen B 223 (heute L 623). Sie hei\u00dft im vorherigen Verlauf Bottroper Stra\u00dfe (bis zur Kreuzung Hauptstra\u00dfe) und Alleestra\u00dfe (bis zur Kreuzung Dinslakener Stra\u00dfe) und verl\u00e4uft bis zur Stadtgrenze nach Dorsten. An ihr befindet sich die Autobahnauffahrt\u00a0<em>Kirchhellen-Nord<\/em>\u00a0der A 31. <\/p>\n","protected":false},"excerpt":{"rendered":"<p>Die M\u00fcnsterstra\u00dfe ist Teil der ehemaligen B 223 (heute L 623). Sie hei\u00dft im vorherigen Verlauf Bottroper Stra\u00dfe (bis zur Kreuzung Hauptstra\u00dfe) und Alleestra\u00dfe (bis &hellip; <\/p>\n","protected":false},"author":1,"featured_media":0,"parent":123,"menu_order":40,"comment_status":"closed","ping_status":"closed","template":"","meta":{"_acf_changed":false,"footnotes":""},"class_list":["post-312","page","type-page","status-publish","hentry"],"acf":[],"jetpack_sharing_enabled":true,"_links":{"self":[{"href":"https:\/\/historisches-kirchhellen.de\/index.php?rest_route=\/wp\/v2\/pages\/312","targetHints":{"allow":["GET"]}}],"collection":[{"href":"https:\/\/historisches-kirchhellen.de\/index.php?rest_route=\/wp\/v2\/pages"}],"about":[{"href":"https:\/\/historisches-kirchhellen.de\/index.php?rest_route=\/wp\/v2\/types\/page"}],"author":[{"embeddable":true,"href":"https:\/\/historisches-kirchhellen.de\/index.php?rest_route=\/wp\/v2\/users\/1"}],"replies":[{"embeddable":true,"href":"https:\/\/historisches-kirchhellen.de\/index.php?rest_route=%2Fwp%2Fv2%2Fcomments&post=312"}],"version-history":[{"count":0,"href":"https:\/\/historisches-kirchhellen.de\/index.php?rest_route=\/wp\/v2\/pages\/312\/revisions"}],"up":[{"embeddable":true,"href":"https:\/\/historisches-kirchhellen.de\/index.php?rest_route=\/wp\/v2\/pages\/123"}],"wp:attachment":[{"href":"https:\/\/historisches-kirchhellen.de\/index.php?rest_route=%2Fwp%2Fv2%2Fmedia&parent=312"}],"curies":[{"name":"wp","href":"https:\/\/api.w.org\/{rel}","templated":true}]}}