{"id":351,"date":"2019-05-16T16:35:08","date_gmt":"2019-05-16T16:35:08","guid":{"rendered":"http:\/\/historisches-kirchhellen.de\/?page_id=351"},"modified":"2019-05-16T16:35:08","modified_gmt":"2019-05-16T16:35:08","slug":"koertlingsfeld","status":"publish","type":"page","link":"https:\/\/historisches-kirchhellen.de\/?page_id=351","title":{"rendered":"K\u00f6rtlingsfeld"},"content":{"rendered":"\n<p>K\u00f6rtlingsfeld ist eine Stra\u00dfe zwischen Feldstra\u00dfe und \u201eAm\u00a0Pastors Busch\u201c.<br><br>Den Namen erhielt sie von dem dort ans\u00e4ssigen Kotten K\u00f6rtling an der\u00a0Burgstra\u00dfe, der seit 1660 nachweisbar ist. \u201eJost an der K\u00f6rtelig\u201c ist im Kurf\u00fcrstlichen Lagerbuch verzeichnet. 1672\/73 meldet K\u00f6rteling einen Schaden\u00a0an, den er durch die Franzosen erlitten hat, der mit dem der gro\u00dfen H\u00f6fe\u00a0Schulte, Frie und Horsthof vergleichbar war.\u00a0<br><br>\u201eKort\u201c ist ein Patronym von Konrad, kann aber auch \u201eder Kurze\u201c, \u201eder\u00a0Kleine\u201c bedeuten.\u00a0Das \u201eJost an der K\u00f6rtelig\u201c l\u00e4sst in dem Namen auch eine Ortsbezeichnung\u00a0vermuten, deren Bedeutung aber nicht entr\u00e4tselt werden konnte. <\/p>\n","protected":false},"excerpt":{"rendered":"<p>K\u00f6rtlingsfeld ist eine Stra\u00dfe zwischen Feldstra\u00dfe und \u201eAm\u00a0Pastors Busch\u201c. Den Namen erhielt sie von dem dort ans\u00e4ssigen Kotten K\u00f6rtling an der\u00a0Burgstra\u00dfe, der seit 1660 nachweisbar &hellip; <\/p>\n","protected":false},"author":1,"featured_media":0,"parent":123,"menu_order":76,"comment_status":"closed","ping_status":"closed","template":"","meta":{"_acf_changed":false,"footnotes":""},"class_list":["post-351","page","type-page","status-publish","hentry"],"acf":[],"jetpack_sharing_enabled":true,"_links":{"self":[{"href":"https:\/\/historisches-kirchhellen.de\/index.php?rest_route=\/wp\/v2\/pages\/351","targetHints":{"allow":["GET"]}}],"collection":[{"href":"https:\/\/historisches-kirchhellen.de\/index.php?rest_route=\/wp\/v2\/pages"}],"about":[{"href":"https:\/\/historisches-kirchhellen.de\/index.php?rest_route=\/wp\/v2\/types\/page"}],"author":[{"embeddable":true,"href":"https:\/\/historisches-kirchhellen.de\/index.php?rest_route=\/wp\/v2\/users\/1"}],"replies":[{"embeddable":true,"href":"https:\/\/historisches-kirchhellen.de\/index.php?rest_route=%2Fwp%2Fv2%2Fcomments&post=351"}],"version-history":[{"count":0,"href":"https:\/\/historisches-kirchhellen.de\/index.php?rest_route=\/wp\/v2\/pages\/351\/revisions"}],"up":[{"embeddable":true,"href":"https:\/\/historisches-kirchhellen.de\/index.php?rest_route=\/wp\/v2\/pages\/123"}],"wp:attachment":[{"href":"https:\/\/historisches-kirchhellen.de\/index.php?rest_route=%2Fwp%2Fv2%2Fmedia&parent=351"}],"curies":[{"name":"wp","href":"https:\/\/api.w.org\/{rel}","templated":true}]}}