{"id":357,"date":"2019-05-16T16:36:48","date_gmt":"2019-05-16T16:36:48","guid":{"rendered":"http:\/\/historisches-kirchhellen.de\/?page_id=357"},"modified":"2019-05-16T16:36:48","modified_gmt":"2019-05-16T16:36:48","slug":"kreuzkamp","status":"publish","type":"page","link":"https:\/\/historisches-kirchhellen.de\/?page_id=357","title":{"rendered":"Kreuzkamp"},"content":{"rendered":"\n<p>Der Kreuzkamp f\u00fchrt durch das Siedlungsgebiet zwischen <a href=\"http:\/\/historisches-kirchhellen.de\/?page_id=240\">Schulstra\u00dfe<\/a>\u00a0und <a href=\"http:\/\/historisches-kirchhellen.de\/?page_id=312\">M\u00fcnsterstra\u00dfe<\/a>, nordwestlich der Dringenburg. Benannt ist die Stra\u00dfe nach dem dort stehenden Feldkreuz, das bei gro\u00dfen\u00a0Prozessionen auch Segensstation ist. \u00a0 \u00a0\u00a0 <\/p>\n","protected":false},"excerpt":{"rendered":"<p>Der Kreuzkamp f\u00fchrt durch das Siedlungsgebiet zwischen Schulstra\u00dfe\u00a0und M\u00fcnsterstra\u00dfe, nordwestlich der Dringenburg. Benannt ist die Stra\u00dfe nach dem dort stehenden Feldkreuz, das bei gro\u00dfen\u00a0Prozessionen auch &hellip; <\/p>\n","protected":false},"author":1,"featured_media":0,"parent":123,"menu_order":83,"comment_status":"closed","ping_status":"closed","template":"","meta":{"_acf_changed":false,"footnotes":""},"class_list":["post-357","page","type-page","status-publish","hentry"],"acf":[],"jetpack_sharing_enabled":true,"_links":{"self":[{"href":"https:\/\/historisches-kirchhellen.de\/index.php?rest_route=\/wp\/v2\/pages\/357","targetHints":{"allow":["GET"]}}],"collection":[{"href":"https:\/\/historisches-kirchhellen.de\/index.php?rest_route=\/wp\/v2\/pages"}],"about":[{"href":"https:\/\/historisches-kirchhellen.de\/index.php?rest_route=\/wp\/v2\/types\/page"}],"author":[{"embeddable":true,"href":"https:\/\/historisches-kirchhellen.de\/index.php?rest_route=\/wp\/v2\/users\/1"}],"replies":[{"embeddable":true,"href":"https:\/\/historisches-kirchhellen.de\/index.php?rest_route=%2Fwp%2Fv2%2Fcomments&post=357"}],"version-history":[{"count":0,"href":"https:\/\/historisches-kirchhellen.de\/index.php?rest_route=\/wp\/v2\/pages\/357\/revisions"}],"up":[{"embeddable":true,"href":"https:\/\/historisches-kirchhellen.de\/index.php?rest_route=\/wp\/v2\/pages\/123"}],"wp:attachment":[{"href":"https:\/\/historisches-kirchhellen.de\/index.php?rest_route=%2Fwp%2Fv2%2Fmedia&parent=357"}],"curies":[{"name":"wp","href":"https:\/\/api.w.org\/{rel}","templated":true}]}}