{"id":385,"date":"2019-05-16T16:45:20","date_gmt":"2019-05-16T16:45:20","guid":{"rendered":"http:\/\/historisches-kirchhellen.de\/?page_id=385"},"modified":"2019-05-16T16:46:43","modified_gmt":"2019-05-16T16:46:43","slug":"im-mandel","status":"publish","type":"page","link":"https:\/\/historisches-kirchhellen.de\/?page_id=385","title":{"rendered":"Im Mandel"},"content":{"rendered":"\n<p>Dieser Weg ist insbesondere ein sch\u00f6ner Spazierweg von der <a href=\"http:\/\/historisches-kirchhellen.de\/?page_id=154\">Warner-Allee<\/a>\u00a0in Feldhausen in weitem Bogen hinter dem Movie Park\u00a0her. Er endet in der H\u00f6he\u00a0der Dorstener Grenze auf dem\u00a0<a href=\"http:\/\/historisches-kirchhellen.de\/?page_id=189\">T\u00f6nsholter Weg<\/a>.<br><br>Fr\u00fcher hie\u00dfen die Flurst\u00fccke in dem Bereich des heutigen Weges &#8222;Im Mantel&#8220;.  Daher w\u00e4re eine Herleitung vom mittelhochdeutschem \u201emantel\u201c f\u00fcr F\u00f6hre =\u00a0Kiefer m\u00f6glich. <\/p>\n","protected":false},"excerpt":{"rendered":"<p>Dieser Weg ist insbesondere ein sch\u00f6ner Spazierweg von der Warner-Allee\u00a0in Feldhausen in weitem Bogen hinter dem Movie Park\u00a0her. Er endet in der H\u00f6he\u00a0der Dorstener Grenze &hellip; <\/p>\n","protected":false},"author":1,"featured_media":0,"parent":123,"menu_order":118,"comment_status":"closed","ping_status":"closed","template":"","meta":{"_acf_changed":false,"footnotes":""},"class_list":["post-385","page","type-page","status-publish","hentry"],"acf":[],"jetpack_sharing_enabled":true,"_links":{"self":[{"href":"https:\/\/historisches-kirchhellen.de\/index.php?rest_route=\/wp\/v2\/pages\/385","targetHints":{"allow":["GET"]}}],"collection":[{"href":"https:\/\/historisches-kirchhellen.de\/index.php?rest_route=\/wp\/v2\/pages"}],"about":[{"href":"https:\/\/historisches-kirchhellen.de\/index.php?rest_route=\/wp\/v2\/types\/page"}],"author":[{"embeddable":true,"href":"https:\/\/historisches-kirchhellen.de\/index.php?rest_route=\/wp\/v2\/users\/1"}],"replies":[{"embeddable":true,"href":"https:\/\/historisches-kirchhellen.de\/index.php?rest_route=%2Fwp%2Fv2%2Fcomments&post=385"}],"version-history":[{"count":0,"href":"https:\/\/historisches-kirchhellen.de\/index.php?rest_route=\/wp\/v2\/pages\/385\/revisions"}],"up":[{"embeddable":true,"href":"https:\/\/historisches-kirchhellen.de\/index.php?rest_route=\/wp\/v2\/pages\/123"}],"wp:attachment":[{"href":"https:\/\/historisches-kirchhellen.de\/index.php?rest_route=%2Fwp%2Fv2%2Fmedia&parent=385"}],"curies":[{"name":"wp","href":"https:\/\/api.w.org\/{rel}","templated":true}]}}