{"id":388,"date":"2019-05-16T16:47:09","date_gmt":"2019-05-16T16:47:09","guid":{"rendered":"http:\/\/historisches-kirchhellen.de\/?page_id=388"},"modified":"2019-05-16T16:47:09","modified_gmt":"2019-05-16T16:47:09","slug":"im-pinntal","status":"publish","type":"page","link":"https:\/\/historisches-kirchhellen.de\/?page_id=388","title":{"rendered":"Im Pinntal"},"content":{"rendered":"\n<p>Der Weg verbindet die <a href=\"http:\/\/historisches-kirchhellen.de\/?page_id=312\">M\u00fcnsterstra\u00dfe<\/a> hinter dem neuen Friedhof her mit der Gartenstra\u00dfe.<\/p>\n\n\n\n<p>Da ein wenig n\u00f6rdlich dieses Weges der Br\u00e4ukebach entspringt, liegt es nahe, die Silbe &#8222;Pinn&#8220; wiederum mit Wasser in Verbindung zu bringen. &#8222;Pinn&#8220; meint tats\u00e4chlich Sumpfwasser (griechisch: pin\u00f2s = Schmutz).<\/p>\n\n\n\n<p>Deutlich wird die Bedeutung in &#8222;Pinnenbrok&#8220; bei Lemgo (brok = Moor); Pinn-Ellern (Ellern = Erlen) bei Detmold; Pinneberg\/Hamburg; Pinndorn bei Detmold.<\/p>\n","protected":false},"excerpt":{"rendered":"<p>Der Weg verbindet die M\u00fcnsterstra\u00dfe hinter dem neuen Friedhof her mit der Gartenstra\u00dfe. Da ein wenig n\u00f6rdlich dieses Weges der Br\u00e4ukebach entspringt, liegt es nahe, &hellip; <\/p>\n","protected":false},"author":1,"featured_media":0,"parent":123,"menu_order":119,"comment_status":"closed","ping_status":"closed","template":"","meta":{"_acf_changed":false,"footnotes":""},"class_list":["post-388","page","type-page","status-publish","hentry"],"acf":[],"jetpack_sharing_enabled":true,"_links":{"self":[{"href":"https:\/\/historisches-kirchhellen.de\/index.php?rest_route=\/wp\/v2\/pages\/388","targetHints":{"allow":["GET"]}}],"collection":[{"href":"https:\/\/historisches-kirchhellen.de\/index.php?rest_route=\/wp\/v2\/pages"}],"about":[{"href":"https:\/\/historisches-kirchhellen.de\/index.php?rest_route=\/wp\/v2\/types\/page"}],"author":[{"embeddable":true,"href":"https:\/\/historisches-kirchhellen.de\/index.php?rest_route=\/wp\/v2\/users\/1"}],"replies":[{"embeddable":true,"href":"https:\/\/historisches-kirchhellen.de\/index.php?rest_route=%2Fwp%2Fv2%2Fcomments&post=388"}],"version-history":[{"count":0,"href":"https:\/\/historisches-kirchhellen.de\/index.php?rest_route=\/wp\/v2\/pages\/388\/revisions"}],"up":[{"embeddable":true,"href":"https:\/\/historisches-kirchhellen.de\/index.php?rest_route=\/wp\/v2\/pages\/123"}],"wp:attachment":[{"href":"https:\/\/historisches-kirchhellen.de\/index.php?rest_route=%2Fwp%2Fv2%2Fmedia&parent=388"}],"curies":[{"name":"wp","href":"https:\/\/api.w.org\/{rel}","templated":true}]}}