{"id":463,"date":"2019-05-16T17:29:54","date_gmt":"2019-05-16T17:29:54","guid":{"rendered":"http:\/\/historisches-kirchhellen.de\/?page_id=463"},"modified":"2019-05-16T17:29:54","modified_gmt":"2019-05-16T17:29:54","slug":"fasanenweg","status":"publish","type":"page","link":"https:\/\/historisches-kirchhellen.de\/?page_id=463","title":{"rendered":"Fasanenweg"},"content":{"rendered":"\n<p>Dieser Weg liegt im Bereich des Eichenkamps. Gemeint ist hier aus der gro\u00dfen Zahl der Fasanenfamilie der Edel- und Jagdfasan, der vom Schwarzen Meer bis Japan hin verbreitet ist. Im Altertum kam er nach Griechenland und im Mittelalter nach Deutschland, wo er seit der Zeit zu den beliebtesten Jagdv\u00f6geln z\u00e4hlt. Die vielen &#8222;Fasanerien&#8220;, die wir an oder in der N\u00e4he von Schl\u00f6ssern finden, waren oder sind Nachzuchtbetriebe f\u00fcr Fasanen, die seit Ende des 17. Jahrhunderts f\u00fcr gen\u00fcgenden Nachwuchs an Jagdfasanen sorgten. <\/p>\n","protected":false},"excerpt":{"rendered":"<p>Dieser Weg liegt im Bereich des Eichenkamps. Gemeint ist hier aus der gro\u00dfen Zahl der Fasanenfamilie der Edel- und Jagdfasan, der vom Schwarzen Meer bis &hellip; <\/p>\n","protected":false},"author":1,"featured_media":0,"parent":123,"menu_order":209,"comment_status":"closed","ping_status":"closed","template":"","meta":{"_acf_changed":false,"footnotes":""},"class_list":["post-463","page","type-page","status-publish","hentry"],"acf":[],"jetpack_sharing_enabled":true,"_links":{"self":[{"href":"https:\/\/historisches-kirchhellen.de\/index.php?rest_route=\/wp\/v2\/pages\/463","targetHints":{"allow":["GET"]}}],"collection":[{"href":"https:\/\/historisches-kirchhellen.de\/index.php?rest_route=\/wp\/v2\/pages"}],"about":[{"href":"https:\/\/historisches-kirchhellen.de\/index.php?rest_route=\/wp\/v2\/types\/page"}],"author":[{"embeddable":true,"href":"https:\/\/historisches-kirchhellen.de\/index.php?rest_route=\/wp\/v2\/users\/1"}],"replies":[{"embeddable":true,"href":"https:\/\/historisches-kirchhellen.de\/index.php?rest_route=%2Fwp%2Fv2%2Fcomments&post=463"}],"version-history":[{"count":0,"href":"https:\/\/historisches-kirchhellen.de\/index.php?rest_route=\/wp\/v2\/pages\/463\/revisions"}],"up":[{"embeddable":true,"href":"https:\/\/historisches-kirchhellen.de\/index.php?rest_route=\/wp\/v2\/pages\/123"}],"wp:attachment":[{"href":"https:\/\/historisches-kirchhellen.de\/index.php?rest_route=%2Fwp%2Fv2%2Fmedia&parent=463"}],"curies":[{"name":"wp","href":"https:\/\/api.w.org\/{rel}","templated":true}]}}