{"id":471,"date":"2019-05-16T17:32:11","date_gmt":"2019-05-16T17:32:11","guid":{"rendered":"http:\/\/historisches-kirchhellen.de\/?page_id=471"},"modified":"2019-05-16T17:32:11","modified_gmt":"2019-05-16T17:32:11","slug":"finkenweg","status":"publish","type":"page","link":"https:\/\/historisches-kirchhellen.de\/?page_id=471","title":{"rendered":"Finkenweg"},"content":{"rendered":"\n<p>Der Finkenweg ist eine Stra\u00dfe im Wohngebiet westlich der Horsthofstra\u00dfe und n\u00f6rdlich der <a href=\"http:\/\/historisches-kirchhellen.de\/?page_id=414\">Hackfurthstra\u00dfe<\/a>. Finken geh\u00f6ren zu einer in vielen Arten \u00fcber die ganze Erde verbreiteten Familie der Singv\u00f6gel; daher auch der charakteristische Kegelschnabel. Zu ihnen geh\u00f6ren: Buchfinken, Gimpel, Kernbei\u00dfer, Kanarienvogel, Zeisig, Sperling. <\/p>\n","protected":false},"excerpt":{"rendered":"<p>Der Finkenweg ist eine Stra\u00dfe im Wohngebiet westlich der Horsthofstra\u00dfe und n\u00f6rdlich der Hackfurthstra\u00dfe. Finken geh\u00f6ren zu einer in vielen Arten \u00fcber die ganze Erde &hellip; <\/p>\n","protected":false},"author":1,"featured_media":0,"parent":123,"menu_order":219,"comment_status":"closed","ping_status":"closed","template":"","meta":{"_acf_changed":false,"footnotes":""},"class_list":["post-471","page","type-page","status-publish","hentry"],"acf":[],"jetpack_sharing_enabled":true,"_links":{"self":[{"href":"https:\/\/historisches-kirchhellen.de\/index.php?rest_route=\/wp\/v2\/pages\/471","targetHints":{"allow":["GET"]}}],"collection":[{"href":"https:\/\/historisches-kirchhellen.de\/index.php?rest_route=\/wp\/v2\/pages"}],"about":[{"href":"https:\/\/historisches-kirchhellen.de\/index.php?rest_route=\/wp\/v2\/types\/page"}],"author":[{"embeddable":true,"href":"https:\/\/historisches-kirchhellen.de\/index.php?rest_route=\/wp\/v2\/users\/1"}],"replies":[{"embeddable":true,"href":"https:\/\/historisches-kirchhellen.de\/index.php?rest_route=%2Fwp%2Fv2%2Fcomments&post=471"}],"version-history":[{"count":0,"href":"https:\/\/historisches-kirchhellen.de\/index.php?rest_route=\/wp\/v2\/pages\/471\/revisions"}],"up":[{"embeddable":true,"href":"https:\/\/historisches-kirchhellen.de\/index.php?rest_route=\/wp\/v2\/pages\/123"}],"wp:attachment":[{"href":"https:\/\/historisches-kirchhellen.de\/index.php?rest_route=%2Fwp%2Fv2%2Fmedia&parent=471"}],"curies":[{"name":"wp","href":"https:\/\/api.w.org\/{rel}","templated":true}]}}