{"id":487,"date":"2019-05-16T17:36:30","date_gmt":"2019-05-16T17:36:30","guid":{"rendered":"http:\/\/historisches-kirchhellen.de\/?page_id=487"},"modified":"2019-05-16T17:36:30","modified_gmt":"2019-05-16T17:36:30","slug":"fries-kamp","status":"publish","type":"page","link":"https:\/\/historisches-kirchhellen.de\/?page_id=487","title":{"rendered":"Fries Kamp"},"content":{"rendered":"\n<p>Der Fries Kamp verl\u00e4uft s\u00fcdlich der <a href=\"http:\/\/historisches-kirchhellen.de\/?page_id=244\">Schulze-Delitzsch-Stra\u00dfe<\/a>. Benannt ist die Stra\u00dfe nach dem fr\u00fcher auf dem <a href=\"http:\/\/historisches-kirchhellen.de\/?page_id=410\">Johann-Breuker-Platz<\/a> gelegenen Hof Frie. In dem Wort \u201eKamp\u201c steckt das lateinische \u201ecampus\u201c, das das Ackerland, das Saatfeld meint. <\/p>\n","protected":false},"excerpt":{"rendered":"<p>Der Fries Kamp verl\u00e4uft s\u00fcdlich der Schulze-Delitzsch-Stra\u00dfe. Benannt ist die Stra\u00dfe nach dem fr\u00fcher auf dem Johann-Breuker-Platz gelegenen Hof Frie. In dem Wort \u201eKamp\u201c steckt &hellip; <\/p>\n","protected":false},"author":1,"featured_media":0,"parent":123,"menu_order":233,"comment_status":"closed","ping_status":"closed","template":"","meta":{"_acf_changed":false,"footnotes":""},"class_list":["post-487","page","type-page","status-publish","hentry"],"acf":[],"jetpack_sharing_enabled":true,"_links":{"self":[{"href":"https:\/\/historisches-kirchhellen.de\/index.php?rest_route=\/wp\/v2\/pages\/487","targetHints":{"allow":["GET"]}}],"collection":[{"href":"https:\/\/historisches-kirchhellen.de\/index.php?rest_route=\/wp\/v2\/pages"}],"about":[{"href":"https:\/\/historisches-kirchhellen.de\/index.php?rest_route=\/wp\/v2\/types\/page"}],"author":[{"embeddable":true,"href":"https:\/\/historisches-kirchhellen.de\/index.php?rest_route=\/wp\/v2\/users\/1"}],"replies":[{"embeddable":true,"href":"https:\/\/historisches-kirchhellen.de\/index.php?rest_route=%2Fwp%2Fv2%2Fcomments&post=487"}],"version-history":[{"count":0,"href":"https:\/\/historisches-kirchhellen.de\/index.php?rest_route=\/wp\/v2\/pages\/487\/revisions"}],"up":[{"embeddable":true,"href":"https:\/\/historisches-kirchhellen.de\/index.php?rest_route=\/wp\/v2\/pages\/123"}],"wp:attachment":[{"href":"https:\/\/historisches-kirchhellen.de\/index.php?rest_route=%2Fwp%2Fv2%2Fmedia&parent=487"}],"curies":[{"name":"wp","href":"https:\/\/api.w.org\/{rel}","templated":true}]}}