{"id":491,"date":"2019-05-16T17:37:32","date_gmt":"2019-05-16T17:37:32","guid":{"rendered":"http:\/\/historisches-kirchhellen.de\/?page_id=491"},"modified":"2019-05-16T17:37:32","modified_gmt":"2019-05-16T17:37:32","slug":"gahlener-strasse","status":"publish","type":"page","link":"https:\/\/historisches-kirchhellen.de\/?page_id=491","title":{"rendered":"Gahlener Stra\u00dfe"},"content":{"rendered":"\n<p>Sie f\u00fchrt von der <a href=\"http:\/\/historisches-kirchhellen.de\/?page_id=312\">M\u00fcnsterstra\u00dfe<\/a> zu unserem westlichen Nachbarn Gahlen. Der Name Gahlen ist dem indogermanischen Wasserwort \u201egal\u201c entlehnt. Siehe \u201eGelmer\u201c (um 1030 Galmeri gehei\u00dfen) bei M\u00fcnster; ein Galenbach flie\u00dft zum Inn. \u201eGal\u201c meint noch heute im Rheinischen eine nasse, feuchte Stelle. <\/p>\n","protected":false},"excerpt":{"rendered":"<p>Sie f\u00fchrt von der M\u00fcnsterstra\u00dfe zu unserem westlichen Nachbarn Gahlen. Der Name Gahlen ist dem indogermanischen Wasserwort \u201egal\u201c entlehnt. Siehe \u201eGelmer\u201c (um 1030 Galmeri gehei\u00dfen) &hellip; <\/p>\n","protected":false},"author":1,"featured_media":0,"parent":123,"menu_order":238,"comment_status":"closed","ping_status":"closed","template":"","meta":{"_acf_changed":false,"footnotes":""},"class_list":["post-491","page","type-page","status-publish","hentry"],"acf":[],"jetpack_sharing_enabled":true,"_links":{"self":[{"href":"https:\/\/historisches-kirchhellen.de\/index.php?rest_route=\/wp\/v2\/pages\/491","targetHints":{"allow":["GET"]}}],"collection":[{"href":"https:\/\/historisches-kirchhellen.de\/index.php?rest_route=\/wp\/v2\/pages"}],"about":[{"href":"https:\/\/historisches-kirchhellen.de\/index.php?rest_route=\/wp\/v2\/types\/page"}],"author":[{"embeddable":true,"href":"https:\/\/historisches-kirchhellen.de\/index.php?rest_route=\/wp\/v2\/users\/1"}],"replies":[{"embeddable":true,"href":"https:\/\/historisches-kirchhellen.de\/index.php?rest_route=%2Fwp%2Fv2%2Fcomments&post=491"}],"version-history":[{"count":0,"href":"https:\/\/historisches-kirchhellen.de\/index.php?rest_route=\/wp\/v2\/pages\/491\/revisions"}],"up":[{"embeddable":true,"href":"https:\/\/historisches-kirchhellen.de\/index.php?rest_route=\/wp\/v2\/pages\/123"}],"wp:attachment":[{"href":"https:\/\/historisches-kirchhellen.de\/index.php?rest_route=%2Fwp%2Fv2%2Fmedia&parent=491"}],"curies":[{"name":"wp","href":"https:\/\/api.w.org\/{rel}","templated":true}]}}