{"id":497,"date":"2019-05-16T17:39:53","date_gmt":"2019-05-16T17:39:53","guid":{"rendered":"http:\/\/historisches-kirchhellen.de\/?page_id=497"},"modified":"2019-05-16T17:39:53","modified_gmt":"2019-05-16T17:39:53","slug":"gerberstrasse","status":"publish","type":"page","link":"https:\/\/historisches-kirchhellen.de\/?page_id=497","title":{"rendered":"Gerberstra\u00dfe"},"content":{"rendered":"\n<p>Diese Stra\u00dfe liegt im \u201eHandwerkerviertel\u201c Grafenwalds zwischen <a href=\"http:\/\/historisches-kirchhellen.de\/?page_id=230\">Schneiderstra\u00dfe<\/a> und <a href=\"http:\/\/historisches-kirchhellen.de\/?page_id=485\">Friedenstra\u00dfe<\/a>.\u00a0<br><br>Der Gerber ist der Handwerker, der Tierh\u00e4ute zu Leder verarbeitet. Fr\u00fcher gewannen die Gerber die zum Gerben verwendete S\u00e4ure aus der Eichenrinde, die Lohe. Das Sauerland mit seiner Haubergswirtschaft lieferte die notwendige Rinde. Heute ersetzt die chemische Industrie mit ihren Produkten diese Eichenlohe.\u00a0<br><br>Aus einem alten Rechnungsbuch des Schuhmachers Johann Lepper wissen wir, dass er auch mit Lohe gehandelt hat. In einer Abrechnung von 1836 hei\u00dft es: \u201e 1068 Pfd. Lohe nach Dinslaken gebracht; und Lohe an den Rhein gebracht&#8230; \u201c  <\/p>\n","protected":false},"excerpt":{"rendered":"<p>Diese Stra\u00dfe liegt im \u201eHandwerkerviertel\u201c Grafenwalds zwischen Schneiderstra\u00dfe und Friedenstra\u00dfe.\u00a0 Der Gerber ist der Handwerker, der Tierh\u00e4ute zu Leder verarbeitet. Fr\u00fcher gewannen die Gerber die &hellip; <\/p>\n","protected":false},"author":1,"featured_media":0,"parent":123,"menu_order":242,"comment_status":"closed","ping_status":"closed","template":"","meta":{"_acf_changed":false,"footnotes":""},"class_list":["post-497","page","type-page","status-publish","hentry"],"acf":[],"jetpack_sharing_enabled":true,"_links":{"self":[{"href":"https:\/\/historisches-kirchhellen.de\/index.php?rest_route=\/wp\/v2\/pages\/497","targetHints":{"allow":["GET"]}}],"collection":[{"href":"https:\/\/historisches-kirchhellen.de\/index.php?rest_route=\/wp\/v2\/pages"}],"about":[{"href":"https:\/\/historisches-kirchhellen.de\/index.php?rest_route=\/wp\/v2\/types\/page"}],"author":[{"embeddable":true,"href":"https:\/\/historisches-kirchhellen.de\/index.php?rest_route=\/wp\/v2\/users\/1"}],"replies":[{"embeddable":true,"href":"https:\/\/historisches-kirchhellen.de\/index.php?rest_route=%2Fwp%2Fv2%2Fcomments&post=497"}],"version-history":[{"count":0,"href":"https:\/\/historisches-kirchhellen.de\/index.php?rest_route=\/wp\/v2\/pages\/497\/revisions"}],"up":[{"embeddable":true,"href":"https:\/\/historisches-kirchhellen.de\/index.php?rest_route=\/wp\/v2\/pages\/123"}],"wp:attachment":[{"href":"https:\/\/historisches-kirchhellen.de\/index.php?rest_route=%2Fwp%2Fv2%2Fmedia&parent=497"}],"curies":[{"name":"wp","href":"https:\/\/api.w.org\/{rel}","templated":true}]}}