{"id":508,"date":"2019-05-16T17:42:36","date_gmt":"2019-05-16T17:42:36","guid":{"rendered":"http:\/\/historisches-kirchhellen.de\/?page_id=508"},"modified":"2019-05-16T17:42:36","modified_gmt":"2019-05-16T17:42:36","slug":"gregorstrasse","status":"publish","type":"page","link":"https:\/\/historisches-kirchhellen.de\/?page_id=508","title":{"rendered":"Gregorstra\u00dfe"},"content":{"rendered":"\n<p>In unmittelbarer Nachbarschaft dieser Stra\u00dfe, die an der Gregorschule entlangf\u00fchrt, wurde am 29. September 1829 auf dem Hof Janknecht Theodor Janknecht geboren. (Gregor war sein Ordensname.)\u00a0<\/p>\n\n\n\n<p>Als Franziskanerpater wirkte er als Philologielehrer, Provinzial, Gr\u00fcnder einer Ordensprovinz in den USA, Gr\u00fcnder der neuen Ordensniederlassungen Appolinarisberg-Remagen, St. Annaberg in Oberschlesien, M\u00fcnster, Aachen und H\u00fclfensberg. Er f\u00fchrte seine ihm anvertrauten Ordensbr\u00fcder durch die Wirren des Kulturkampfes in Preu\u00dfen und &#8211; das war Wohl sein gr\u00f6\u00dftes Werk und zugleich die Kr\u00f6nung seines Lebens &#8211; baute die Brasilienmission grundlegend neu wieder auf. Er starb am 1. M\u00e4rz 1896.\n\n<\/p>\n","protected":false},"excerpt":{"rendered":"<p>In unmittelbarer Nachbarschaft dieser Stra\u00dfe, die an der Gregorschule entlangf\u00fchrt, wurde am 29. September 1829 auf dem Hof Janknecht Theodor Janknecht geboren. (Gregor war sein &hellip; <\/p>\n","protected":false},"author":1,"featured_media":0,"parent":123,"menu_order":257,"comment_status":"closed","ping_status":"closed","template":"","meta":{"_acf_changed":false,"footnotes":""},"class_list":["post-508","page","type-page","status-publish","hentry"],"acf":[],"jetpack_sharing_enabled":true,"_links":{"self":[{"href":"https:\/\/historisches-kirchhellen.de\/index.php?rest_route=\/wp\/v2\/pages\/508","targetHints":{"allow":["GET"]}}],"collection":[{"href":"https:\/\/historisches-kirchhellen.de\/index.php?rest_route=\/wp\/v2\/pages"}],"about":[{"href":"https:\/\/historisches-kirchhellen.de\/index.php?rest_route=\/wp\/v2\/types\/page"}],"author":[{"embeddable":true,"href":"https:\/\/historisches-kirchhellen.de\/index.php?rest_route=\/wp\/v2\/users\/1"}],"replies":[{"embeddable":true,"href":"https:\/\/historisches-kirchhellen.de\/index.php?rest_route=%2Fwp%2Fv2%2Fcomments&post=508"}],"version-history":[{"count":0,"href":"https:\/\/historisches-kirchhellen.de\/index.php?rest_route=\/wp\/v2\/pages\/508\/revisions"}],"up":[{"embeddable":true,"href":"https:\/\/historisches-kirchhellen.de\/index.php?rest_route=\/wp\/v2\/pages\/123"}],"wp:attachment":[{"href":"https:\/\/historisches-kirchhellen.de\/index.php?rest_route=%2Fwp%2Fv2%2Fmedia&parent=508"}],"curies":[{"name":"wp","href":"https:\/\/api.w.org\/{rel}","templated":true}]}}