{"id":524,"date":"2019-05-16T17:50:41","date_gmt":"2019-05-16T17:50:41","guid":{"rendered":"http:\/\/historisches-kirchhellen.de\/?page_id=524"},"modified":"2019-05-16T17:50:41","modified_gmt":"2019-05-16T17:50:41","slug":"dinslakener-strasse","status":"publish","type":"page","link":"https:\/\/historisches-kirchhellen.de\/?page_id=524","title":{"rendered":"Dinslakener Stra\u00dfe"},"content":{"rendered":"\n<p>Die Dinslakener Stra\u00dfe f\u00fchrt von der Alleestra\u00dfe aus bis zur Grenze nach H\u00fcnxe.<\/p>\n\n\n\n<p>Diese Stra\u00dfe ist noch nicht sehr alt. Sie wurde erst mit der in den zwanziger Jahren durchgef\u00fchrte Melioration (Urbarmachung) der Schwarzen Heide als Verbindung nach Dinslaken geschaffen. Bis dahin gelangte man \u00fcber den Hiesfelder Weg dorthin. Dinslaken ist unsere westliche Nachbargemeinde. Sie ist, wie Kirchhellen, schon sehr alt. In den Grundb\u00fcchern der Abtei Werden erscheint der Name bereits im 12. Jahrhundert. Hier erscheint der Ort unter der Bezeichnung &#8222;Laka juxta Histincfelde&#8220;, also: (Dins)laken in der N\u00e4he von Hiesfeld. Eine Urkunde aus dem Jahre 1163 nennt einen &#8222;Antonius de Dynslacken&#8220;. <\/p>\n","protected":false},"excerpt":{"rendered":"<p>Die Dinslakener Stra\u00dfe f\u00fchrt von der Alleestra\u00dfe aus bis zur Grenze nach H\u00fcnxe. Diese Stra\u00dfe ist noch nicht sehr alt. Sie wurde erst mit der &hellip; <\/p>\n","protected":false},"author":1,"featured_media":0,"parent":123,"menu_order":14,"comment_status":"closed","ping_status":"closed","template":"","meta":{"_acf_changed":false,"footnotes":""},"class_list":["post-524","page","type-page","status-publish","hentry"],"acf":[],"jetpack_sharing_enabled":true,"_links":{"self":[{"href":"https:\/\/historisches-kirchhellen.de\/index.php?rest_route=\/wp\/v2\/pages\/524","targetHints":{"allow":["GET"]}}],"collection":[{"href":"https:\/\/historisches-kirchhellen.de\/index.php?rest_route=\/wp\/v2\/pages"}],"about":[{"href":"https:\/\/historisches-kirchhellen.de\/index.php?rest_route=\/wp\/v2\/types\/page"}],"author":[{"embeddable":true,"href":"https:\/\/historisches-kirchhellen.de\/index.php?rest_route=\/wp\/v2\/users\/1"}],"replies":[{"embeddable":true,"href":"https:\/\/historisches-kirchhellen.de\/index.php?rest_route=%2Fwp%2Fv2%2Fcomments&post=524"}],"version-history":[{"count":0,"href":"https:\/\/historisches-kirchhellen.de\/index.php?rest_route=\/wp\/v2\/pages\/524\/revisions"}],"up":[{"embeddable":true,"href":"https:\/\/historisches-kirchhellen.de\/index.php?rest_route=\/wp\/v2\/pages\/123"}],"wp:attachment":[{"href":"https:\/\/historisches-kirchhellen.de\/index.php?rest_route=%2Fwp%2Fv2%2Fmedia&parent=524"}],"curies":[{"name":"wp","href":"https:\/\/api.w.org\/{rel}","templated":true}]}}