{"id":596,"date":"2019-05-16T18:15:38","date_gmt":"2019-05-16T18:15:38","guid":{"rendered":"http:\/\/historisches-kirchhellen.de\/?page_id=596"},"modified":"2019-05-16T18:15:38","modified_gmt":"2019-05-16T18:15:38","slug":"am-gutshof","status":"publish","type":"page","link":"https:\/\/historisches-kirchhellen.de\/?page_id=596","title":{"rendered":"Am Gutshof"},"content":{"rendered":"\n<p>Dieser Weg f\u00fchrt vom <a href=\"http:\/\/historisches-kirchhellen.de\/?page_id=130\">Alten Postweg<\/a> aus, zwischen Halde Haniel und Halde Sch\u00f6ttelheide her, zur <a href=\"http:\/\/historisches-kirchhellen.de\/?page_id=469\">Fernewaldstra\u00dfe<\/a>. Benannt ist der Weg nach dem ehemals dort liegenden Gutshof, der vor Jahren der Aufsch\u00fcttung der Halde Sch\u00f6ttelheide weichen musste. <\/p>\n","protected":false},"excerpt":{"rendered":"<p>Dieser Weg f\u00fchrt vom Alten Postweg aus, zwischen Halde Haniel und Halde Sch\u00f6ttelheide her, zur Fernewaldstra\u00dfe. Benannt ist der Weg nach dem ehemals dort liegenden &hellip; <\/p>\n","protected":false},"author":1,"featured_media":0,"parent":123,"menu_order":66,"comment_status":"closed","ping_status":"closed","template":"","meta":{"_acf_changed":false,"footnotes":""},"class_list":["post-596","page","type-page","status-publish","hentry"],"acf":[],"jetpack_sharing_enabled":true,"_links":{"self":[{"href":"https:\/\/historisches-kirchhellen.de\/index.php?rest_route=\/wp\/v2\/pages\/596","targetHints":{"allow":["GET"]}}],"collection":[{"href":"https:\/\/historisches-kirchhellen.de\/index.php?rest_route=\/wp\/v2\/pages"}],"about":[{"href":"https:\/\/historisches-kirchhellen.de\/index.php?rest_route=\/wp\/v2\/types\/page"}],"author":[{"embeddable":true,"href":"https:\/\/historisches-kirchhellen.de\/index.php?rest_route=\/wp\/v2\/users\/1"}],"replies":[{"embeddable":true,"href":"https:\/\/historisches-kirchhellen.de\/index.php?rest_route=%2Fwp%2Fv2%2Fcomments&post=596"}],"version-history":[{"count":0,"href":"https:\/\/historisches-kirchhellen.de\/index.php?rest_route=\/wp\/v2\/pages\/596\/revisions"}],"up":[{"embeddable":true,"href":"https:\/\/historisches-kirchhellen.de\/index.php?rest_route=\/wp\/v2\/pages\/123"}],"wp:attachment":[{"href":"https:\/\/historisches-kirchhellen.de\/index.php?rest_route=%2Fwp%2Fv2%2Fmedia&parent=596"}],"curies":[{"name":"wp","href":"https:\/\/api.w.org\/{rel}","templated":true}]}}