{"id":622,"date":"2019-05-16T18:26:27","date_gmt":"2019-05-16T18:26:27","guid":{"rendered":"http:\/\/historisches-kirchhellen.de\/?page_id=622"},"modified":"2019-05-16T18:26:27","modified_gmt":"2019-05-16T18:26:27","slug":"an-der-sandgrube","status":"publish","type":"page","link":"https:\/\/historisches-kirchhellen.de\/?page_id=622","title":{"rendered":"An der Sandgrube"},"content":{"rendered":"\n<p>Diese Verbindung f\u00fchrt von der <a href=\"http:\/\/historisches-kirchhellen.de\/?page_id=493\">Gartenstra\u00dfe<\/a> zur <a href=\"http:\/\/historisches-kirchhellen.de\/?page_id=240\">Schulstra\u00dfe<\/a> und bildet die n\u00f6rdliche Grenze dieses Baubereiches. Nur die \u00e4ltere Generation erinnert sich noch an die m\u00e4chtigen Formsandgruben im Bereich des neuen Friedhofs, der Sportanlagen und der Felder \u00f6stlich der Schulstra\u00dfe. In den zwanziger Jahren begann hier die Firma Kleine-Brockhoff den tonhaltigen Sand abzubauen, der in den Eisengie\u00dfereien zum Aufbau der Gussformen gebraucht wurde. Nach dem Zweiten Weltkrieg stellte man die F\u00f6rderung ein. Formsande sind Ablagerungen eiszeitlicher Schmelzw\u00e4sser. Diese Kirchhellener Formsande geh\u00f6ren geologisch mit zu den \u201eBottroper Sanden\u201c, die dem Untersenon, also der zweitj\u00fcngsten Stufe der Kreideformation (vor etwa 135 Millionen Jahren) zuzuordnen sind. <\/p>\n","protected":false},"excerpt":{"rendered":"<p>Diese Verbindung f\u00fchrt von der Gartenstra\u00dfe zur Schulstra\u00dfe und bildet die n\u00f6rdliche Grenze dieses Baubereiches. Nur die \u00e4ltere Generation erinnert sich noch an die m\u00e4chtigen &hellip; <\/p>\n","protected":false},"author":1,"featured_media":0,"parent":123,"menu_order":91,"comment_status":"closed","ping_status":"closed","template":"","meta":{"_acf_changed":false,"footnotes":""},"class_list":["post-622","page","type-page","status-publish","hentry"],"acf":[],"jetpack_sharing_enabled":true,"_links":{"self":[{"href":"https:\/\/historisches-kirchhellen.de\/index.php?rest_route=\/wp\/v2\/pages\/622","targetHints":{"allow":["GET"]}}],"collection":[{"href":"https:\/\/historisches-kirchhellen.de\/index.php?rest_route=\/wp\/v2\/pages"}],"about":[{"href":"https:\/\/historisches-kirchhellen.de\/index.php?rest_route=\/wp\/v2\/types\/page"}],"author":[{"embeddable":true,"href":"https:\/\/historisches-kirchhellen.de\/index.php?rest_route=\/wp\/v2\/users\/1"}],"replies":[{"embeddable":true,"href":"https:\/\/historisches-kirchhellen.de\/index.php?rest_route=%2Fwp%2Fv2%2Fcomments&post=622"}],"version-history":[{"count":0,"href":"https:\/\/historisches-kirchhellen.de\/index.php?rest_route=\/wp\/v2\/pages\/622\/revisions"}],"up":[{"embeddable":true,"href":"https:\/\/historisches-kirchhellen.de\/index.php?rest_route=\/wp\/v2\/pages\/123"}],"wp:attachment":[{"href":"https:\/\/historisches-kirchhellen.de\/index.php?rest_route=%2Fwp%2Fv2%2Fmedia&parent=622"}],"curies":[{"name":"wp","href":"https:\/\/api.w.org\/{rel}","templated":true}]}}