{"id":688,"date":"2019-05-18T11:38:19","date_gmt":"2019-05-18T11:38:19","guid":{"rendered":"http:\/\/historisches-kirchhellen.de\/?page_id=688"},"modified":"2019-05-18T11:38:19","modified_gmt":"2019-05-18T11:38:19","slug":"giesenheide","status":"publish","type":"page","link":"https:\/\/historisches-kirchhellen.de\/?page_id=688","title":{"rendered":"Giesenheide"},"content":{"rendered":"\n<p>Die Giesenheide ist eine in Planung befindliche Stra\u00dfe durch das zuk\u00fcnftige Gewerbegebiet Giesenheide zwischen <a href=\"http:\/\/historisches-kirchhellen.de\/?page_id=573\">Brandenheide<\/a> und <a href=\"http:\/\/historisches-kirchhellen.de\/?page_id=419\">Hegestra\u00dfe<\/a>. Benannt ist die Stra\u00dfe nach der alten Flurbezeichnung.<\/p>\n","protected":false},"excerpt":{"rendered":"<p>Die Giesenheide ist eine in Planung befindliche Stra\u00dfe durch das zuk\u00fcnftige Gewerbegebiet Giesenheide zwischen Brandenheide und Hegestra\u00dfe. Benannt ist die Stra\u00dfe nach der alten Flurbezeichnung.<\/p>\n","protected":false},"author":1,"featured_media":0,"parent":123,"menu_order":163,"comment_status":"closed","ping_status":"closed","template":"","meta":{"_acf_changed":false,"footnotes":""},"class_list":["post-688","page","type-page","status-publish","hentry"],"acf":[],"jetpack_sharing_enabled":true,"_links":{"self":[{"href":"https:\/\/historisches-kirchhellen.de\/index.php?rest_route=\/wp\/v2\/pages\/688","targetHints":{"allow":["GET"]}}],"collection":[{"href":"https:\/\/historisches-kirchhellen.de\/index.php?rest_route=\/wp\/v2\/pages"}],"about":[{"href":"https:\/\/historisches-kirchhellen.de\/index.php?rest_route=\/wp\/v2\/types\/page"}],"author":[{"embeddable":true,"href":"https:\/\/historisches-kirchhellen.de\/index.php?rest_route=\/wp\/v2\/users\/1"}],"replies":[{"embeddable":true,"href":"https:\/\/historisches-kirchhellen.de\/index.php?rest_route=%2Fwp%2Fv2%2Fcomments&post=688"}],"version-history":[{"count":0,"href":"https:\/\/historisches-kirchhellen.de\/index.php?rest_route=\/wp\/v2\/pages\/688\/revisions"}],"up":[{"embeddable":true,"href":"https:\/\/historisches-kirchhellen.de\/index.php?rest_route=\/wp\/v2\/pages\/123"}],"wp:attachment":[{"href":"https:\/\/historisches-kirchhellen.de\/index.php?rest_route=%2Fwp%2Fv2%2Fmedia&parent=688"}],"curies":[{"name":"wp","href":"https:\/\/api.w.org\/{rel}","templated":true}]}}