{"id":719,"date":"2019-05-18T12:18:19","date_gmt":"2019-05-18T12:18:19","guid":{"rendered":"http:\/\/historisches-kirchhellen.de\/?page_id=719"},"modified":"2019-05-18T12:18:19","modified_gmt":"2019-05-18T12:18:19","slug":"hans-soeller-platz","status":"publish","type":"page","link":"https:\/\/historisches-kirchhellen.de\/?page_id=719","title":{"rendered":"Hans-S\u00f6ller-Platz"},"content":{"rendered":"\n<p>Im Jahre 2011 erhielt der Festplatz in Grafenwald an der Ecke <a href=\"http:\/\/historisches-kirchhellen.de\/?page_id=274\">Prozessionsweg<\/a> \/ <a href=\"http:\/\/historisches-kirchhellen.de\/?page_id=181\">Zur Grafenm\u00fchle<\/a> den Namen Hans-S\u00f6ller-Platz. Vorher befand sich der Hans-S\u00f6ller-Platz seit 1987 an der Ecke <a href=\"http:\/\/historisches-kirchhellen.de\/?page_id=423\">Heimersfeld<\/a> \/ <a href=\"http:\/\/historisches-kirchhellen.de\/?page_id=230\">Schneiderstra\u00dfe<\/a>. Dieser Platz ist heute der Franz-May-Platz.<\/p>\n\n\n\n<p>Hans S\u00f6ller (1899-1983) war Mitbegr\u00fcnder des Grafenw\u00e4lder Sch\u00fctzenvereins und war auch w\u00e4hrend des Zweiten Weltkrieges als Metzger t\u00e4tig um den Kirchhellener B\u00fcrgern in ihrer Not zu helfen. In den 1950er und 1960er Jahren betrieb er in Grafenwald eine Gastwirtschaft.<\/p>\n\n\n\n<p>N\u00e4heres zu Hans S\u00f6ller ist auch auf <a href=\"http:\/\/www.grafenwald.de\/index2.htm?\/hans-soeller-platz.htm\">grafenwald.de<\/a> zu finden.<\/p>\n","protected":false},"excerpt":{"rendered":"<p>Im Jahre 2011 erhielt der Festplatz in Grafenwald an der Ecke Prozessionsweg \/ Zur Grafenm\u00fchle den Namen Hans-S\u00f6ller-Platz. Vorher befand sich der Hans-S\u00f6ller-Platz seit 1987 &hellip; <\/p>\n","protected":false},"author":1,"featured_media":0,"parent":123,"menu_order":212,"comment_status":"closed","ping_status":"closed","template":"","meta":{"_acf_changed":false,"footnotes":""},"class_list":["post-719","page","type-page","status-publish","hentry"],"acf":[],"jetpack_sharing_enabled":true,"_links":{"self":[{"href":"https:\/\/historisches-kirchhellen.de\/index.php?rest_route=\/wp\/v2\/pages\/719","targetHints":{"allow":["GET"]}}],"collection":[{"href":"https:\/\/historisches-kirchhellen.de\/index.php?rest_route=\/wp\/v2\/pages"}],"about":[{"href":"https:\/\/historisches-kirchhellen.de\/index.php?rest_route=\/wp\/v2\/types\/page"}],"author":[{"embeddable":true,"href":"https:\/\/historisches-kirchhellen.de\/index.php?rest_route=\/wp\/v2\/users\/1"}],"replies":[{"embeddable":true,"href":"https:\/\/historisches-kirchhellen.de\/index.php?rest_route=%2Fwp%2Fv2%2Fcomments&post=719"}],"version-history":[{"count":0,"href":"https:\/\/historisches-kirchhellen.de\/index.php?rest_route=\/wp\/v2\/pages\/719\/revisions"}],"up":[{"embeddable":true,"href":"https:\/\/historisches-kirchhellen.de\/index.php?rest_route=\/wp\/v2\/pages\/123"}],"wp:attachment":[{"href":"https:\/\/historisches-kirchhellen.de\/index.php?rest_route=%2Fwp%2Fv2%2Fmedia&parent=719"}],"curies":[{"name":"wp","href":"https:\/\/api.w.org\/{rel}","templated":true}]}}